{"id":9203,"date":"2024-09-21T12:15:07","date_gmt":"2024-09-21T10:15:07","guid":{"rendered":"https:\/\/kastela.hr\/en\/?page_id=9203"},"modified":"2024-12-02T16:10:44","modified_gmt":"2024-12-02T15:10:44","slug":"sluzbeni-glasnici","status":"publish","type":"page","link":"https:\/\/kastela.hr\/en\/sluzbeni-glasnici\/","title":{"rendered":"Official Courier"},"content":{"rendered":"\n<p>Slu\u017ebeni glasnici Grada Ka\u0161tela poredani su kronolo\u0161ki po godinama i broju objave.<\/p>\n","protected":false},"excerpt":{"rendered":"<p>Slu\u017ebeni glasnici Grada Ka\u0161tela poredani su kronolo\u0161ki po godinama i broju objave.<\/p>\n","protected":false},"author":1,"featured_media":0,"parent":0,"menu_order":0,"comment_status":"closed","ping_status":"closed","template":"page-datoteke.php","meta":{"_acf_changed":false,"footnotes":""},"class_list":["post-9203","page","type-page","status-publish","hentry"],"acf":[],"_links":{"self":[{"href":"https:\/\/kastela.hr\/en\/wp-json\/wp\/v2\/pages\/9203","targetHints":{"allow":["GET"]}}],"collection":[{"href":"https:\/\/kastela.hr\/en\/wp-json\/wp\/v2\/pages"}],"about":[{"href":"https:\/\/kastela.hr\/en\/wp-json\/wp\/v2\/types\/page"}],"author":[{"embeddable":true,"href":"https:\/\/kastela.hr\/en\/wp-json\/wp\/v2\/users\/1"}],"replies":[{"embeddable":true,"href":"https:\/\/kastela.hr\/en\/wp-json\/wp\/v2\/comments?post=9203"}],"version-history":[{"count":35,"href":"https:\/\/kastela.hr\/en\/wp-json\/wp\/v2\/pages\/9203\/revisions"}],"predecessor-version":[{"id":15388,"href":"https:\/\/kastela.hr\/en\/wp-json\/wp\/v2\/pages\/9203\/revisions\/15388"}],"wp:attachment":[{"href":"https:\/\/kastela.hr\/en\/wp-json\/wp\/v2\/media?parent=9203"}],"curies":[{"name":"wp","href":"https:\/\/api.w.org\/{rel}","templated":true}]}}

<p>Službeni glasnici Grada Kaštela poredani su kronološki po godinama i broju objave.</p>
