{"id":8971,"date":"2024-09-16T10:40:46","date_gmt":"2024-09-16T08:40:46","guid":{"rendered":"https:\/\/kastela.hr\/en\/?page_id=8971"},"modified":"2024-11-25T08:24:04","modified_gmt":"2024-11-25T07:24:04","slug":"radun","status":"publish","type":"page","link":"https:\/\/kastela.hr\/en\/mjesni-odbori\/radun\/","title":{"rendered":"Radun"},"content":{"rendered":"\n<p>MJESNI ODBOR RADUN, 21 216 Ka\u0161tel Stari, Put Mala\u010dke 8<\/p>\n\n\n\n<p>Predsjednik Vije\u0107a: MARIO \u0160EGO<\/p>\n\n\n\n<p>e &#8211; mail:&nbsp;<a href=\"mailto:mo-radun@grad.kastela.hr\" target=\"_blank\" rel=\"noreferrer noopener\">mo-radun@grad.kastela.hr<\/a><\/p>\n\n\n\n<p>RADNO VRIJEME \u2013 svake srijede od 19 do 20 sati u prostorijama Mjesnog odbora<\/p>\n\n\n\n<p><strong>VIJE\u0106E MJESNOG ODBORA RADUN:<\/strong><\/p>\n\n\n\n<ol class=\"wp-block-list\">\n<li>MARIO \u0160EGO &#8211; predsjednik<\/li>\n\n\n\n<li>TOMISLAV LOVRI\u0106<\/li>\n\n\n\n<li>ANTE PETROVI\u0106<\/li>\n\n\n\n<li>MARIO \u0160KOPLJANAC<\/li>\n\n\n\n<li>DARIO BRALI\u0106<\/li>\n\n\n\n<li>IVAN PENGA<\/li>\n\n\n\n<li>FILIP MILI\u010cEVI\u0106<\/li>\n<\/ol>\n\n\n\n<h2 class=\"wp-block-heading\">Dokumenti<\/h2>\n\n\n<div class=\"prilozene_datoteke\"><ul class='no-ul'><li><a href=\"https:\/\/kastela.hr\/en\/wp-content\/uploads\/datoteke\/dokumenti\/mjesna-samouprava\/radun\/pravila-mjesnog-odbora-radun.pdf\" target=\"_blank\"><img decoding=\"async\" src=\"https:\/\/kastela.hr\/en\/wp-content\/themes\/kastela\/img\/file-icons\/document-pdf.png\" alt=\"pdf icon\" style=\"width:16px; height:16px; margin-right: 5px;\">Pravila Mjesnog odbora Radun.pdf<\/a><\/li><li><a href=\"https:\/\/kastela.hr\/en\/wp-content\/uploads\/datoteke\/dokumenti\/mjesna-samouprava\/radun\/poslovnik-o-radu-vijeca-mjesnog-odbora-radun.pdf\" target=\"_blank\"><img decoding=\"async\" src=\"https:\/\/kastela.hr\/en\/wp-content\/themes\/kastela\/img\/file-icons\/document-pdf.png\" alt=\"pdf icon\" style=\"width:16px; height:16px; margin-right: 5px;\">Poslovnik o radu Vijec\u0301a Mjesnog odbora Radun.pdf<\/a><\/li><\/ul><\/div>","protected":false},"excerpt":{"rendered":"<p>MJESNI ODBOR RADUN, 21 216 Ka\u0161tel Stari, Put Mala\u010dke 8 Predsjednik Vije\u0107a: MARIO \u0160EGO e &#8211; mail:&nbsp;mo-radun@grad.kastela.hr RADNO VRIJEME \u2013 [&hellip;]<\/p>\n","protected":false},"author":1,"featured_media":0,"parent":8949,"menu_order":0,"comment_status":"closed","ping_status":"closed","template":"","meta":{"_acf_changed":false,"footnotes":""},"class_list":["post-8971","page","type-page","status-publish","hentry"],"acf":[],"_links":{"self":[{"href":"https:\/\/kastela.hr\/en\/wp-json\/wp\/v2\/pages\/8971","targetHints":{"allow":["GET"]}}],"collection":[{"href":"https:\/\/kastela.hr\/en\/wp-json\/wp\/v2\/pages"}],"about":[{"href":"https:\/\/kastela.hr\/en\/wp-json\/wp\/v2\/types\/page"}],"author":[{"embeddable":true,"href":"https:\/\/kastela.hr\/en\/wp-json\/wp\/v2\/users\/1"}],"replies":[{"embeddable":true,"href":"https:\/\/kastela.hr\/en\/wp-json\/wp\/v2\/comments?post=8971"}],"version-history":[{"count":3,"href":"https:\/\/kastela.hr\/en\/wp-json\/wp\/v2\/pages\/8971\/revisions"}],"predecessor-version":[{"id":12858,"href":"https:\/\/kastela.hr\/en\/wp-json\/wp\/v2\/pages\/8971\/revisions\/12858"}],"up":[{"embeddable":true,"href":"https:\/\/kastela.hr\/en\/wp-json\/wp\/v2\/pages\/8949"}],"wp:attachment":[{"href":"https:\/\/kastela.hr\/en\/wp-json\/wp\/v2\/media?parent=8971"}],"curies":[{"name":"wp","href":"https:\/\/api.w.org\/{rel}","templated":true}]}}

<p>MJESNI ODBOR RADUN, 21 216 Kaštel Stari, Put Malačke 8</p>



<p>Predsjednik Vijeća: MARIO ŠEGO</p>



<p>e &#8211; mail:&nbsp;<a href="mailto:mo-radun@grad.kastela.hr" target="_blank" rel="noreferrer noopener">mo-radun@grad.kastela.hr</a></p>



<p>RADNO VRIJEME – svake srijede od 19 do 20 sati u prostorijama Mjesnog odbora</p>



<p><strong>VIJEĆE MJESNOG ODBORA RADUN:</strong></p>



<ol class="wp-block-list">
<li>MARIO ŠEGO &#8211; predsjednik</li>



<li>TOMISLAV LOVRIĆ</li>



<li>ANTE PETROVIĆ</li>



<li>MARIO ŠKOPLJANAC</li>



<li>DARIO BRALIĆ</li>



<li>IVAN PENGA</li>



<li>FILIP MILIČEVIĆ</li>
</ol>



<h2 class="wp-block-heading">Dokumenti</h2>


<div class="prilozene_datoteke"><ul class='no-ul'><li><a href="https://kastela.hr/en/wp-content/uploads/datoteke/dokumenti/mjesna-samouprava/radun/pravila-mjesnog-odbora-radun.pdf" target="_blank"><img decoding="async" src="https://kastela.hr/en/wp-content/themes/kastela/img/file-icons/document-pdf.png" alt="pdf icon" style="width:16px; height:16px; margin-right: 5px;">Pravila Mjesnog odbora Radun.pdf</a></li><li><a href="https://kastela.hr/en/wp-content/uploads/datoteke/dokumenti/mjesna-samouprava/radun/poslovnik-o-radu-vijeca-mjesnog-odbora-radun.pdf" target="_blank"><img decoding="async" src="https://kastela.hr/en/wp-content/themes/kastela/img/file-icons/document-pdf.png" alt="pdf icon" style="width:16px; height:16px; margin-right: 5px;">Poslovnik o radu Vijeća Mjesnog odbora Radun.pdf</a></li></ul></div>

<p>MJESNI ODBOR RADUN, 21 216 Kaštel Stari, Put Malačke 8 Predsjednik Vijeća: MARIO ŠEGO e &#8211; mail:&nbsp;mo-radun@grad.kastela.hr RADNO VRIJEME – [&hellip;]</p>
