{"id":8967,"date":"2024-09-16T10:40:07","date_gmt":"2024-09-16T08:40:07","guid":{"rendered":"https:\/\/kastela.hr\/en\/?page_id=8967"},"modified":"2024-11-25T08:21:06","modified_gmt":"2024-11-25T07:21:06","slug":"kastel-stafilic","status":"publish","type":"page","link":"https:\/\/kastela.hr\/en\/mjesni-odbori\/kastel-stafilic\/","title":{"rendered":"Ka\u0161tel \u0160tafili\u0107"},"content":{"rendered":"\n<p>MJESNI ODBOR KA\u0160TEL \u0160TAFILI\u0106, 21 217 Ka\u0161tel \u0160tafili\u0107, Obala kralja Tomislava 11<\/p>\n\n\n\n<p>Predsjednik Vije\u0107a: LUKA PERA<\/p>\n\n\n\n<p>e &#8211; mail:&nbsp;&nbsp;<a href=\"mailto:mo-kastel-stafilic@grad.kastela.hr\" target=\"_blank\" rel=\"noreferrer noopener\">mo-kastel-stafilic@grad.kastela.hr<\/a><\/p>\n\n\n\n<p>RADNO VRIJEME \u2013 prema prethodnom dogovoru<\/p>\n\n\n\n<p><strong>VIJE\u0106E MJESNOG ODBORA KA\u0160TEL \u0160TAFILI\u0106:<\/strong><\/p>\n\n\n\n<ol class=\"wp-block-list\">\n<li>LUKA PERA &#8211; predsjednik<\/li>\n\n\n\n<li>IVO \u0160IMERA<\/li>\n\n\n\n<li>IVANA BEKAVAC DADI\u0106<\/li>\n\n\n\n<li>JEAN BILU\u0160-GAGI\u0106<\/li>\n\n\n\n<li>TON\u0106I MORNAR<\/li>\n\n\n\n<li>MARTINA KUZMANI\u0106<\/li>\n\n\n\n<li>MARKO MELVAN<\/li>\n<\/ol>\n\n\n\n<h2 class=\"wp-block-heading\">Dokumenti<\/h2>\n\n\n<div class=\"prilozene_datoteke\"><ul class='no-ul'><li><a href=\"https:\/\/kastela.hr\/en\/wp-content\/uploads\/datoteke\/dokumenti\/mjesna-samouprava\/kastel-stafilic\/pravila-mjesnog-odbora-kastel-stafilic.pdf\" target=\"_blank\"><img decoding=\"async\" src=\"https:\/\/kastela.hr\/en\/wp-content\/themes\/kastela\/img\/file-icons\/document-pdf.png\" alt=\"pdf icon\" style=\"width:16px; height:16px; margin-right: 5px;\">Pravila Mjesnog odbora Kas\u030ctel S\u030ctafilic\u0301.pdf<\/a><\/li><li><a href=\"https:\/\/kastela.hr\/en\/wp-content\/uploads\/datoteke\/dokumenti\/mjesna-samouprava\/kastel-stafilic\/poslovnik-o-radu-vijeca-mjesnog-odbora-kastel-stafilic.pdf\" target=\"_blank\"><img decoding=\"async\" src=\"https:\/\/kastela.hr\/en\/wp-content\/themes\/kastela\/img\/file-icons\/document-pdf.png\" alt=\"pdf icon\" style=\"width:16px; height:16px; margin-right: 5px;\">Poslovnik o radu Vijec\u0301a Mjesnog odbora Kas\u030ctel S\u030ctafilic\u0301.pdf<\/a><\/li><\/ul><\/div>","protected":false},"excerpt":{"rendered":"<p>MJESNI ODBOR KA\u0160TEL \u0160TAFILI\u0106, 21 217 Ka\u0161tel \u0160tafili\u0107, Obala kralja Tomislava 11 Predsjednik Vije\u0107a: LUKA PERA e &#8211; mail:&nbsp;&nbsp;mo-kastel-stafilic@grad.kastela.hr RADNO [&hellip;]<\/p>\n","protected":false},"author":1,"featured_media":0,"parent":8949,"menu_order":0,"comment_status":"closed","ping_status":"closed","template":"","meta":{"_acf_changed":false,"footnotes":""},"class_list":["post-8967","page","type-page","status-publish","hentry"],"acf":[],"_links":{"self":[{"href":"https:\/\/kastela.hr\/en\/wp-json\/wp\/v2\/pages\/8967","targetHints":{"allow":["GET"]}}],"collection":[{"href":"https:\/\/kastela.hr\/en\/wp-json\/wp\/v2\/pages"}],"about":[{"href":"https:\/\/kastela.hr\/en\/wp-json\/wp\/v2\/types\/page"}],"author":[{"embeddable":true,"href":"https:\/\/kastela.hr\/en\/wp-json\/wp\/v2\/users\/1"}],"replies":[{"embeddable":true,"href":"https:\/\/kastela.hr\/en\/wp-json\/wp\/v2\/comments?post=8967"}],"version-history":[{"count":3,"href":"https:\/\/kastela.hr\/en\/wp-json\/wp\/v2\/pages\/8967\/revisions"}],"predecessor-version":[{"id":12852,"href":"https:\/\/kastela.hr\/en\/wp-json\/wp\/v2\/pages\/8967\/revisions\/12852"}],"up":[{"embeddable":true,"href":"https:\/\/kastela.hr\/en\/wp-json\/wp\/v2\/pages\/8949"}],"wp:attachment":[{"href":"https:\/\/kastela.hr\/en\/wp-json\/wp\/v2\/media?parent=8967"}],"curies":[{"name":"wp","href":"https:\/\/api.w.org\/{rel}","templated":true}]}}

Kaštel Štafilić

<p>MJESNI ODBOR KAŠTEL ŠTAFILIĆ, 21 217 Kaštel Štafilić, Obala kralja Tomislava 11</p>



<p>Predsjednik Vijeća: LUKA PERA</p>



<p>e &#8211; mail:&nbsp;&nbsp;<a href="mailto:mo-kastel-stafilic@grad.kastela.hr" target="_blank" rel="noreferrer noopener">mo-kastel-stafilic@grad.kastela.hr</a></p>



<p>RADNO VRIJEME – prema prethodnom dogovoru</p>



<p><strong>VIJEĆE MJESNOG ODBORA KAŠTEL ŠTAFILIĆ:</strong></p>



<ol class="wp-block-list">
<li>LUKA PERA &#8211; predsjednik</li>



<li>IVO ŠIMERA</li>



<li>IVANA BEKAVAC DADIĆ</li>



<li>JEAN BILUŠ-GAGIĆ</li>



<li>TONĆI MORNAR</li>



<li>MARTINA KUZMANIĆ</li>



<li>MARKO MELVAN</li>
</ol>



<h2 class="wp-block-heading">Dokumenti</h2>


<div class="prilozene_datoteke"><ul class='no-ul'><li><a href="https://kastela.hr/en/wp-content/uploads/datoteke/dokumenti/mjesna-samouprava/kastel-stafilic/pravila-mjesnog-odbora-kastel-stafilic.pdf" target="_blank"><img decoding="async" src="https://kastela.hr/en/wp-content/themes/kastela/img/file-icons/document-pdf.png" alt="pdf icon" style="width:16px; height:16px; margin-right: 5px;">Pravila Mjesnog odbora Kaštel Štafilić.pdf</a></li><li><a href="https://kastela.hr/en/wp-content/uploads/datoteke/dokumenti/mjesna-samouprava/kastel-stafilic/poslovnik-o-radu-vijeca-mjesnog-odbora-kastel-stafilic.pdf" target="_blank"><img decoding="async" src="https://kastela.hr/en/wp-content/themes/kastela/img/file-icons/document-pdf.png" alt="pdf icon" style="width:16px; height:16px; margin-right: 5px;">Poslovnik o radu Vijeća Mjesnog odbora Kaštel Štafilić.pdf</a></li></ul></div>

<p>MJESNI ODBOR KAŠTEL ŠTAFILIĆ, 21 217 Kaštel Štafilić, Obala kralja Tomislava 11 Predsjednik Vijeća: LUKA PERA e &#8211; mail:&nbsp;&nbsp;mo-kastel-stafilic@grad.kastela.hr RADNO [&hellip;]</p>
