{"id":8955,"date":"2024-09-16T10:37:51","date_gmt":"2024-09-16T08:37:51","guid":{"rendered":"https:\/\/kastela.hr\/en\/?page_id=8955"},"modified":"2024-11-20T12:29:24","modified_gmt":"2024-11-20T11:29:24","slug":"kastel-gomilica","status":"publish","type":"page","link":"https:\/\/kastela.hr\/en\/mjesni-odbori\/kastel-gomilica\/","title":{"rendered":"Ka\u0161tel Gomilica"},"content":{"rendered":"\n<p>MJESNI ODBOR KA\u0160TEL GOMILICA, 21 213 Ka\u0161tel Gomilica, Cesta dr. F. Tu\u0111mana 434 A<\/p>\n\n\n\n<p>Predsjednik Vije\u0107a: ANTE KAPETANOVI\u0106<\/p>\n\n\n\n<p>&nbsp;e &#8211; mail adresa:&nbsp;<a href=\"mailto:mo-kastel-gomilica@grad.kastela.hr\" target=\"_blank\" rel=\"noreferrer noopener\">mo-kastel-gomilica@grad.kastela.hr<\/a><\/p>\n\n\n\n<p><strong>VIJE\u0106E MJESNOG ODBORA KA\u0160TEL GOMILICA:<\/strong><\/p>\n\n\n\n<ol class=\"wp-block-list\">\n<li>ANTE KAPETANOVI\u0106 &#8211; predsjednik<\/li>\n\n\n\n<li>ANA MILIN<\/li>\n\n\n\n<li>FRANO SKOPLJAK<\/li>\n\n\n\n<li>MARINKO GRANI\u0106<\/li>\n\n\n\n<li>IVA BARUN<\/li>\n\n\n\n<li>ANTE JURE\u0160KIN<\/li>\n\n\n\n<li>MARIJO BUDI\u0106<\/li>\n<\/ol>\n\n\n\n<h2 class=\"wp-block-heading\">Dokumenti<\/h2>\n\n\n<div class=\"prilozene_datoteke\"><ul class='no-ul'><li><a href=\"https:\/\/kastela.hr\/en\/wp-content\/uploads\/datoteke\/dokumenti\/mjesna-samouprava\/kastel-gomilica\/pravila-mjesnog-odbora-kastel-gomilica.pdf\" target=\"_blank\"><img decoding=\"async\" src=\"https:\/\/kastela.hr\/en\/wp-content\/themes\/kastela\/img\/file-icons\/document-pdf.png\" alt=\"pdf icon\" style=\"width:16px; height:16px; margin-right: 5px;\">Pravila Mjesnog odbora Kas\u030ctel Gomilica.pdf<\/a><\/li><li><a href=\"https:\/\/kastela.hr\/en\/wp-content\/uploads\/datoteke\/dokumenti\/mjesna-samouprava\/kastel-gomilica\/poslovnik-o-radu-vijeca-mjesnog-odbora-kastel-gomilica-1.pdf\" target=\"_blank\"><img decoding=\"async\" src=\"https:\/\/kastela.hr\/en\/wp-content\/themes\/kastela\/img\/file-icons\/document-pdf.png\" alt=\"pdf icon\" style=\"width:16px; height:16px; margin-right: 5px;\">Poslovnik o radu Vijec\u0301a Mjesnog odbora Kas\u030ctel Gomilica-1.pdf<\/a><\/li><\/ul><\/div>\n\n\n<p><\/p>\n","protected":false},"excerpt":{"rendered":"<p>MJESNI ODBOR KA\u0160TEL GOMILICA, 21 213 Ka\u0161tel Gomilica, Cesta dr. F. Tu\u0111mana 434 A Predsjednik Vije\u0107a: ANTE KAPETANOVI\u0106 &nbsp;e &#8211; [&hellip;]<\/p>\n","protected":false},"author":1,"featured_media":0,"parent":8949,"menu_order":0,"comment_status":"closed","ping_status":"closed","template":"","meta":{"_acf_changed":false,"footnotes":""},"class_list":["post-8955","page","type-page","status-publish","hentry"],"acf":[],"_links":{"self":[{"href":"https:\/\/kastela.hr\/en\/wp-json\/wp\/v2\/pages\/8955","targetHints":{"allow":["GET"]}}],"collection":[{"href":"https:\/\/kastela.hr\/en\/wp-json\/wp\/v2\/pages"}],"about":[{"href":"https:\/\/kastela.hr\/en\/wp-json\/wp\/v2\/types\/page"}],"author":[{"embeddable":true,"href":"https:\/\/kastela.hr\/en\/wp-json\/wp\/v2\/users\/1"}],"replies":[{"embeddable":true,"href":"https:\/\/kastela.hr\/en\/wp-json\/wp\/v2\/comments?post=8955"}],"version-history":[{"count":9,"href":"https:\/\/kastela.hr\/en\/wp-json\/wp\/v2\/pages\/8955\/revisions"}],"predecessor-version":[{"id":12335,"href":"https:\/\/kastela.hr\/en\/wp-json\/wp\/v2\/pages\/8955\/revisions\/12335"}],"up":[{"embeddable":true,"href":"https:\/\/kastela.hr\/en\/wp-json\/wp\/v2\/pages\/8949"}],"wp:attachment":[{"href":"https:\/\/kastela.hr\/en\/wp-json\/wp\/v2\/media?parent=8955"}],"curies":[{"name":"wp","href":"https:\/\/api.w.org\/{rel}","templated":true}]}}

Kaštel Gomilica

<p>MJESNI ODBOR KAŠTEL GOMILICA, 21 213 Kaštel Gomilica, Cesta dr. F. Tuđmana 434 A</p>



<p>Predsjednik Vijeća: ANTE KAPETANOVIĆ</p>



<p>&nbsp;e &#8211; mail adresa:&nbsp;<a href="mailto:mo-kastel-gomilica@grad.kastela.hr" target="_blank" rel="noreferrer noopener">mo-kastel-gomilica@grad.kastela.hr</a></p>



<p><strong>VIJEĆE MJESNOG ODBORA KAŠTEL GOMILICA:</strong></p>



<ol class="wp-block-list">
<li>ANTE KAPETANOVIĆ &#8211; predsjednik</li>



<li>ANA MILIN</li>



<li>FRANO SKOPLJAK</li>



<li>MARINKO GRANIĆ</li>



<li>IVA BARUN</li>



<li>ANTE JUREŠKIN</li>



<li>MARIJO BUDIĆ</li>
</ol>



<h2 class="wp-block-heading">Dokumenti</h2>


<div class="prilozene_datoteke"><ul class='no-ul'><li><a href="https://kastela.hr/en/wp-content/uploads/datoteke/dokumenti/mjesna-samouprava/kastel-gomilica/pravila-mjesnog-odbora-kastel-gomilica.pdf" target="_blank"><img decoding="async" src="https://kastela.hr/en/wp-content/themes/kastela/img/file-icons/document-pdf.png" alt="pdf icon" style="width:16px; height:16px; margin-right: 5px;">Pravila Mjesnog odbora Kaštel Gomilica.pdf</a></li><li><a href="https://kastela.hr/en/wp-content/uploads/datoteke/dokumenti/mjesna-samouprava/kastel-gomilica/poslovnik-o-radu-vijeca-mjesnog-odbora-kastel-gomilica-1.pdf" target="_blank"><img decoding="async" src="https://kastela.hr/en/wp-content/themes/kastela/img/file-icons/document-pdf.png" alt="pdf icon" style="width:16px; height:16px; margin-right: 5px;">Poslovnik o radu Vijeća Mjesnog odbora Kaštel Gomilica-1.pdf</a></li></ul></div>


<p></p>

<p>MJESNI ODBOR KAŠTEL GOMILICA, 21 213 Kaštel Gomilica, Cesta dr. F. Tuđmana 434 A Predsjednik Vijeća: ANTE KAPETANOVIĆ &nbsp;e &#8211; [&hellip;]</p>
