{"id":8953,"date":"2024-09-16T10:37:35","date_gmt":"2024-09-16T08:37:35","guid":{"rendered":"https:\/\/kastela.hr\/en\/?page_id=8953"},"modified":"2025-10-15T11:46:23","modified_gmt":"2025-10-15T09:46:23","slug":"kastel-sucurac","status":"publish","type":"page","link":"https:\/\/kastela.hr\/en\/mjesni-odbori\/kastel-sucurac\/","title":{"rendered":"Ka\u0161tel Su\u0107urac"},"content":{"rendered":"\n<p>MJESNI ODBOR KA\u0160TEL SU\u0106URAC, 21 212 Ka\u0161tel Su\u0107urac, Dr. Antona Alfirevi\u0107a 24<\/p>\n\n\n\n<p>Predsjednica Vije\u0107a: IVANA DELI\u0106<\/p>\n\n\n\n<p>e &#8211; mail adresa:&nbsp;&nbsp;<a href=\"mailto:mo-kastel-sucurac@grad.kastela.hr\" target=\"_blank\" rel=\"noreferrer noopener\">mo-kastel-sucurac@grad.kastela.hr<\/a><\/p>\n\n\n\n<p><strong>VIJE\u0106E MJESNOG ODBORA KA\u0160TEL SU\u0106URAC:<\/strong><\/p>\n\n\n\n<ol class=\"wp-block-list\">\n<li>IVANA DELI\u0106 \u2013 predsjednica<\/li>\n\n\n\n<li>DAMIR BULI\u0106<\/li>\n\n\n\n<li>BO\u0160KO \u0160KALIC<\/li>\n\n\n\n<li>FRANE BARA\u0106<\/li>\n\n\n\n<li>MILOJKA VICETIN<\/li>\n\n\n\n<li>MARIO BAN<\/li>\n\n\n\n<li>IVAN KOVA\u010c<\/li>\n\n\n\n<li>\u017dELJAN JURLIN<\/li>\n\n\n\n<li>TON\u0106I PAVELIN<\/li>\n<\/ol>\n\n\n\n<p><\/p>\n","protected":false},"excerpt":{"rendered":"<p>MJESNI ODBOR KA\u0160TEL SU\u0106URAC, 21 212 Ka\u0161tel Su\u0107urac, Dr. Antona Alfirevi\u0107a 24 Predsjednica Vije\u0107a: IVANA DELI\u0106 e &#8211; mail adresa:&nbsp;&nbsp;mo-kastel-sucurac@grad.kastela.hr [&hellip;]<\/p>\n","protected":false},"author":1,"featured_media":0,"parent":8949,"menu_order":0,"comment_status":"closed","ping_status":"closed","template":"","meta":{"_acf_changed":false,"footnotes":""},"class_list":["post-8953","page","type-page","status-publish","hentry"],"acf":[],"_links":{"self":[{"href":"https:\/\/kastela.hr\/en\/wp-json\/wp\/v2\/pages\/8953","targetHints":{"allow":["GET"]}}],"collection":[{"href":"https:\/\/kastela.hr\/en\/wp-json\/wp\/v2\/pages"}],"about":[{"href":"https:\/\/kastela.hr\/en\/wp-json\/wp\/v2\/types\/page"}],"author":[{"embeddable":true,"href":"https:\/\/kastela.hr\/en\/wp-json\/wp\/v2\/users\/1"}],"replies":[{"embeddable":true,"href":"https:\/\/kastela.hr\/en\/wp-json\/wp\/v2\/comments?post=8953"}],"version-history":[{"count":9,"href":"https:\/\/kastela.hr\/en\/wp-json\/wp\/v2\/pages\/8953\/revisions"}],"predecessor-version":[{"id":15466,"href":"https:\/\/kastela.hr\/en\/wp-json\/wp\/v2\/pages\/8953\/revisions\/15466"}],"up":[{"embeddable":true,"href":"https:\/\/kastela.hr\/en\/wp-json\/wp\/v2\/pages\/8949"}],"wp:attachment":[{"href":"https:\/\/kastela.hr\/en\/wp-json\/wp\/v2\/media?parent=8953"}],"curies":[{"name":"wp","href":"https:\/\/api.w.org\/{rel}","templated":true}]}}

Kaštel Sućurac

<p>MJESNI ODBOR KAŠTEL SUĆURAC, 21 212 Kaštel Sućurac, Dr. Antona Alfirevića 24</p>



<p>Predsjednica Vijeća: IVANA DELIĆ</p>



<p>e &#8211; mail adresa:&nbsp;&nbsp;<a href="mailto:mo-kastel-sucurac@grad.kastela.hr" target="_blank" rel="noreferrer noopener">mo-kastel-sucurac@grad.kastela.hr</a></p>



<p><strong>VIJEĆE MJESNOG ODBORA KAŠTEL SUĆURAC:</strong></p>



<ol class="wp-block-list">
<li>IVANA DELIĆ – predsjednica</li>



<li>DAMIR BULIĆ</li>



<li>BOŠKO ŠKALIC</li>



<li>FRANE BARAĆ</li>



<li>MILOJKA VICETIN</li>



<li>MARIO BAN</li>



<li>IVAN KOVAČ</li>



<li>ŽELJAN JURLIN</li>



<li>TONĆI PAVELIN</li>
</ol>



<p></p>

<p>MJESNI ODBOR KAŠTEL SUĆURAC, 21 212 Kaštel Sućurac, Dr. Antona Alfirevića 24 Predsjednica Vijeća: IVANA DELIĆ e &#8211; mail adresa:&nbsp;&nbsp;mo-kastel-sucurac@grad.kastela.hr [&hellip;]</p>
