{"id":8951,"date":"2024-09-16T10:37:11","date_gmt":"2024-09-16T08:37:11","guid":{"rendered":"https:\/\/kastela.hr\/en\/?page_id=8951"},"modified":"2025-06-30T10:40:58","modified_gmt":"2025-06-30T08:40:58","slug":"mjesna-samouprava","status":"publish","type":"page","link":"https:\/\/kastela.hr\/en\/mjesni-odbori\/mjesna-samouprava\/","title":{"rendered":"Mjesni odbori"},"content":{"rendered":"\n<h2 class=\"wp-block-heading\">Mjesni odbori<\/h2>\n\n\n\n<p>Mjesni odbor je oblik neposrednog sudjelovanja gra\u0111ana u odlu\u010divanju o pitanjima od njihova svakodnevnog i neposrednog interesa. Na podru\u010dju Grada Ka\u0161tela osnovano je 9 mjesnih odbora. Tijela mjesnog odbora su vije\u0107e mjesnog odbora i predsjednik vije\u0107a mjesnog odbora.<\/p>\n\n\n\n<p>Na podru\u010dju Grada Ka\u0161tela osnovano je 9 mjesnih odbora:&nbsp;<\/p>\n\n\n\n<p><strong>1. <a href=\"https:\/\/kastela.hr\/en\/mjesni-odbori\/kastel-sucurac\/\" data-type=\"page\" data-id=\"8953\">MJESNI ODBOR KA\u0160TEL SU\u0106URAC<\/a>,&nbsp;<br><\/strong>21 212 Ka\u0161tel Su\u0107urac, Dr. Antona Alfirevi\u0107a 24&nbsp;<br>E-mail:&nbsp;<a href=\"mailto:mo-kastel-sucurac@grad.kastela.hr\" target=\"_blank\" rel=\"noreferrer noopener\">mo-kastel-sucurac@grad.kastela.hr<\/a><br>Predsjednik:<\/p>\n\n\n\n<p><strong>2. <a href=\"https:\/\/kastela.hr\/en\/mjesni-odbori\/kastel-gomilica\/\" data-type=\"page\" data-id=\"8955\">MJESNI ODBOR KA\u0160TEL GOMILICA<\/a>,&nbsp;<br><\/strong>21 213 Ka\u0161tel Gomilica, Cesta dr. F. Tu\u0111mana 434 A<br>E-mail:&nbsp;<a href=\"mailto:mo-kastel-gomilica@grad.kastela.hr\" target=\"_blank\" rel=\"noreferrer noopener\">mo-kastel-gomilica@grad.kastela.hr<\/a><br>Predsjednik: Ante Kapetanovi\u0107<\/p>\n\n\n\n<p><strong>3. <a href=\"https:\/\/kastela.hr\/en\/mjesni-odbori\/kastel-kambelovac\/\" data-type=\"page\" data-id=\"8957\">MJESNI ODBOR KA\u0160TEL KAMBELOVAC<\/a>,&nbsp;<br><\/strong>21214 Ka\u0161tel Kambelovac, Brce kambelovsko 23<br>E-mail: &nbsp;<a href=\"mailto:mo-kastel-kambelovac@grad.kastela.hr\" target=\"_blank\" rel=\"noreferrer noopener\">mo-kastel-kambelovac@grad.kastela.hr<\/a><br>Telefon: 021 220 739<br>Radno vrijeme: utorkom izme\u0111u 9 i 10 sati te \u010detvrtkom prema dogovoru (osim praznicima i blagdanima)<br>Predsjednik: Ante Garbati<\/p>\n\n\n\n<p><strong>4. <a href=\"https:\/\/kastela.hr\/en\/mjesni-odbori\/kastel-luksic\/\" data-type=\"page\" data-id=\"8961\">MJESNI ODBOR KA\u0160TEL LUK\u0160I\u0106<\/a>,&nbsp;<br><\/strong>21215 Ka\u0161tel Luk\u0161i\u0107, Brce 4<br>E-mail:<strong>&nbsp;<\/strong><a href=\"mailto:mo-kastel-luksic@grad.kastela.hr\" target=\"_blank\" rel=\"noreferrer noopener\">mo-kastel-luksic@grad.kastela.hr<\/a><br>Predsjednik: Dragan Klari\u0107<\/p>\n\n\n\n<p><strong>5. <a href=\"https:\/\/kastela.hr\/en\/mjesni-odbori\/kastel-stari\/\" data-type=\"page\" data-id=\"8963\">MJESNI ODBOR KA\u0160TEL STARI<\/a>,&nbsp;<br><\/strong>21216 Ka\u0161tel Stari, Ulica kneza Mislava 4<br>E-mail: &nbsp;<a href=\"mailto:mo-kastel-stari@grad.kastela.hr\" target=\"_blank\" rel=\"noreferrer noopener\">mo-kastel-stari@grad.kastela.hr<\/a><br>Predsjednica: Tina Runji\u0107 \u0106uk<\/p>\n\n\n\n<p><strong>6. <a href=\"https:\/\/kastela.hr\/en\/mjesni-odbori\/radun\/\" data-type=\"page\" data-id=\"8971\">MJESNI ODBOR RADUN<\/a>,&nbsp;<br><\/strong>21216 Ka\u0161tel Stari<strong>,&nbsp;<\/strong>Put Mala\u010dke 8<br>E-mail:&nbsp;<a href=\"mailto:mo-radun@grad.kastela.hr\" target=\"_blank\" rel=\"noreferrer noopener\">mo-radun@grad.kastela.hr<\/a><br>Radno vrijeme:svake srijede od 19 do 20 sati u prostorijama Mjesnog odbora<br>Predsjednik: Mario \u0160ego<\/p>\n\n\n\n<p><strong>7. <a href=\"https:\/\/kastela.hr\/en\/mjesni-odbori\/kastel-novi\/\" data-type=\"page\" data-id=\"8965\">MJESNI ODBOR KA\u0160TEL NOVI<\/a>,&nbsp;<br><\/strong>21217 Ka\u0161tel Novi<strong>,&nbsp;<\/strong>Ante Beretina 4<br>E-mail:&nbsp;<a href=\"mailto:mo-kastel-novi@grad.kastela.hr\" target=\"_blank\" rel=\"noreferrer noopener\">mo-kastel-novi@grad.kastela.hr<\/a><br>Predsjednica: Anita Paj\u010di\u0107<\/p>\n\n\n\n<p><strong>8. <a href=\"https:\/\/kastela.hr\/en\/mjesni-odbori\/rudine\/\" data-type=\"page\" data-id=\"8969\">MJESNI ODBOR RUDINE<\/a>,\u00a0<br><\/strong>21217 Ka\u0161tel Novi, Put mira 14<br>E-mail:\u00a0<a href=\"mailto:mo-rudine@grad.kastela.hr\" target=\"_blank\" rel=\"noreferrer noopener\">mo-rudine@grad.kastela.hr<\/a><br>Radno vrijeme: prema prethodnom dogovoru<br>Predsjednik: Ivan Stojkovi\u0107<\/p>\n\n\n\n<p><strong>9. <a href=\"https:\/\/kastela.hr\/en\/mjesni-odbori\/kastel-stafilic\/\" data-type=\"page\" data-id=\"8967\">MJESNI ODBOR KA\u0160TEL \u0160TAFILI\u0106<\/a>,&nbsp;<br><\/strong>21217 Ka\u0161tel \u0160tafili\u0107, Obala kralja Tomislava 11<br>E-mail:&nbsp;<a href=\"mailto:mo-kastel-stafilic@grad.kastela.hr\" target=\"_blank\" rel=\"noreferrer noopener\">mo-kastel-stafilic@grad.kastela.hr<\/a><br>Radno vrijeme: prema prethodnom dogovoru<br>Predsjednik: Luka Pera<\/p>\n\n\n\n<p><\/p>\n","protected":false},"excerpt":{"rendered":"<p>Mjesni odbori Mjesni odbor je oblik neposrednog sudjelovanja gra\u0111ana u odlu\u010divanju o pitanjima od njihova svakodnevnog i neposrednog interesa. Na [&hellip;]<\/p>\n","protected":false},"author":1,"featured_media":0,"parent":8949,"menu_order":0,"comment_status":"closed","ping_status":"closed","template":"","meta":{"_acf_changed":false,"footnotes":""},"class_list":["post-8951","page","type-page","status-publish","hentry"],"acf":[],"_links":{"self":[{"href":"https:\/\/kastela.hr\/en\/wp-json\/wp\/v2\/pages\/8951","targetHints":{"allow":["GET"]}}],"collection":[{"href":"https:\/\/kastela.hr\/en\/wp-json\/wp\/v2\/pages"}],"about":[{"href":"https:\/\/kastela.hr\/en\/wp-json\/wp\/v2\/types\/page"}],"author":[{"embeddable":true,"href":"https:\/\/kastela.hr\/en\/wp-json\/wp\/v2\/users\/1"}],"replies":[{"embeddable":true,"href":"https:\/\/kastela.hr\/en\/wp-json\/wp\/v2\/comments?post=8951"}],"version-history":[{"count":17,"href":"https:\/\/kastela.hr\/en\/wp-json\/wp\/v2\/pages\/8951\/revisions"}],"predecessor-version":[{"id":15446,"href":"https:\/\/kastela.hr\/en\/wp-json\/wp\/v2\/pages\/8951\/revisions\/15446"}],"up":[{"embeddable":true,"href":"https:\/\/kastela.hr\/en\/wp-json\/wp\/v2\/pages\/8949"}],"wp:attachment":[{"href":"https:\/\/kastela.hr\/en\/wp-json\/wp\/v2\/media?parent=8951"}],"curies":[{"name":"wp","href":"https:\/\/api.w.org\/{rel}","templated":true}]}}

<h2 class="wp-block-heading">Mjesni odbori</h2>



<p>Mjesni odbor je oblik neposrednog sudjelovanja građana u odlučivanju o pitanjima od njihova svakodnevnog i neposrednog interesa. Na području Grada Kaštela osnovano je 9 mjesnih odbora. Tijela mjesnog odbora su vijeće mjesnog odbora i predsjednik vijeća mjesnog odbora.</p>



<p>Na području Grada Kaštela osnovano je 9 mjesnih odbora:&nbsp;</p>



<p><strong>1. <a href="https://kastela.hr/en/mjesni-odbori/kastel-sucurac/" data-type="page" data-id="8953">MJESNI ODBOR KAŠTEL SUĆURAC</a>,&nbsp;<br></strong>21 212 Kaštel Sućurac, Dr. Antona Alfirevića 24&nbsp;<br>E-mail:&nbsp;<a href="mailto:mo-kastel-sucurac@grad.kastela.hr" target="_blank" rel="noreferrer noopener">mo-kastel-sucurac@grad.kastela.hr</a><br>Predsjednik:</p>



<p><strong>2. <a href="https://kastela.hr/en/mjesni-odbori/kastel-gomilica/" data-type="page" data-id="8955">MJESNI ODBOR KAŠTEL GOMILICA</a>,&nbsp;<br></strong>21 213 Kaštel Gomilica, Cesta dr. F. Tuđmana 434 A<br>E-mail:&nbsp;<a href="mailto:mo-kastel-gomilica@grad.kastela.hr" target="_blank" rel="noreferrer noopener">mo-kastel-gomilica@grad.kastela.hr</a><br>Predsjednik: Ante Kapetanović</p>



<p><strong>3. <a href="https://kastela.hr/en/mjesni-odbori/kastel-kambelovac/" data-type="page" data-id="8957">MJESNI ODBOR KAŠTEL KAMBELOVAC</a>,&nbsp;<br></strong>21214 Kaštel Kambelovac, Brce kambelovsko 23<br>E-mail: &nbsp;<a href="mailto:mo-kastel-kambelovac@grad.kastela.hr" target="_blank" rel="noreferrer noopener">mo-kastel-kambelovac@grad.kastela.hr</a><br>Telefon: 021 220 739<br>Radno vrijeme: utorkom između 9 i 10 sati te četvrtkom prema dogovoru (osim praznicima i blagdanima)<br>Predsjednik: Ante Garbati</p>



<p><strong>4. <a href="https://kastela.hr/en/mjesni-odbori/kastel-luksic/" data-type="page" data-id="8961">MJESNI ODBOR KAŠTEL LUKŠIĆ</a>,&nbsp;<br></strong>21215 Kaštel Lukšić, Brce 4<br>E-mail:<strong>&nbsp;</strong><a href="mailto:mo-kastel-luksic@grad.kastela.hr" target="_blank" rel="noreferrer noopener">mo-kastel-luksic@grad.kastela.hr</a><br>Predsjednik: Dragan Klarić</p>



<p><strong>5. <a href="https://kastela.hr/en/mjesni-odbori/kastel-stari/" data-type="page" data-id="8963">MJESNI ODBOR KAŠTEL STARI</a>,&nbsp;<br></strong>21216 Kaštel Stari, Ulica kneza Mislava 4<br>E-mail: &nbsp;<a href="mailto:mo-kastel-stari@grad.kastela.hr" target="_blank" rel="noreferrer noopener">mo-kastel-stari@grad.kastela.hr</a><br>Predsjednica: Tina Runjić Ćuk</p>



<p><strong>6. <a href="https://kastela.hr/en/mjesni-odbori/radun/" data-type="page" data-id="8971">MJESNI ODBOR RADUN</a>,&nbsp;<br></strong>21216 Kaštel Stari<strong>,&nbsp;</strong>Put Malačke 8<br>E-mail:&nbsp;<a href="mailto:mo-radun@grad.kastela.hr" target="_blank" rel="noreferrer noopener">mo-radun@grad.kastela.hr</a><br>Radno vrijeme:svake srijede od 19 do 20 sati u prostorijama Mjesnog odbora<br>Predsjednik: Mario Šego</p>



<p><strong>7. <a href="https://kastela.hr/en/mjesni-odbori/kastel-novi/" data-type="page" data-id="8965">MJESNI ODBOR KAŠTEL NOVI</a>,&nbsp;<br></strong>21217 Kaštel Novi<strong>,&nbsp;</strong>Ante Beretina 4<br>E-mail:&nbsp;<a href="mailto:mo-kastel-novi@grad.kastela.hr" target="_blank" rel="noreferrer noopener">mo-kastel-novi@grad.kastela.hr</a><br>Predsjednica: Anita Pajčić</p>



<p><strong>8. <a href="https://kastela.hr/en/mjesni-odbori/rudine/" data-type="page" data-id="8969">MJESNI ODBOR RUDINE</a>, <br></strong>21217 Kaštel Novi, Put mira 14<br>E-mail: <a href="mailto:mo-rudine@grad.kastela.hr" target="_blank" rel="noreferrer noopener">mo-rudine@grad.kastela.hr</a><br>Radno vrijeme: prema prethodnom dogovoru<br>Predsjednik: Ivan Stojković</p>



<p><strong>9. <a href="https://kastela.hr/en/mjesni-odbori/kastel-stafilic/" data-type="page" data-id="8967">MJESNI ODBOR KAŠTEL ŠTAFILIĆ</a>,&nbsp;<br></strong>21217 Kaštel Štafilić, Obala kralja Tomislava 11<br>E-mail:&nbsp;<a href="mailto:mo-kastel-stafilic@grad.kastela.hr" target="_blank" rel="noreferrer noopener">mo-kastel-stafilic@grad.kastela.hr</a><br>Radno vrijeme: prema prethodnom dogovoru<br>Predsjednik: Luka Pera</p>



<p></p>

<p>Mjesni odbori Mjesni odbor je oblik neposrednog sudjelovanja građana u odlučivanju o pitanjima od njihova svakodnevnog i neposrednog interesa. Na [&hellip;]</p>
