{"id":8949,"date":"2024-09-16T10:36:49","date_gmt":"2024-09-16T08:36:49","guid":{"rendered":"https:\/\/kastela.hr\/en\/?page_id=8949"},"modified":"2024-12-02T16:57:58","modified_gmt":"2024-12-02T15:57:58","slug":"mjesni-odbori","status":"publish","type":"page","link":"https:\/\/kastela.hr\/en\/mjesni-odbori\/","title":{"rendered":"Local committees"},"content":{"rendered":"\n<p>Mjesna samouprava i njezin smisao je da se kroz anga\u017eman gra\u0111ana u tijelima mjesne samouprave artikuliraju zajedni\u010dke potrebe i interesi pojedinih dijelova jedinica lokalne samouprave te da gra\u0111ani sudjeluju u odlu\u010divanju o poslovima koji neposredno i svakodnevno utje\u010du na njihov \u017eivot i rad u u\u017eim lokalnim zajednicama.&nbsp;<\/p>\n\n\n\n<p>Na podru\u010dju grada Ka\u0161tela, Statutom Grada Ka\u0161tela, osnovani su mjesni odbori kao oblici neposrednog sudjelovanja gra\u0111ana u odlu\u010divanju o lokalnim poslovima od neposrednog i svakodnevnog utjecaja na \u017eivot i rad gra\u0111ana. U obavljanju tih poslova, mjesni odbori du\u017eni su uva\u017eavati interes Grada Ka\u0161tela u cjelini.<\/p>\n\n\n<div class=\"poveznice-opis-blok-container\">    <a class=\"poveznice-blok-link\" href=\"https:\/\/kastela.hr\/en\/mjesni-odbori\/mjesna-samouprava\/\" target=\"_self\">\n\n\n\n<div class=\"poveznice-opis-blok-item\"><div class=\"poveznice-blok-naslov\">Local self-government<\/div><\/div><\/a>    <a class=\"poveznice-blok-link\" href=\"https:\/\/kastela.hr\/en\/mjesni-odbori\/kastel-sucurac\/\" target=\"_self\">\n\n\n\n<div class=\"poveznice-opis-blok-item\"><div class=\"poveznice-blok-naslov\">Ka\u0161tel Su\u0107urac<\/div><\/div><\/a>    <a class=\"poveznice-blok-link\" href=\"https:\/\/kastela.hr\/en\/mjesni-odbori\/kastel-gomilica\/\" target=\"_self\">\n\n\n\n<div class=\"poveznice-opis-blok-item\"><div class=\"poveznice-blok-naslov\">Ka\u0161tel Gomilica<\/div><\/div><\/a>    <a class=\"poveznice-blok-link\" href=\"https:\/\/kastela.hr\/en\/mjesni-odbori\/kastel-kambelovac\/\" target=\"_self\">\n\n\n\n<div class=\"poveznice-opis-blok-item\"><div class=\"poveznice-blok-naslov\">Ka\u0161tel Kambelovac<\/div><\/div><\/a>    <a class=\"poveznice-blok-link\" href=\"https:\/\/kastela.hr\/en\/mjesni-odbori\/kastel-luksic\/\" target=\"_self\">\n\n\n\n<div class=\"poveznice-opis-blok-item\"><div class=\"poveznice-blok-naslov\">Ka\u0161tel Luk\u0161i\u0107<\/div><\/div><\/a>    <a class=\"poveznice-blok-link\" href=\"https:\/\/kastela.hr\/en\/mjesni-odbori\/kastel-stari\/\" target=\"_self\">\n\n\n\n<div class=\"poveznice-opis-blok-item\"><div class=\"poveznice-blok-naslov\">Ka\u0161tel Stari<\/div><\/div><\/a>    <a class=\"poveznice-blok-link\" href=\"https:\/\/kastela.hr\/en\/mjesni-odbori\/kastel-novi\/\" target=\"_self\">\n\n\n\n<div class=\"poveznice-opis-blok-item\"><div class=\"poveznice-blok-naslov\">Ka\u0161tel Novi<\/div><\/div><\/a>    <a class=\"poveznice-blok-link\" href=\"https:\/\/kastela.hr\/en\/mjesni-odbori\/kastel-stafilic\/\" target=\"_self\">\n\n\n\n<div class=\"poveznice-opis-blok-item\"><div class=\"poveznice-blok-naslov\">Ka\u0161tel \u0160tafili\u0107<\/div><\/div><\/a>    <a class=\"poveznice-blok-link\" href=\"https:\/\/kastela.hr\/en\/mjesni-odbori\/rudine\/\" target=\"_self\">\n\n\n\n<div class=\"poveznice-opis-blok-item\"><div class=\"poveznice-blok-naslov\">Rudine<\/div><\/div><\/a>    <a class=\"poveznice-blok-link\" href=\"https:\/\/kastela.hr\/en\/mjesni-odbori\/radun\/\" target=\"_self\">\n\n\n\n<div class=\"poveznice-opis-blok-item\"><div class=\"poveznice-blok-naslov\">Radun<\/div><\/div><\/a><\/div>\n\n\n<p><\/p>\n","protected":false},"excerpt":{"rendered":"<p>Mjesna samouprava i njezin smisao je da se kroz anga\u017eman gra\u0111ana u tijelima mjesne samouprave artikuliraju zajedni\u010dke potrebe i interesi [&hellip;]<\/p>\n","protected":false},"author":1,"featured_media":0,"parent":0,"menu_order":0,"comment_status":"closed","ping_status":"closed","template":"","meta":{"_acf_changed":false,"footnotes":""},"class_list":["post-8949","page","type-page","status-publish","hentry"],"acf":[],"_links":{"self":[{"href":"https:\/\/kastela.hr\/en\/wp-json\/wp\/v2\/pages\/8949","targetHints":{"allow":["GET"]}}],"collection":[{"href":"https:\/\/kastela.hr\/en\/wp-json\/wp\/v2\/pages"}],"about":[{"href":"https:\/\/kastela.hr\/en\/wp-json\/wp\/v2\/types\/page"}],"author":[{"embeddable":true,"href":"https:\/\/kastela.hr\/en\/wp-json\/wp\/v2\/users\/1"}],"replies":[{"embeddable":true,"href":"https:\/\/kastela.hr\/en\/wp-json\/wp\/v2\/comments?post=8949"}],"version-history":[{"count":9,"href":"https:\/\/kastela.hr\/en\/wp-json\/wp\/v2\/pages\/8949\/revisions"}],"predecessor-version":[{"id":15395,"href":"https:\/\/kastela.hr\/en\/wp-json\/wp\/v2\/pages\/8949\/revisions\/15395"}],"wp:attachment":[{"href":"https:\/\/kastela.hr\/en\/wp-json\/wp\/v2\/media?parent=8949"}],"curies":[{"name":"wp","href":"https:\/\/api.w.org\/{rel}","templated":true}]}}

<p>Mjesna samouprava i njezin smisao je da se kroz angažman građana u tijelima mjesne samouprave artikuliraju zajedničke potrebe i interesi pojedinih dijelova jedinica lokalne samouprave te da građani sudjeluju u odlučivanju o poslovima koji neposredno i svakodnevno utječu na njihov život i rad u užim lokalnim zajednicama.&nbsp;</p>



<p>Na području grada Kaštela, Statutom Grada Kaštela, osnovani su mjesni odbori kao oblici neposrednog sudjelovanja građana u odlučivanju o lokalnim poslovima od neposrednog i svakodnevnog utjecaja na život i rad građana. U obavljanju tih poslova, mjesni odbori dužni su uvažavati interes Grada Kaštela u cjelini.</p>


<div class="poveznice-opis-blok-container">    <a class="poveznice-blok-link" href="https://kastela.hr/en/mjesni-odbori/mjesna-samouprava/" target="_self">



<div class="poveznice-opis-blok-item"><div class="poveznice-blok-naslov">Local self-government</div></div></a>    <a class="poveznice-blok-link" href="https://kastela.hr/en/mjesni-odbori/kastel-sucurac/" target="_self">



<div class="poveznice-opis-blok-item"><div class="poveznice-blok-naslov">Kaštel Sućurac</div></div></a>    <a class="poveznice-blok-link" href="https://kastela.hr/en/mjesni-odbori/kastel-gomilica/" target="_self">



<div class="poveznice-opis-blok-item"><div class="poveznice-blok-naslov">Kaštel Gomilica</div></div></a>    <a class="poveznice-blok-link" href="https://kastela.hr/en/mjesni-odbori/kastel-kambelovac/" target="_self">



<div class="poveznice-opis-blok-item"><div class="poveznice-blok-naslov">Kaštel Kambelovac</div></div></a>    <a class="poveznice-blok-link" href="https://kastela.hr/en/mjesni-odbori/kastel-luksic/" target="_self">



<div class="poveznice-opis-blok-item"><div class="poveznice-blok-naslov">Kaštel Lukšić</div></div></a>    <a class="poveznice-blok-link" href="https://kastela.hr/en/mjesni-odbori/kastel-stari/" target="_self">



<div class="poveznice-opis-blok-item"><div class="poveznice-blok-naslov">Kaštel Stari</div></div></a>    <a class="poveznice-blok-link" href="https://kastela.hr/en/mjesni-odbori/kastel-novi/" target="_self">



<div class="poveznice-opis-blok-item"><div class="poveznice-blok-naslov">Kaštel Novi</div></div></a>    <a class="poveznice-blok-link" href="https://kastela.hr/en/mjesni-odbori/kastel-stafilic/" target="_self">



<div class="poveznice-opis-blok-item"><div class="poveznice-blok-naslov">Kaštel Štafilić</div></div></a>    <a class="poveznice-blok-link" href="https://kastela.hr/en/mjesni-odbori/rudine/" target="_self">



<div class="poveznice-opis-blok-item"><div class="poveznice-blok-naslov">Rudine</div></div></a>    <a class="poveznice-blok-link" href="https://kastela.hr/en/mjesni-odbori/radun/" target="_self">



<div class="poveznice-opis-blok-item"><div class="poveznice-blok-naslov">Radun</div></div></a></div>


<p></p>

<p>Mjesna samouprava i njezin smisao je da se kroz angažman građana u tijelima mjesne samouprave artikuliraju zajedničke potrebe i interesi [&hellip;]</p>
