{"id":12675,"date":"2024-11-22T14:12:26","date_gmt":"2024-11-22T13:12:26","guid":{"rendered":"https:\/\/kastela.hr\/en\/?page_id=12675"},"modified":"2024-11-29T13:08:01","modified_gmt":"2024-11-29T12:08:01","slug":"savjet-mladih","status":"publish","type":"page","link":"https:\/\/kastela.hr\/en\/grad-kastela\/gradsko-vijece\/savjet-mladih\/","title":{"rendered":"Savjet mladih"},"content":{"rendered":"\n<p>Savjet mladih Grada Ka\u0161tela savjetodavno je tijelo Grada Ka\u0161tela koje promi\u010de i zagovara prava, potrebe i interese mladih grada Ka\u0161tela.<\/p>\n\n\n<div class=\"prilozene_datoteke\"><ul class='no-ul'><li><a href=\"https:\/\/kastela.hr\/en\/wp-content\/uploads\/datoteke\/dokumenti\/gradsko-vijece\/savjet-mladih\/izvjesce-o-radu-savjeta-mladih-grada-kastela-za-2023.-godinu.pdf\" target=\"_blank\"><img decoding=\"async\" src=\"https:\/\/kastela.hr\/en\/wp-content\/themes\/kastela\/img\/file-icons\/document-pdf.png\" alt=\"pdf icon\" style=\"width:16px; height:16px; margin-right: 5px;\">Izvjes\u030cc\u0301e o radu Savjeta mladih Grada Kas\u030ctela za 2023. godinu.pdf<\/a><\/li><li><a href=\"https:\/\/kastela.hr\/en\/wp-content\/uploads\/datoteke\/dokumenti\/gradsko-vijece\/savjet-mladih\/izvjesce-o-provjeri-formalnih-uvjeta-prijavljenih-kandidata-za-ponovljeni-javni-poziv-za-isticanje-kandidature-za-izbor-clanova-savjeta-mladih-grada-kastela.pdf\" target=\"_blank\"><img decoding=\"async\" src=\"https:\/\/kastela.hr\/en\/wp-content\/themes\/kastela\/img\/file-icons\/document-pdf.png\" alt=\"pdf icon\" style=\"width:16px; height:16px; margin-right: 5px;\">Izvjes\u030cc\u0301e o provjeri formalnih uvjeta prijavljenih kandidata za Ponovljeni javni poziv za isticanje kandidature za izbor c\u030clanova Savjeta mladih Grada Kas\u030ctela.pdf<\/a><\/li><li><a href=\"https:\/\/kastela.hr\/en\/wp-content\/uploads\/datoteke\/dokumenti\/gradsko-vijece\/savjet-mladih\/popis-vazecih-kandidatura-po-ponovljenom-javnom-pozivu-za-clanove-savjeta-mladih-grada-kastela.pdf\" target=\"_blank\"><img decoding=\"async\" src=\"https:\/\/kastela.hr\/en\/wp-content\/themes\/kastela\/img\/file-icons\/document-pdf.png\" alt=\"pdf icon\" style=\"width:16px; height:16px; margin-right: 5px;\">Popis vaz\u030cec\u0301ih kandidatura po ponovljenom Javnom pozivu za c\u030clanove Savjeta mladih Grada Kas\u030ctela.pdf<\/a><\/li><li><a href=\"https:\/\/kastela.hr\/en\/wp-content\/uploads\/datoteke\/dokumenti\/gradsko-vijece\/savjet-mladih\/odluka-o-izboru-clanova-savjeta-mladih-grada-kastela.pdf\" target=\"_blank\"><img decoding=\"async\" src=\"https:\/\/kastela.hr\/en\/wp-content\/themes\/kastela\/img\/file-icons\/document-pdf.png\" alt=\"pdf icon\" style=\"width:16px; height:16px; margin-right: 5px;\">Odluka o izboru c\u030clanova Savjeta mladih Grada Kas\u030ctela.pdf<\/a><\/li><\/ul><\/div>\n\n\n<p><\/p>\n\n\n<div class=\"poveznice-opis-blok-container\">    <a class=\"poveznice-blok-link\" href=\"https:\/\/kastela.hr\/en\/kategorija-gradskog-vijeca\/savjet-mladih\/\" target=\"_self\">\n\n\n\n<div class=\"poveznice-opis-blok-item\"><div class=\"poveznice-blok-naslov\">Objave<\/div><\/div><\/a><\/div>","protected":false},"excerpt":{"rendered":"<p>Savjet mladih Grada Ka\u0161tela savjetodavno je tijelo Grada Ka\u0161tela koje promi\u010de i zagovara prava, potrebe i interese mladih grada Ka\u0161tela.<\/p>\n","protected":false},"author":1,"featured_media":0,"parent":8893,"menu_order":0,"comment_status":"closed","ping_status":"closed","template":"","meta":{"_acf_changed":false,"footnotes":""},"class_list":["post-12675","page","type-page","status-publish","hentry"],"acf":[],"_links":{"self":[{"href":"https:\/\/kastela.hr\/en\/wp-json\/wp\/v2\/pages\/12675","targetHints":{"allow":["GET"]}}],"collection":[{"href":"https:\/\/kastela.hr\/en\/wp-json\/wp\/v2\/pages"}],"about":[{"href":"https:\/\/kastela.hr\/en\/wp-json\/wp\/v2\/types\/page"}],"author":[{"embeddable":true,"href":"https:\/\/kastela.hr\/en\/wp-json\/wp\/v2\/users\/1"}],"replies":[{"embeddable":true,"href":"https:\/\/kastela.hr\/en\/wp-json\/wp\/v2\/comments?post=12675"}],"version-history":[{"count":5,"href":"https:\/\/kastela.hr\/en\/wp-json\/wp\/v2\/pages\/12675\/revisions"}],"predecessor-version":[{"id":15317,"href":"https:\/\/kastela.hr\/en\/wp-json\/wp\/v2\/pages\/12675\/revisions\/15317"}],"up":[{"embeddable":true,"href":"https:\/\/kastela.hr\/en\/wp-json\/wp\/v2\/pages\/8893"}],"wp:attachment":[{"href":"https:\/\/kastela.hr\/en\/wp-json\/wp\/v2\/media?parent=12675"}],"curies":[{"name":"wp","href":"https:\/\/api.w.org\/{rel}","templated":true}]}}

<p>Savjet mladih Grada Kaštela savjetodavno je tijelo Grada Kaštela koje promiče i zagovara prava, potrebe i interese mladih grada Kaštela.</p>


<div class="prilozene_datoteke"><ul class='no-ul'><li><a href="https://kastela.hr/en/wp-content/uploads/datoteke/dokumenti/gradsko-vijece/savjet-mladih/izvjesce-o-radu-savjeta-mladih-grada-kastela-za-2023.-godinu.pdf" target="_blank"><img decoding="async" src="https://kastela.hr/en/wp-content/themes/kastela/img/file-icons/document-pdf.png" alt="pdf icon" style="width:16px; height:16px; margin-right: 5px;">Izvješće o radu Savjeta mladih Grada Kaštela za 2023. godinu.pdf</a></li><li><a href="https://kastela.hr/en/wp-content/uploads/datoteke/dokumenti/gradsko-vijece/savjet-mladih/izvjesce-o-provjeri-formalnih-uvjeta-prijavljenih-kandidata-za-ponovljeni-javni-poziv-za-isticanje-kandidature-za-izbor-clanova-savjeta-mladih-grada-kastela.pdf" target="_blank"><img decoding="async" src="https://kastela.hr/en/wp-content/themes/kastela/img/file-icons/document-pdf.png" alt="pdf icon" style="width:16px; height:16px; margin-right: 5px;">Izvješće o provjeri formalnih uvjeta prijavljenih kandidata za Ponovljeni javni poziv za isticanje kandidature za izbor članova Savjeta mladih Grada Kaštela.pdf</a></li><li><a href="https://kastela.hr/en/wp-content/uploads/datoteke/dokumenti/gradsko-vijece/savjet-mladih/popis-vazecih-kandidatura-po-ponovljenom-javnom-pozivu-za-clanove-savjeta-mladih-grada-kastela.pdf" target="_blank"><img decoding="async" src="https://kastela.hr/en/wp-content/themes/kastela/img/file-icons/document-pdf.png" alt="pdf icon" style="width:16px; height:16px; margin-right: 5px;">Popis važećih kandidatura po ponovljenom Javnom pozivu za članove Savjeta mladih Grada Kaštela.pdf</a></li><li><a href="https://kastela.hr/en/wp-content/uploads/datoteke/dokumenti/gradsko-vijece/savjet-mladih/odluka-o-izboru-clanova-savjeta-mladih-grada-kastela.pdf" target="_blank"><img decoding="async" src="https://kastela.hr/en/wp-content/themes/kastela/img/file-icons/document-pdf.png" alt="pdf icon" style="width:16px; height:16px; margin-right: 5px;">Odluka o izboru članova Savjeta mladih Grada Kaštela.pdf</a></li></ul></div>


<p></p>


<div class="poveznice-opis-blok-container">    <a class="poveznice-blok-link" href="https://kastela.hr/en/kategorija-gradskog-vijeca/savjet-mladih/" target="_self">



<div class="poveznice-opis-blok-item"><div class="poveznice-blok-naslov">Objave</div></div></a></div>

<p>Savjet mladih Grada Kaštela savjetodavno je tijelo Grada Kaštela koje promiče i zagovara prava, potrebe i interese mladih grada Kaštela.</p>
