{"id":12070,"date":"2024-11-13T09:21:21","date_gmt":"2024-11-13T08:21:21","guid":{"rendered":"https:\/\/kastela.hr\/en\/?page_id=12070"},"modified":"2024-11-13T09:27:13","modified_gmt":"2024-11-13T08:27:13","slug":"odsjek-za-fondove-europske-unije","status":"publish","type":"page","link":"https:\/\/kastela.hr\/en\/grad-kastela\/upravni-odjeli\/upravni-odjel-za-gospodarski-razvoj-i-fondove-europske-unije\/odsjek-za-fondove-europske-unije\/","title":{"rendered":"Odsjek za fondove Europske unije"},"content":{"rendered":"\n<p>U Odsjeku za fondove Europske unije obavljaju se poslovi pripreme i provedbe projekata sufinanciranih iz EU i drugih izvora financiranja, poslovi pra\u0107enja pripreme i izmjena svih relevantnih dokumenata koji se ti\u010du pripreme i provedbe projekata sufinanciranih iz EU i drugih izvora financiranja te poslovi izrade programa i razvojnih planova grada i njihovo uskla\u0111ivanje sa smjernicama razvojnih politika na \u017eupanijskoj, dr\u017eavnoj i EU razini.\u00a0<\/p>\n\n\n    <ul class=\"adresar-list\">\n                    \n            <li id=\"post-295\" class=\"post-12070 page type-page status-publish hentry\">\n                <h3 class=\"adresar-naziv\">Marijana Mi\u0161erda Baji\u0107<\/h3>\n\n                \n                <h4 class=\"adresar-titula\">Voditeljica odsjeka za fondove Europske unije<\/h4>\n                <div class=\"adresar-stavka\">E-mail: <a href=\"mailto:marijana.miserda-bajic@kastela.hr\">marijana.miserda-bajic@kastela.hr<\/a><\/div><div class=\"adresar-stavka\">Tel:     <a href=\"tel:+38521205288\" target=\"_blank\">\n        <a href='tel:+38521205288' target='_blank'>+38521205288<\/a>    <\/a>\n\n\n    <\/div>            <\/li>\n                    \n            <li id=\"post-297\" class=\"post-12070 page type-page status-publish hentry\">\n                <h3 class=\"adresar-naziv\">Mili Jer\u010di\u0107<\/h3>\n\n                \n                <h4 class=\"adresar-titula\">Savjetnik za fondove Europske unije<\/h4>\n                <div class=\"adresar-stavka\">E-mail: <a href=\"mailto:mili.jercic@kastela.hr\">mili.jercic@kastela.hr<\/a><\/div><div class=\"adresar-stavka\">Tel:     <a href=\"tel:+38521205256\" target=\"_blank\">\n        <a href='tel:+38521205256' target='_blank'>+38521205256<\/a>    <\/a>\n\n\n    <\/div>            <\/li>\n                    \n            <li id=\"post-298\" class=\"post-12070 page type-page status-publish hentry\">\n                <h3 class=\"adresar-naziv\">Ivana Kova\u010d<\/h3>\n\n                \n                <h4 class=\"adresar-titula\">Savjetnica za fondove Europske unije<\/h4>\n                <div class=\"adresar-stavka\">E-mail: <a href=\"mailto:ivana.kovac@kastela.hr\">ivana.kovac@kastela.hr<\/a><\/div><div class=\"adresar-stavka\">Tel:     <a href=\"tel:+38521205288\" target=\"_blank\">\n        <a href='tel:+38521205288' target='_blank'>+38521205288<\/a>    <\/a>\n\n\n    <\/div>            <\/li>\n                    \n            <li id=\"post-296\" class=\"post-12070 page type-page status-publish hentry\">\n                <h3 class=\"adresar-naziv\">Vladimir Pilepi\u0107<\/h3>\n\n                \n                <h4 class=\"adresar-titula\">Savjetnik za fondove Europske unije<\/h4>\n                <div class=\"adresar-stavka\">E-mail: <a href=\"mailto:vladimir.pilepic@kastela.hr\">vladimir.pilepic@kastela.hr<\/a><\/div><div class=\"adresar-stavka\">Tel:     <a href=\"tel:+38521205256\" target=\"_blank\">\n        <a href='tel:+38521205256' target='_blank'>+38521205256<\/a>    <\/a>\n\n\n    <\/div>            <\/li>\n            <\/ul>\n    ","protected":false},"excerpt":{"rendered":"<p>U Odsjeku za fondove Europske unije obavljaju se poslovi pripreme i provedbe projekata sufinanciranih iz EU i drugih izvora financiranja, [&hellip;]<\/p>\n","protected":false},"author":1,"featured_media":0,"parent":11619,"menu_order":0,"comment_status":"closed","ping_status":"closed","template":"","meta":{"_acf_changed":false,"footnotes":""},"class_list":["post-12070","page","type-page","status-publish","hentry"],"acf":[],"_links":{"self":[{"href":"https:\/\/kastela.hr\/en\/wp-json\/wp\/v2\/pages\/12070","targetHints":{"allow":["GET"]}}],"collection":[{"href":"https:\/\/kastela.hr\/en\/wp-json\/wp\/v2\/pages"}],"about":[{"href":"https:\/\/kastela.hr\/en\/wp-json\/wp\/v2\/types\/page"}],"author":[{"embeddable":true,"href":"https:\/\/kastela.hr\/en\/wp-json\/wp\/v2\/users\/1"}],"replies":[{"embeddable":true,"href":"https:\/\/kastela.hr\/en\/wp-json\/wp\/v2\/comments?post=12070"}],"version-history":[{"count":3,"href":"https:\/\/kastela.hr\/en\/wp-json\/wp\/v2\/pages\/12070\/revisions"}],"predecessor-version":[{"id":12077,"href":"https:\/\/kastela.hr\/en\/wp-json\/wp\/v2\/pages\/12070\/revisions\/12077"}],"up":[{"embeddable":true,"href":"https:\/\/kastela.hr\/en\/wp-json\/wp\/v2\/pages\/11619"}],"wp:attachment":[{"href":"https:\/\/kastela.hr\/en\/wp-json\/wp\/v2\/media?parent=12070"}],"curies":[{"name":"wp","href":"https:\/\/api.w.org\/{rel}","templated":true}]}}

<p>U Odsjeku za fondove Europske unije obavljaju se poslovi pripreme i provedbe projekata sufinanciranih iz EU i drugih izvora financiranja, poslovi praćenja pripreme i izmjena svih relevantnih dokumenata koji se tiču pripreme i provedbe projekata sufinanciranih iz EU i drugih izvora financiranja te poslovi izrade programa i razvojnih planova grada i njihovo usklađivanje sa smjernicama razvojnih politika na županijskoj, državnoj i EU razini. </p>


    <ul class="adresar-list">
                    
            <li id="post-295" class="post-12070 page type-page status-publish hentry">
                <h3 class="adresar-naziv">Marijana Mišerda Bajić</h3>

                
                <h4 class="adresar-titula">Voditeljica odsjeka za fondove Europske unije</h4>
                <div class="adresar-stavka">E-mail: <a href="mailto:marijana.miserda-bajic@kastela.hr">marijana.miserda-bajic@kastela.hr</a></div><div class="adresar-stavka">Tel:     <a href="tel:+38521205288" target="_blank">
        <a href='tel:+38521205288' target='_blank'>+38521205288</a>    </a>


    </div>            </li>
                    
            <li id="post-297" class="post-12070 page type-page status-publish hentry">
                <h3 class="adresar-naziv">Mili Jerčić</h3>

                
                <h4 class="adresar-titula">Savjetnik za fondove Europske unije</h4>
                <div class="adresar-stavka">E-mail: <a href="mailto:mili.jercic@kastela.hr">mili.jercic@kastela.hr</a></div><div class="adresar-stavka">Tel:     <a href="tel:+38521205256" target="_blank">
        <a href='tel:+38521205256' target='_blank'>+38521205256</a>    </a>


    </div>            </li>
                    
            <li id="post-298" class="post-12070 page type-page status-publish hentry">
                <h3 class="adresar-naziv">Ivana Kovač</h3>

                
                <h4 class="adresar-titula">Savjetnica za fondove Europske unije</h4>
                <div class="adresar-stavka">E-mail: <a href="mailto:ivana.kovac@kastela.hr">ivana.kovac@kastela.hr</a></div><div class="adresar-stavka">Tel:     <a href="tel:+38521205288" target="_blank">
        <a href='tel:+38521205288' target='_blank'>+38521205288</a>    </a>


    </div>            </li>
                    
            <li id="post-296" class="post-12070 page type-page status-publish hentry">
                <h3 class="adresar-naziv">Vladimir Pilepić</h3>

                
                <h4 class="adresar-titula">Savjetnik za fondove Europske unije</h4>
                <div class="adresar-stavka">E-mail: <a href="mailto:vladimir.pilepic@kastela.hr">vladimir.pilepic@kastela.hr</a></div><div class="adresar-stavka">Tel:     <a href="tel:+38521205256" target="_blank">
        <a href='tel:+38521205256' target='_blank'>+38521205256</a>    </a>


    </div>            </li>
            </ul>
