{"id":11884,"date":"2024-10-30T11:26:16","date_gmt":"2024-10-30T10:26:16","guid":{"rendered":"https:\/\/kastela.hr\/en\/?page_id=11884"},"modified":"2024-11-20T13:53:26","modified_gmt":"2024-11-20T12:53:26","slug":"zastita-okolisa","status":"publish","type":"page","link":"https:\/\/kastela.hr\/en\/zastita-okolisa\/","title":{"rendered":"Za\u0161tita okoli\u0161a"},"content":{"rendered":"\n<hr class=\"wp-block-separator has-alpha-channel-opacity\"\/>\n\n\n\n<p>Grad Trogir i Grad Ka\u0161tela su zajedni\u010dki zatra\u017eili od ovla\u0161tene pravne osobe da se provede ispitivanje kvalitete zraka na podru\u010dju naselja Plano. Ispitivanje kvalitete zraka traje cijelu 2019. god., a preliminarna mjese\u010dna izvje\u0161\u0107a o ispitivanju se objavljuju&nbsp; na slu\u017ebenim stranicama Zavoda za javno zdravstvo Splitsko dalmatinske \u017eupanije<\/p>\n\n\n\n<p><a href=\"http:\/\/www.nzjz-split.hr\/index.php\/servisi\/izvjesca-o-kvaliteti-zraka\" target=\"_blank\" rel=\"noreferrer noopener\">Izvje\u0161\u0107a o kvaliteti zraka<\/a><\/p>\n\n\n\n<h2 class=\"wp-block-heading\"><\/h2>\n","protected":false},"excerpt":{"rendered":"<p>Grad Trogir i Grad Ka\u0161tela su zajedni\u010dki zatra\u017eili od ovla\u0161tene pravne osobe da se provede ispitivanje kvalitete zraka na podru\u010dju [&hellip;]<\/p>\n","protected":false},"author":1,"featured_media":0,"parent":0,"menu_order":0,"comment_status":"closed","ping_status":"closed","template":"","meta":{"_acf_changed":false,"footnotes":""},"class_list":["post-11884","page","type-page","status-publish","hentry"],"acf":[],"_links":{"self":[{"href":"https:\/\/kastela.hr\/en\/wp-json\/wp\/v2\/pages\/11884","targetHints":{"allow":["GET"]}}],"collection":[{"href":"https:\/\/kastela.hr\/en\/wp-json\/wp\/v2\/pages"}],"about":[{"href":"https:\/\/kastela.hr\/en\/wp-json\/wp\/v2\/types\/page"}],"author":[{"embeddable":true,"href":"https:\/\/kastela.hr\/en\/wp-json\/wp\/v2\/users\/1"}],"replies":[{"embeddable":true,"href":"https:\/\/kastela.hr\/en\/wp-json\/wp\/v2\/comments?post=11884"}],"version-history":[{"count":16,"href":"https:\/\/kastela.hr\/en\/wp-json\/wp\/v2\/pages\/11884\/revisions"}],"predecessor-version":[{"id":12348,"href":"https:\/\/kastela.hr\/en\/wp-json\/wp\/v2\/pages\/11884\/revisions\/12348"}],"wp:attachment":[{"href":"https:\/\/kastela.hr\/en\/wp-json\/wp\/v2\/media?parent=11884"}],"curies":[{"name":"wp","href":"https:\/\/api.w.org\/{rel}","templated":true}]}}

Zaštita okoliša

<hr class="wp-block-separator has-alpha-channel-opacity"/>



<p>Grad Trogir i Grad Kaštela su zajednički zatražili od ovlaštene pravne osobe da se provede ispitivanje kvalitete zraka na području naselja Plano. Ispitivanje kvalitete zraka traje cijelu 2019. god., a preliminarna mjesečna izvješća o ispitivanju se objavljuju&nbsp; na službenim stranicama Zavoda za javno zdravstvo Splitsko dalmatinske županije</p>



<p><a href="http://www.nzjz-split.hr/index.php/servisi/izvjesca-o-kvaliteti-zraka" target="_blank" rel="noreferrer noopener">Izvješća o kvaliteti zraka</a></p>



<h2 class="wp-block-heading"></h2>

<p>Grad Trogir i Grad Kaštela su zajednički zatražili od ovlaštene pravne osobe da se provede ispitivanje kvalitete zraka na području [&hellip;]</p>
