{"id":11864,"date":"2024-10-29T00:05:38","date_gmt":"2024-10-28T23:05:38","guid":{"rendered":"https:\/\/kastela.hr\/en\/?page_id=11864"},"modified":"2024-11-03T22:09:41","modified_gmt":"2024-11-03T21:09:41","slug":"odsjek-za-prostorno-planiranje-i-zastitu-okolisa","status":"publish","type":"page","link":"https:\/\/kastela.hr\/en\/grad-kastela\/upravni-odjeli\/upravni-odjel-za-prostorno-uredenje-i-zastitu-okolisa\/odsjek-za-prostorno-planiranje-i-zastitu-okolisa\/","title":{"rendered":"Odsjek za prostorno planiranje i za\u0161titu okoli\u0161a"},"content":{"rendered":"\n<h2 class=\"wp-block-heading\">Kontakt informacije odjela<\/h2>\n\n\n    <ul class=\"adresar-list\">\n                    \n            <li id=\"post-278\" class=\"post-11864 page type-page status-publish hentry\">\n                <h3 class=\"adresar-naziv\">Ivana Ugrina<\/h3>\n\n                \n                <h4 class=\"adresar-titula\">Voditeljica odsjeka za prostorno planiranje i za\u0161titu okoli\u0161a<\/h4>\n                <div class=\"adresar-stavka\">E-mail: <a href=\"mailto:ivana.ugrina@kastela.hr\">ivana.ugrina@kastela.hr<\/a><\/div><div class=\"adresar-stavka\">Tel:     <a href=\"tel:+38521205259\" target=\"_blank\">\n        <a href='tel:+38521205259' target='_blank'>+38521205259<\/a>    <\/a>\n\n\n    <\/div>            <\/li>\n            <\/ul>\n    \n\n\n<h2 class=\"wp-block-heading\">U Odsjeku za prostorno planiranje i za\u0161titu okoli\u0161a obavljaju se sljede\u0107i poslovi:<\/h2>\n\n\n\n<p>U Odsjeku za prostorno planiranje i za\u0161titu okoli\u0161a obavljaju se upravni i stru\u010dni poslovi u vidu promicanja razvojnih strategija i projekata ure\u0111enja prostora u svrhu u\u010dinkovitijeg kori\u0161tenja prostorom, vezani uz izradu dokumenata prostornog ure\u0111enja, definirani zakonskom regulativom, analiza stanja u podru\u010dju prometa, infrastrukture, za\u0161tite okoli\u0161a i graditeljstva te predlaganje mjera za njihovo pobolj\u0161avanje, pra\u0107enje i analiziranje stanja u podru\u010dju za\u0161tite okoli\u0161a i prirode, izrada izvje\u0161\u0107a, programa, planova i stru\u010dnih podloga iz podru\u010dja za\u0161tite okoli\u0161a i prirode, izrada prijedloga op\u0107ih akata vezanih za za\u0161titu okoli\u0161a i prirodu, suradnja sa stru\u010dnim i znanstvenim institucijama, nadle\u017enim tijelima, gra\u0111anima i organizacijama na zajedni\u010dkoj provedbi programa i projekata za\u0161tite okoli\u0161a i odr\u017eivog razvoja te procjena utjecaja na okoli\u0161 i prirodu za zahvate \u010diji je nositelj Grad, vo\u0111enje informacijskog sustava prostornog ure\u0111enja.<\/p>\n\n\n<div class=\"poveznice-opis-blok-container\">    <a class=\"poveznice-blok-link\" href=\"https:\/\/kastela.hr\/en\/zastita-okolisa\/\" target=\"_self\">\n\n\n\n<div class=\"poveznice-opis-blok-item\"><div class=\"poveznice-blok-naslov\">Za\u0161tita okoli\u0161a<\/div><\/div><\/a><\/div>","protected":false},"excerpt":{"rendered":"<p>Kontakt informacije odjela U Odsjeku za prostorno planiranje i za\u0161titu okoli\u0161a obavljaju se sljede\u0107i poslovi: U Odsjeku za prostorno planiranje [&hellip;]<\/p>\n","protected":false},"author":1,"featured_media":0,"parent":11615,"menu_order":0,"comment_status":"closed","ping_status":"closed","template":"","meta":{"_acf_changed":false,"footnotes":""},"class_list":["post-11864","page","type-page","status-publish","hentry"],"acf":[],"_links":{"self":[{"href":"https:\/\/kastela.hr\/en\/wp-json\/wp\/v2\/pages\/11864","targetHints":{"allow":["GET"]}}],"collection":[{"href":"https:\/\/kastela.hr\/en\/wp-json\/wp\/v2\/pages"}],"about":[{"href":"https:\/\/kastela.hr\/en\/wp-json\/wp\/v2\/types\/page"}],"author":[{"embeddable":true,"href":"https:\/\/kastela.hr\/en\/wp-json\/wp\/v2\/users\/1"}],"replies":[{"embeddable":true,"href":"https:\/\/kastela.hr\/en\/wp-json\/wp\/v2\/comments?post=11864"}],"version-history":[{"count":5,"href":"https:\/\/kastela.hr\/en\/wp-json\/wp\/v2\/pages\/11864\/revisions"}],"predecessor-version":[{"id":11891,"href":"https:\/\/kastela.hr\/en\/wp-json\/wp\/v2\/pages\/11864\/revisions\/11891"}],"up":[{"embeddable":true,"href":"https:\/\/kastela.hr\/en\/wp-json\/wp\/v2\/pages\/11615"}],"wp:attachment":[{"href":"https:\/\/kastela.hr\/en\/wp-json\/wp\/v2\/media?parent=11864"}],"curies":[{"name":"wp","href":"https:\/\/api.w.org\/{rel}","templated":true}]}}

Odsjek za prostorno planiranje i zaštitu okoliša

<h2 class="wp-block-heading">Kontakt informacije odjela</h2>


    <ul class="adresar-list">
                    
            <li id="post-278" class="post-11864 page type-page status-publish hentry">
                <h3 class="adresar-naziv">Ivana Ugrina</h3>

                
                <h4 class="adresar-titula">Voditeljica odsjeka za prostorno planiranje i zaštitu okoliša</h4>
                <div class="adresar-stavka">E-mail: <a href="mailto:ivana.ugrina@kastela.hr">ivana.ugrina@kastela.hr</a></div><div class="adresar-stavka">Tel:     <a href="tel:+38521205259" target="_blank">
        <a href='tel:+38521205259' target='_blank'>+38521205259</a>    </a>


    </div>            </li>
            </ul>
    


<h2 class="wp-block-heading">U Odsjeku za prostorno planiranje i zaštitu okoliša obavljaju se sljedeći poslovi:</h2>



<p>U Odsjeku za prostorno planiranje i zaštitu okoliša obavljaju se upravni i stručni poslovi u vidu promicanja razvojnih strategija i projekata uređenja prostora u svrhu učinkovitijeg korištenja prostorom, vezani uz izradu dokumenata prostornog uređenja, definirani zakonskom regulativom, analiza stanja u području prometa, infrastrukture, zaštite okoliša i graditeljstva te predlaganje mjera za njihovo poboljšavanje, praćenje i analiziranje stanja u području zaštite okoliša i prirode, izrada izvješća, programa, planova i stručnih podloga iz područja zaštite okoliša i prirode, izrada prijedloga općih akata vezanih za zaštitu okoliša i prirodu, suradnja sa stručnim i znanstvenim institucijama, nadležnim tijelima, građanima i organizacijama na zajedničkoj provedbi programa i projekata zaštite okoliša i održivog razvoja te procjena utjecaja na okoliš i prirodu za zahvate čiji je nositelj Grad, vođenje informacijskog sustava prostornog uređenja.</p>


<div class="poveznice-opis-blok-container">    <a class="poveznice-blok-link" href="https://kastela.hr/en/zastita-okolisa/" target="_self">



<div class="poveznice-opis-blok-item"><div class="poveznice-blok-naslov">Zaštita okoliša</div></div></a></div>

<p>Kontakt informacije odjela U Odsjeku za prostorno planiranje i zaštitu okoliša obavljaju se sljedeći poslovi: U Odsjeku za prostorno planiranje [&hellip;]</p>
