{"id":11673,"date":"2024-10-09T14:42:50","date_gmt":"2024-10-09T12:42:50","guid":{"rendered":"https:\/\/kastela.hr\/en\/?page_id=11673"},"modified":"2024-10-10T11:39:07","modified_gmt":"2024-10-10T09:39:07","slug":"odsjek-za-poslove-gradskog-vijeca","status":"publish","type":"page","link":"https:\/\/kastela.hr\/en\/grad-kastela\/upravni-odjeli\/upravni-odjel-za-poslove-gradonacelnika-i-strucne-poslove\/odsjek-za-poslove-gradskog-vijeca\/","title":{"rendered":"Odsjek za poslove Gradskog vije\u0107a"},"content":{"rendered":"\n<p>U Odsjeku za poslove Gradskog vije\u0107a obavljaju se poslovi pripreme sjednica Gradskog vije\u0107a i njegovih radnih tijela te sjednica radnih tijela Gradskog vije\u0107a i Gradona\u010delnika osnovanih temeljem posebnih propisa za poslove iz nadle\u017enosti upravnog odjela, poslovi iz podru\u010dja mjesne samouprave, ravnopravnosti spolova, Savjeta mladih, nacionalnih manjina i javnih priznanja.\u00a0<\/p>\n\n\n    <ul class=\"adresar-list\">\n                    \n            <li id=\"post-203\" class=\"post-11673 page type-page status-publish hentry\">\n                <h3 class=\"adresar-naziv\">Vedrana Malenica<\/h3>\n\n                \n                <h4 class=\"adresar-titula\">Vi\u0161a savjetnica za poslove Gradskog vije\u0107a<\/h4>\n                <div class=\"adresar-stavka\">E-mail: <a href=\"mailto:vedrana.malenica@kastela.hr\">vedrana.malenica@kastela.hr<\/a><\/div><div class=\"adresar-stavka\">Tel:     <a href=\"tel:+38521205277\" target=\"_blank\">\n        <a href='tel:+38521205277' target='_blank'>+38521205277<\/a>    <\/a>\n\n\n    <\/div>            <\/li>\n            <\/ul>\n    ","protected":false},"excerpt":{"rendered":"<p>U Odsjeku za poslove Gradskog vije\u0107a obavljaju se poslovi pripreme sjednica Gradskog vije\u0107a i njegovih radnih tijela te sjednica radnih [&hellip;]<\/p>\n","protected":false},"author":1,"featured_media":0,"parent":11588,"menu_order":0,"comment_status":"closed","ping_status":"closed","template":"","meta":{"_acf_changed":false,"footnotes":""},"class_list":["post-11673","page","type-page","status-publish","hentry"],"acf":[],"_links":{"self":[{"href":"https:\/\/kastela.hr\/en\/wp-json\/wp\/v2\/pages\/11673","targetHints":{"allow":["GET"]}}],"collection":[{"href":"https:\/\/kastela.hr\/en\/wp-json\/wp\/v2\/pages"}],"about":[{"href":"https:\/\/kastela.hr\/en\/wp-json\/wp\/v2\/types\/page"}],"author":[{"embeddable":true,"href":"https:\/\/kastela.hr\/en\/wp-json\/wp\/v2\/users\/1"}],"replies":[{"embeddable":true,"href":"https:\/\/kastela.hr\/en\/wp-json\/wp\/v2\/comments?post=11673"}],"version-history":[{"count":3,"href":"https:\/\/kastela.hr\/en\/wp-json\/wp\/v2\/pages\/11673\/revisions"}],"predecessor-version":[{"id":11700,"href":"https:\/\/kastela.hr\/en\/wp-json\/wp\/v2\/pages\/11673\/revisions\/11700"}],"up":[{"embeddable":true,"href":"https:\/\/kastela.hr\/en\/wp-json\/wp\/v2\/pages\/11588"}],"wp:attachment":[{"href":"https:\/\/kastela.hr\/en\/wp-json\/wp\/v2\/media?parent=11673"}],"curies":[{"name":"wp","href":"https:\/\/api.w.org\/{rel}","templated":true}]}}

Odsjek za poslove Gradskog vijeća

<p>U Odsjeku za poslove Gradskog vijeća obavljaju se poslovi pripreme sjednica Gradskog vijeća i njegovih radnih tijela te sjednica radnih tijela Gradskog vijeća i Gradonačelnika osnovanih temeljem posebnih propisa za poslove iz nadležnosti upravnog odjela, poslovi iz područja mjesne samouprave, ravnopravnosti spolova, Savjeta mladih, nacionalnih manjina i javnih priznanja. </p>


    <ul class="adresar-list">
                    
            <li id="post-203" class="post-11673 page type-page status-publish hentry">
                <h3 class="adresar-naziv">Vedrana Malenica</h3>

                
                <h4 class="adresar-titula">Viša savjetnica za poslove Gradskog vijeća</h4>
                <div class="adresar-stavka">E-mail: <a href="mailto:vedrana.malenica@kastela.hr">vedrana.malenica@kastela.hr</a></div><div class="adresar-stavka">Tel:     <a href="tel:+38521205277" target="_blank">
        <a href='tel:+38521205277' target='_blank'>+38521205277</a>    </a>


    </div>            </li>
            </ul>

<p>U Odsjeku za poslove Gradskog vijeća obavljaju se poslovi pripreme sjednica Gradskog vijeća i njegovih radnih tijela te sjednica radnih [&hellip;]</p>
