{"id":11623,"date":"2024-10-09T13:21:03","date_gmt":"2024-10-09T11:21:03","guid":{"rendered":"https:\/\/kastela.hr\/en\/?page_id=11623"},"modified":"2024-11-13T09:30:08","modified_gmt":"2024-11-13T08:30:08","slug":"sluzba-za-unutarnju-reviziju","status":"publish","type":"page","link":"https:\/\/kastela.hr\/en\/grad-kastela\/upravni-odjeli\/sluzba-za-unutarnju-reviziju\/","title":{"rendered":"Slu\u017eba za unutarnju reviziju"},"content":{"rendered":"<div class=\"poveznice-opis-blok-container\">    <a class=\"poveznice-blok-link\" href=\"https:\/\/kastela.hr\/en\/grad-kastela\/upravni-odjeli\/sluzba-za-unutarnju-reviziju\/djelokrug-rada-sluzbe-za-unutarnju-reviziju\/\" target=\"_self\">\n\n\n\n<div class=\"poveznice-opis-blok-item\"><div class=\"poveznice-blok-naslov\">Djelokrug rada slu\u017ebe za unutarnju reviziju<\/div><\/div><\/a><\/div>\n\n\n<p>Slu\u017eba za unutarnju reviziju Grada Ka\u0161tela je neovisno upravno tijelo Grada, ustrojstveno neposredno odgovorno Gradona\u010delniku. U Slu\u017ebi za unutarnju reviziju obavljaju se poslovi u svezi procjene sustava unutarnjih kontrola, davanja neovisnog i objektivnog stru\u010dnog mi\u0161ljenja i savjeta za unaprje\u0111enje poslovanja, a sve u svrhu ostvarenja poslovnih ciljeva primjenom sustavnog pristupa vrednovanju i pobolj\u0161anju djelotvornosti procesa upravljanja rizicima, kontrola i gospodarenja.<\/p>\n\n\n\n<h2 class=\"wp-block-heading\">Kontakt informacije odjela<\/h2>\n\n\n    <ul class=\"adresar-list\">\n                    \n            <li id=\"post-299\" class=\"post-11623 page type-page status-publish hentry\">\n                <h3 class=\"adresar-naziv\">\u017deljko Bari\u0161in, dipl. ing.<\/h3>\n\n                \n                <h4 class=\"adresar-titula\">Pro\u010delnik Slu\u017ebe za unutarnju reviziju<\/h4>\n                <div class=\"adresar-stavka\">E-mail: <a href=\"mailto:zeljko.barisin@kastela.hr\">zeljko.barisin@kastela.hr<\/a><\/div><div class=\"adresar-stavka\">Tel:     <a href=\"tel:+38521205273\" target=\"_blank\">\n        <a href='tel:+38521205273' target='_blank'>+38521205273<\/a>    <\/a>\n\n\n    <\/div>            <\/li>\n            <\/ul>\n    \n\n\n<p><strong>Radno vrijeme: <br><\/strong>07:00 &#8211; 15:00 <\/p>\n\n\n\n<p><strong>Uredovno radno vrijeme: <br><\/strong>Svaki radni dan od 8 do 14 sati<\/p>\n","protected":false},"excerpt":{"rendered":"<p>Slu\u017eba za unutarnju reviziju Grada Ka\u0161tela je neovisno upravno tijelo Grada, ustrojstveno neposredno odgovorno Gradona\u010delniku. U Slu\u017ebi za unutarnju reviziju [&hellip;]<\/p>\n","protected":false},"author":1,"featured_media":0,"parent":8879,"menu_order":0,"comment_status":"closed","ping_status":"closed","template":"","meta":{"_acf_changed":false,"footnotes":""},"class_list":["post-11623","page","type-page","status-publish","hentry"],"acf":[],"_links":{"self":[{"href":"https:\/\/kastela.hr\/en\/wp-json\/wp\/v2\/pages\/11623","targetHints":{"allow":["GET"]}}],"collection":[{"href":"https:\/\/kastela.hr\/en\/wp-json\/wp\/v2\/pages"}],"about":[{"href":"https:\/\/kastela.hr\/en\/wp-json\/wp\/v2\/types\/page"}],"author":[{"embeddable":true,"href":"https:\/\/kastela.hr\/en\/wp-json\/wp\/v2\/users\/1"}],"replies":[{"embeddable":true,"href":"https:\/\/kastela.hr\/en\/wp-json\/wp\/v2\/comments?post=11623"}],"version-history":[{"count":2,"href":"https:\/\/kastela.hr\/en\/wp-json\/wp\/v2\/pages\/11623\/revisions"}],"predecessor-version":[{"id":12084,"href":"https:\/\/kastela.hr\/en\/wp-json\/wp\/v2\/pages\/11623\/revisions\/12084"}],"up":[{"embeddable":true,"href":"https:\/\/kastela.hr\/en\/wp-json\/wp\/v2\/pages\/8879"}],"wp:attachment":[{"href":"https:\/\/kastela.hr\/en\/wp-json\/wp\/v2\/media?parent=11623"}],"curies":[{"name":"wp","href":"https:\/\/api.w.org\/{rel}","templated":true}]}}

Služba za unutarnju reviziju

<div class="poveznice-opis-blok-container">    <a class="poveznice-blok-link" href="https://kastela.hr/en/grad-kastela/upravni-odjeli/sluzba-za-unutarnju-reviziju/djelokrug-rada-sluzbe-za-unutarnju-reviziju/" target="_self">



<div class="poveznice-opis-blok-item"><div class="poveznice-blok-naslov">Djelokrug rada službe za unutarnju reviziju</div></div></a></div>


<p>Služba za unutarnju reviziju Grada Kaštela je neovisno upravno tijelo Grada, ustrojstveno neposredno odgovorno Gradonačelniku. U Službi za unutarnju reviziju obavljaju se poslovi u svezi procjene sustava unutarnjih kontrola, davanja neovisnog i objektivnog stručnog mišljenja i savjeta za unaprjeđenje poslovanja, a sve u svrhu ostvarenja poslovnih ciljeva primjenom sustavnog pristupa vrednovanju i poboljšanju djelotvornosti procesa upravljanja rizicima, kontrola i gospodarenja.</p>



<h2 class="wp-block-heading">Kontakt informacije odjela</h2>


    <ul class="adresar-list">
                    
            <li id="post-299" class="post-11623 page type-page status-publish hentry">
                <h3 class="adresar-naziv">Željko Barišin, dipl. ing.</h3>

                
                <h4 class="adresar-titula">Pročelnik Službe za unutarnju reviziju</h4>
                <div class="adresar-stavka">E-mail: <a href="mailto:zeljko.barisin@kastela.hr">zeljko.barisin@kastela.hr</a></div><div class="adresar-stavka">Tel:     <a href="tel:+38521205273" target="_blank">
        <a href='tel:+38521205273' target='_blank'>+38521205273</a>    </a>


    </div>            </li>
            </ul>
    


<p><strong>Radno vrijeme: <br></strong>07:00 &#8211; 15:00 </p>



<p><strong>Uredovno radno vrijeme: <br></strong>Svaki radni dan od 8 do 14 sati</p>

<p>Služba za unutarnju reviziju Grada Kaštela je neovisno upravno tijelo Grada, ustrojstveno neposredno odgovorno Gradonačelniku. U Službi za unutarnju reviziju [&hellip;]</p>
