{"id":7877,"date":"2015-02-09T07:24:00","date_gmt":"2015-02-09T06:24:00","guid":{"rendered":"https:\/\/kastela.hr\/en\/obavijest\/sazvana-13-sjednica-gradskog-vijeca\/"},"modified":"2015-02-09T07:24:00","modified_gmt":"2015-02-09T06:24:00","slug":"sazvana-13-sjednica-gradskog-vijeca","status":"publish","type":"obavijest","link":"https:\/\/kastela.hr\/en\/obavijest\/sazvana-13-sjednica-gradskog-vijeca\/","title":{"rendered":"Sazvana 13. sjednica Gradskog vije\u0107a"},"content":{"rendered":"<p>Sjednica Gradskog vije\u0107a Grada Ka\u0161tela odr\u017eati \u0107e se 13. velja\u010de 2015.g. s po\u010detkom u 12:00 sati. Dnevni red sadr\u017ean je od 20 to\u010daka, a na sjednici \u0107e se me\u0111u ostalim raspravljati i o socijalnoj skrbi Grada Ka\u0161tela, o sustavu za\u0161tite i spa\u0161avanju, o najpovoljnijim ponuditeljima za davanje koncesije za pra\u017enjenje i odvoz otpadnih voda iz septi\u010dkih jama, odlu\u010dit \u0107e se i o prijedlozima vezanim za javna priznanja, te o nadopunama i izmjenama rje\u0161enja vezanih za imena ulica i trgova u svih 7 Ka\u0161tela. &nbsp;&nbsp;<\/p>\n","protected":false},"featured_media":6363,"parent":0,"template":"","meta":{"_acf_changed":false},"obavijesti_tax":[],"class_list":["post-7877","obavijest","type-obavijest","status-publish","has-post-thumbnail","hentry"],"acf":[],"_links":{"self":[{"href":"https:\/\/kastela.hr\/en\/wp-json\/wp\/v2\/obavijest\/7877","targetHints":{"allow":["GET"]}}],"collection":[{"href":"https:\/\/kastela.hr\/en\/wp-json\/wp\/v2\/obavijest"}],"about":[{"href":"https:\/\/kastela.hr\/en\/wp-json\/wp\/v2\/types\/obavijest"}],"wp:featuredmedia":[{"embeddable":true,"href":"https:\/\/kastela.hr\/en\/wp-json\/wp\/v2\/media\/6363"}],"wp:attachment":[{"href":"https:\/\/kastela.hr\/en\/wp-json\/wp\/v2\/media?parent=7877"}],"wp:term":[{"taxonomy":"obavijesti_tax","embeddable":true,"href":"https:\/\/kastela.hr\/en\/wp-json\/wp\/v2\/obavijesti_tax?post=7877"}],"curies":[{"name":"wp","href":"https:\/\/api.w.org\/{rel}","templated":true}]}}

Sazvana 13. sjednica Gradskog vijeća

<p>Sjednica Gradskog vijeća Grada Kaštela održati će se 13. veljače 2015.g. s početkom u 12:00 sati. Dnevni red sadržan je od 20 točaka, a na sjednici će se među ostalim raspravljati i o socijalnoj skrbi Grada Kaštela, o sustavu zaštite i spašavanju, o najpovoljnijim ponuditeljima za davanje koncesije za pražnjenje i odvoz otpadnih voda iz septičkih jama, odlučit će se i o prijedlozima vezanim za javna priznanja, te o nadopunama i izmjenama rješenja vezanih za imena ulica i trgova u svih 7 Kaštela. &nbsp;&nbsp;</p>
