{"id":7874,"date":"2017-12-12T06:15:00","date_gmt":"2017-12-12T05:15:00","guid":{"rendered":"https:\/\/kastela.hr\/en\/obavijest\/sazvana-4-sjednica-gradskog-vijeca-grada-kastela\/"},"modified":"2017-12-12T06:15:00","modified_gmt":"2017-12-12T05:15:00","slug":"sazvana-4-sjednica-gradskog-vijeca-grada-kastela","status":"publish","type":"obavijest","link":"https:\/\/kastela.hr\/en\/obavijest\/sazvana-4-sjednica-gradskog-vijeca-grada-kastela\/","title":{"rendered":"Sazvana 4. sjednica Gradskog vije\u0107a Grada Ka\u0161tela"},"content":{"rendered":"<p><span lang=\"hr-HR\">Sazvana je 4. sjednica Gradskog vije\u0107a Grada Ka\u0161tela za dan 13. prosinca 2017. g. (srijeda) g. u 11:00 sati u Gradskoj vije\u0107nici. Dnevni red se sastoji od 40 to\u010daka dnevnog reda. <\/span><\/p>\n<p>&nbsp;<\/p>\n","protected":false},"featured_media":7875,"parent":0,"template":"","meta":{"_acf_changed":false},"obavijesti_tax":[],"class_list":["post-7874","obavijest","type-obavijest","status-publish","has-post-thumbnail","hentry"],"acf":[],"_links":{"self":[{"href":"https:\/\/kastela.hr\/en\/wp-json\/wp\/v2\/obavijest\/7874","targetHints":{"allow":["GET"]}}],"collection":[{"href":"https:\/\/kastela.hr\/en\/wp-json\/wp\/v2\/obavijest"}],"about":[{"href":"https:\/\/kastela.hr\/en\/wp-json\/wp\/v2\/types\/obavijest"}],"wp:featuredmedia":[{"embeddable":true,"href":"https:\/\/kastela.hr\/en\/wp-json\/wp\/v2\/media\/7875"}],"wp:attachment":[{"href":"https:\/\/kastela.hr\/en\/wp-json\/wp\/v2\/media?parent=7874"}],"wp:term":[{"taxonomy":"obavijesti_tax","embeddable":true,"href":"https:\/\/kastela.hr\/en\/wp-json\/wp\/v2\/obavijesti_tax?post=7874"}],"curies":[{"name":"wp","href":"https:\/\/api.w.org\/{rel}","templated":true}]}}

Sazvana 4. sjednica Gradskog vijeća Grada Kaštela

<p><span lang="hr-HR">Sazvana je 4. sjednica Gradskog vijeća Grada Kaštela za dan 13. prosinca 2017. g. (srijeda) g. u 11:00 sati u Gradskoj vijećnici. Dnevni red se sastoji od 40 točaka dnevnog reda. </span></p>
<p>&nbsp;</p>
