{"id":7853,"date":"2017-09-29T12:35:00","date_gmt":"2017-09-29T10:35:00","guid":{"rendered":"https:\/\/kastela.hr\/en\/obavijest\/sazvana-3-sjednica-gradskog-vijeca-grada-kastela\/"},"modified":"2017-09-29T12:35:00","modified_gmt":"2017-09-29T10:35:00","slug":"sazvana-3-sjednica-gradskog-vijeca-grada-kastela","status":"publish","type":"obavijest","link":"https:\/\/kastela.hr\/en\/obavijest\/sazvana-3-sjednica-gradskog-vijeca-grada-kastela\/","title":{"rendered":"Sazvana 3. sjednica Gradskog vije\u0107a Grada Ka\u0161tela"},"content":{"rendered":"<p>&nbsp; azvana je 3. sjednica Gradskog vije\u0107a Grada Ka\u0161tela <span lang=\"hr-HR\">za dan 4. listopada 2017. g. (srijeda) g. u 12,30 sati u Gradskoj vije\u0107nici. Dnevni red se sastoji od 18 to\u010daka. <\/span> &nbsp;&nbsp;<\/p>\n","protected":false},"featured_media":7854,"parent":0,"template":"","meta":{"_acf_changed":false},"obavijesti_tax":[],"class_list":["post-7853","obavijest","type-obavijest","status-publish","has-post-thumbnail","hentry"],"acf":[],"_links":{"self":[{"href":"https:\/\/kastela.hr\/en\/wp-json\/wp\/v2\/obavijest\/7853","targetHints":{"allow":["GET"]}}],"collection":[{"href":"https:\/\/kastela.hr\/en\/wp-json\/wp\/v2\/obavijest"}],"about":[{"href":"https:\/\/kastela.hr\/en\/wp-json\/wp\/v2\/types\/obavijest"}],"wp:featuredmedia":[{"embeddable":true,"href":"https:\/\/kastela.hr\/en\/wp-json\/wp\/v2\/media\/7854"}],"wp:attachment":[{"href":"https:\/\/kastela.hr\/en\/wp-json\/wp\/v2\/media?parent=7853"}],"wp:term":[{"taxonomy":"obavijesti_tax","embeddable":true,"href":"https:\/\/kastela.hr\/en\/wp-json\/wp\/v2\/obavijesti_tax?post=7853"}],"curies":[{"name":"wp","href":"https:\/\/api.w.org\/{rel}","templated":true}]}}

Sazvana 3. sjednica Gradskog vijeća Grada Kaštela

<p>&nbsp; azvana je 3. sjednica Gradskog vijeća Grada Kaštela <span lang="hr-HR">za dan 4. listopada 2017. g. (srijeda) g. u 12,30 sati u Gradskoj vijećnici. Dnevni red se sastoji od 18 točaka. </span> &nbsp;&nbsp;</p>
