{"id":7832,"date":"2013-01-18T16:53:01","date_gmt":"2013-01-18T15:53:01","guid":{"rendered":"https:\/\/kastela.hr\/en\/obavijest\/pedeseta-sjednica-gradskog-vijeca-2\/"},"modified":"2013-01-18T16:53:01","modified_gmt":"2013-01-18T15:53:01","slug":"pedeseta-sjednica-gradskog-vijeca-2","status":"publish","type":"obavijest","link":"https:\/\/kastela.hr\/en\/obavijest\/pedeseta-sjednica-gradskog-vijeca-2\/","title":{"rendered":"Pedeseta sjednica Gradskog vije\u0107a"},"content":{"rendered":"<p>Me\u0111u deset to<a href=\"https:\/\/kastela.hr\/en\/wp-content\/uploads\/2024\/08\/vijece-pred.jpg\"><img loading=\"lazy\" decoding=\"async\" class=\"alignleft size-thumbnail wp-image-8596\" title=\"vijece pred\" src=\"https:\/\/kastela.hr\/en\/wp-content\/uploads\/2024\/08\/vijece-pred.jpg\" alt=\"\" width=\"150\" height=\"90\" \/><\/a>\u010daka dnevnog reda 50. sjednice Gradskog vije\u0107a nalazi se i prijedlog Odluke o komunalnom doprinosu, te inicijativa HNK &#8220;Val&#8221; o preoblikovanju s udruge gra\u0111ana u \u0161portsko dioni\u010darsko dru\u0161tvo, kao i dodjeli igrali\u0161ta i klupske infrastrukture na kori\u0161tenje, odnosno koncesiju.<\/p>\n<p>\u00a0<\/p>\n<p><a href=\"http:\/\/www.kastela.hr\/wp-content\/uploads\/2013\/01\/POZIV_50-sjednicaGradskog-vijeca_2_-sijecnja_2013-.pdf\">Poziv za 50. sjednicu Gradskog vijeca<\/a><\/p>\n<p>\u00a0<\/p>\n","protected":false},"featured_media":7831,"parent":0,"template":"","meta":{"_acf_changed":false},"obavijesti_tax":[],"class_list":["post-7832","obavijest","type-obavijest","status-publish","has-post-thumbnail","hentry"],"acf":[],"_links":{"self":[{"href":"https:\/\/kastela.hr\/en\/wp-json\/wp\/v2\/obavijest\/7832","targetHints":{"allow":["GET"]}}],"collection":[{"href":"https:\/\/kastela.hr\/en\/wp-json\/wp\/v2\/obavijest"}],"about":[{"href":"https:\/\/kastela.hr\/en\/wp-json\/wp\/v2\/types\/obavijest"}],"wp:featuredmedia":[{"embeddable":true,"href":"https:\/\/kastela.hr\/en\/wp-json\/wp\/v2\/media\/7831"}],"wp:attachment":[{"href":"https:\/\/kastela.hr\/en\/wp-json\/wp\/v2\/media?parent=7832"}],"wp:term":[{"taxonomy":"obavijesti_tax","embeddable":true,"href":"https:\/\/kastela.hr\/en\/wp-json\/wp\/v2\/obavijesti_tax?post=7832"}],"curies":[{"name":"wp","href":"https:\/\/api.w.org\/{rel}","templated":true}]}}

Pedeseta sjednica Gradskog vijeća

<p>Među deset to<a href="https://kastela.hr/en/wp-content/uploads/2024/08/vijece-pred.jpg"><img loading="lazy" decoding="async" class="alignleft size-thumbnail wp-image-8596" title="vijece pred" src="https://kastela.hr/en/wp-content/uploads/2024/08/vijece-pred.jpg" alt="" width="150" height="90" /></a>čaka dnevnog reda 50. sjednice Gradskog vijeća nalazi se i prijedlog Odluke o komunalnom doprinosu, te inicijativa HNK &#8220;Val&#8221; o preoblikovanju s udruge građana u športsko dioničarsko društvo, kao i dodjeli igrališta i klupske infrastrukture na korištenje, odnosno koncesiju.</p>
<p> </p>
<p><a href="http://www.kastela.hr/wp-content/uploads/2013/01/POZIV_50-sjednicaGradskog-vijeca_2_-sijecnja_2013-.pdf">Poziv za 50. sjednicu Gradskog vijeca</a></p>
<p> </p>
