{"id":7826,"date":"2013-03-13T13:34:54","date_gmt":"2013-03-13T12:34:54","guid":{"rendered":"https:\/\/kastela.hr\/en\/obavijest\/zelena-cistka-stize-i-u-kastela\/"},"modified":"2013-03-13T13:34:54","modified_gmt":"2013-03-13T12:34:54","slug":"zelena-cistka-stize-i-u-kastela","status":"publish","type":"obavijest","link":"https:\/\/kastela.hr\/en\/obavijest\/zelena-cistka-stize-i-u-kastela\/","title":{"rendered":"Zelena \u010distka sti\u017ee i u Ka\u0161tela"},"content":{"rendered":"<p>Zainteres<a href=\"https:\/\/kastela.hr\/en\/wp-content\/uploads\/2024\/08\/zelena-cistka.jpg\"><img loading=\"lazy\" decoding=\"async\" class=\"alignleft size-thumbnail wp-image-9518\" title=\"zelena cistka\" src=\"https:\/\/kastela.hr\/en\/wp-content\/uploads\/2024\/08\/zelena-cistka.jpg\" alt=\"\" width=\"150\" height=\"112\" \/><\/a>irani gra\u0111ani i udruge i ove \u0107e godine imati priliku sudjelovati u najve\u0107oj ekolo\u0161koj kampanji u Hrvatskoj &#8211; \u201eZelena \u010distka \u2013 jedan dan za \u010disti okoli\u0161\u201c, koja \u0107e 20. travnja 2013., u zajedni\u010dkoj akciji \u010di\u0161\u0107enja, i u Ka\u0161telima okupiti veliki broj volontera.<\/p>\n<p>Kampanja \u201eZelena \u010distka \u2013 jedan dan za \u010disti okoli\u0161\u201c provodi se u sklopu globalnog pokreta \u201eLet&#8217;s do it! World Cleanup 2013\u201c, u koji je ove godine uklju\u010deno \u010dak 96 zemalja svijeta.<\/p>\n<p>Cilj kampanje je podizanje svijesti gra\u0111ana o potrebi preuzimanja odgovornosti u stvaranju i na\u010dinu odlaganja otpada, a kulminacija same kampanje je akcija \u010di\u0161\u0107enja divljih odlagali\u0161ta koja \u0107e se odr\u017eati 20. travnja.<\/p>\n<p>Akcija \u010di\u0161\u0107enja divljih odlagali\u0161ta provodit \u0107e se uz logisti\u010dku potporu lokalnih samouprava, mnogobrojnih lokalnih i nacionalnih organizacija, udruga, HGSS-a, planinara, ronioca, vojnika hrvatske vojske, mladih i starih, te svih gra\u0111ana volontera s kona\u010dnim ciljem \u2013 o\u010distiti \u0161to vi\u0161e otpada na \u0161to vi\u0161e lokacija.<\/p>\n<p>\u00a0<\/p>\n","protected":false},"featured_media":7827,"parent":0,"template":"","meta":{"_acf_changed":false},"obavijesti_tax":[],"class_list":["post-7826","obavijest","type-obavijest","status-publish","has-post-thumbnail","hentry"],"acf":[],"_links":{"self":[{"href":"https:\/\/kastela.hr\/en\/wp-json\/wp\/v2\/obavijest\/7826","targetHints":{"allow":["GET"]}}],"collection":[{"href":"https:\/\/kastela.hr\/en\/wp-json\/wp\/v2\/obavijest"}],"about":[{"href":"https:\/\/kastela.hr\/en\/wp-json\/wp\/v2\/types\/obavijest"}],"wp:featuredmedia":[{"embeddable":true,"href":"https:\/\/kastela.hr\/en\/wp-json\/wp\/v2\/media\/7827"}],"wp:attachment":[{"href":"https:\/\/kastela.hr\/en\/wp-json\/wp\/v2\/media?parent=7826"}],"wp:term":[{"taxonomy":"obavijesti_tax","embeddable":true,"href":"https:\/\/kastela.hr\/en\/wp-json\/wp\/v2\/obavijesti_tax?post=7826"}],"curies":[{"name":"wp","href":"https:\/\/api.w.org\/{rel}","templated":true}]}}

Zelena čistka stiže i u Kaštela

<p>Zainteres<a href="https://kastela.hr/en/wp-content/uploads/2024/08/zelena-cistka.jpg"><img loading="lazy" decoding="async" class="alignleft size-thumbnail wp-image-9518" title="zelena cistka" src="https://kastela.hr/en/wp-content/uploads/2024/08/zelena-cistka.jpg" alt="" width="150" height="112" /></a>irani građani i udruge i ove će godine imati priliku sudjelovati u najvećoj ekološkoj kampanji u Hrvatskoj &#8211; „Zelena čistka – jedan dan za čisti okoliš“, koja će 20. travnja 2013., u zajedničkoj akciji čišćenja, i u Kaštelima okupiti veliki broj volontera.</p>
<p>Kampanja „Zelena čistka – jedan dan za čisti okoliš“ provodi se u sklopu globalnog pokreta „Let&#8217;s do it! World Cleanup 2013“, u koji je ove godine uključeno čak 96 zemalja svijeta.</p>
<p>Cilj kampanje je podizanje svijesti građana o potrebi preuzimanja odgovornosti u stvaranju i načinu odlaganja otpada, a kulminacija same kampanje je akcija čišćenja divljih odlagališta koja će se održati 20. travnja.</p>
<p>Akcija čišćenja divljih odlagališta provodit će se uz logističku potporu lokalnih samouprava, mnogobrojnih lokalnih i nacionalnih organizacija, udruga, HGSS-a, planinara, ronioca, vojnika hrvatske vojske, mladih i starih, te svih građana volontera s konačnim ciljem – očistiti što više otpada na što više lokacija.</p>
<p> </p>
