{"id":7810,"date":"2013-12-18T11:23:07","date_gmt":"2013-12-18T10:23:07","guid":{"rendered":"https:\/\/kastela.hr\/en\/obavijest\/pocele-javne-rasprave-o-dva-plana\/"},"modified":"2013-12-18T11:23:07","modified_gmt":"2013-12-18T10:23:07","slug":"pocele-javne-rasprave-o-dva-plana","status":"publish","type":"obavijest","link":"https:\/\/kastela.hr\/en\/obavijest\/pocele-javne-rasprave-o-dva-plana\/","title":{"rendered":"Po\u010dele javne rasprave o dva plana"},"content":{"rendered":"<p><a href=\"https:\/\/kastela.hr\/en\/wp-content\/uploads\/2024\/08\/plan.jpg\"><img loading=\"lazy\" decoding=\"async\" class=\"alignleft size-thumbnail wp-image-16603\" alt=\"plan\" src=\"https:\/\/kastela.hr\/en\/wp-content\/uploads\/2024\/08\/plan.jpg\" width=\"127\" height=\"101\" \/><\/a>Od 18. do 27. prosinca 2013. g. na javnom su uvidu izlo\u017eeni: Prijedlog Odluke o stavljanju izvan snage Odluke o dono\u0161enju Detaljnog plana ure\u0111enja dijela zone Radun 1 i Prijedlog Odluke o stavljanju izvan snage Odluke o dono\u0161enju PUMN-a Rudine.<\/p>\n<p>Javna izlaganja za oba plana odr\u017eana su 19. prosinca 2013. g. u Gradskoj vije\u0107nici u nazo\u010dnosti predstavnika Grada Ka\u0161tela i izra\u0111iva\u010da planova. Ines Berlengi je u ime izra\u0111iva\u010da planova pojasnila kako je rije\u010d o planovima koji se stavljaju izvan snage zbog toga \u0161to vi\u0161e nisu u skladu s planovima vi\u0161eg reda. Zbog stavljanja planova izvan snage vlasnici zemlji\u0161ta ne\u0107e ni\u0161ta izgubiti, a ta \u0107e se podru\u010dja planski urediti novim urbanisti\u010dkim planovima koji su u izradi (UPU 4 i UPU 6) .<\/p>\n<p><a href=\"https:\/\/kastela.hr\/en\/wp-content\/uploads\/2024\/08\/javna-rasprava1.jpg\"><img loading=\"lazy\" decoding=\"async\" class=\"alignleft size-thumbnail wp-image-16644\" alt=\"javna rasprava1\" src=\"https:\/\/kastela.hr\/en\/wp-content\/uploads\/2024\/08\/javna-rasprava1.jpg\" width=\"150\" height=\"120\" \/><\/a> <a href=\"https:\/\/kastela.hr\/en\/wp-content\/uploads\/2024\/08\/javna-rasprava.jpg\"><img loading=\"lazy\" decoding=\"async\" class=\"alignleft size-thumbnail wp-image-16645\" alt=\"javna rasprava\" src=\"https:\/\/kastela.hr\/en\/wp-content\/uploads\/2024\/08\/javna-rasprava.jpg\" width=\"150\" height=\"120\" \/><\/a><\/p>\n<p>Prijedlozi odluka mogu se pogledati svaki radni dan od 8 do 13 sati u podrumskim prostorijama Grada Ka\u0161tela u K. Su\u0107urcu, ul.Bra\u0107e Radi\u0107 1., a objavljeni su i na <a href=\"http:\/\/www.kastela.hr\/\">www.kastela<\/a>\u00a0 (<a href=\"http:\/\/www.kastela.hr\/planovi-grada\">http:\/\/www.kastela.hr\/planovi-grada<\/a>).<\/p>\n<p>\u00a0<\/p>\n<p><a href=\"http:\/\/www.kastela.hr\/wp-content\/uploads\/2013\/12\/Javna-radsprava-Radun1.pdf\">Obavijest o javnoj raspravi (za Radun)<\/a><\/p>\n<p><a href=\"http:\/\/www.kastela.hr\/wp-content\/uploads\/2013\/12\/Javna-rasprava-Rudine.pdf\">Obavijest o javnoj raspravi (za Rudine)<\/a><\/p>\n<p>\u00a0<\/p>\n<p>\u00a0<\/p>\n","protected":false},"featured_media":6252,"parent":0,"template":"","meta":{"_acf_changed":false},"obavijesti_tax":[],"class_list":["post-7810","obavijest","type-obavijest","status-publish","has-post-thumbnail","hentry"],"acf":[],"_links":{"self":[{"href":"https:\/\/kastela.hr\/en\/wp-json\/wp\/v2\/obavijest\/7810","targetHints":{"allow":["GET"]}}],"collection":[{"href":"https:\/\/kastela.hr\/en\/wp-json\/wp\/v2\/obavijest"}],"about":[{"href":"https:\/\/kastela.hr\/en\/wp-json\/wp\/v2\/types\/obavijest"}],"wp:featuredmedia":[{"embeddable":true,"href":"https:\/\/kastela.hr\/en\/wp-json\/wp\/v2\/media\/6252"}],"wp:attachment":[{"href":"https:\/\/kastela.hr\/en\/wp-json\/wp\/v2\/media?parent=7810"}],"wp:term":[{"taxonomy":"obavijesti_tax","embeddable":true,"href":"https:\/\/kastela.hr\/en\/wp-json\/wp\/v2\/obavijesti_tax?post=7810"}],"curies":[{"name":"wp","href":"https:\/\/api.w.org\/{rel}","templated":true}]}}

Počele javne rasprave o dva plana

<p><a href="https://kastela.hr/en/wp-content/uploads/2024/08/plan.jpg"><img loading="lazy" decoding="async" class="alignleft size-thumbnail wp-image-16603" alt="plan" src="https://kastela.hr/en/wp-content/uploads/2024/08/plan.jpg" width="127" height="101" /></a>Od 18. do 27. prosinca 2013. g. na javnom su uvidu izloženi: Prijedlog Odluke o stavljanju izvan snage Odluke o donošenju Detaljnog plana uređenja dijela zone Radun 1 i Prijedlog Odluke o stavljanju izvan snage Odluke o donošenju PUMN-a Rudine.</p>
<p>Javna izlaganja za oba plana održana su 19. prosinca 2013. g. u Gradskoj vijećnici u nazočnosti predstavnika Grada Kaštela i izrađivača planova. Ines Berlengi je u ime izrađivača planova pojasnila kako je riječ o planovima koji se stavljaju izvan snage zbog toga što više nisu u skladu s planovima višeg reda. Zbog stavljanja planova izvan snage vlasnici zemljišta neće ništa izgubiti, a ta će se područja planski urediti novim urbanističkim planovima koji su u izradi (UPU 4 i UPU 6) .</p>
<p><a href="https://kastela.hr/en/wp-content/uploads/2024/08/javna-rasprava1.jpg"><img loading="lazy" decoding="async" class="alignleft size-thumbnail wp-image-16644" alt="javna rasprava1" src="https://kastela.hr/en/wp-content/uploads/2024/08/javna-rasprava1.jpg" width="150" height="120" /></a> <a href="https://kastela.hr/en/wp-content/uploads/2024/08/javna-rasprava.jpg"><img loading="lazy" decoding="async" class="alignleft size-thumbnail wp-image-16645" alt="javna rasprava" src="https://kastela.hr/en/wp-content/uploads/2024/08/javna-rasprava.jpg" width="150" height="120" /></a></p>
<p>Prijedlozi odluka mogu se pogledati svaki radni dan od 8 do 13 sati u podrumskim prostorijama Grada Kaštela u K. Sućurcu, ul.Braće Radić 1., a objavljeni su i na <a href="http://www.kastela.hr/">www.kastela</a>  (<a href="http://www.kastela.hr/planovi-grada">http://www.kastela.hr/planovi-grada</a>).</p>
<p> </p>
<p><a href="http://www.kastela.hr/wp-content/uploads/2013/12/Javna-radsprava-Radun1.pdf">Obavijest o javnoj raspravi (za Radun)</a></p>
<p><a href="http://www.kastela.hr/wp-content/uploads/2013/12/Javna-rasprava-Rudine.pdf">Obavijest o javnoj raspravi (za Rudine)</a></p>
<p> </p>
<p> </p>
