{"id":7808,"date":"2013-12-18T11:58:04","date_gmt":"2013-12-18T10:58:04","guid":{"rendered":"https:\/\/kastela.hr\/en\/obavijest\/zakazana-6-sjednica-zupanijske-skupstine\/"},"modified":"2013-12-18T11:58:04","modified_gmt":"2013-12-18T10:58:04","slug":"zakazana-6-sjednica-zupanijske-skupstine","status":"publish","type":"obavijest","link":"https:\/\/kastela.hr\/en\/obavijest\/zakazana-6-sjednica-zupanijske-skupstine\/","title":{"rendered":"Zakazana 6. sjednica \u017dupanijske skup\u0161tine"},"content":{"rendered":"<p><a href=\"https:\/\/kastela.hr\/en\/wp-content\/uploads\/2024\/08\/zupanija.jpg\"><img loading=\"lazy\" decoding=\"async\" class=\"alignleft size-thumbnail wp-image-16608\" alt=\"zupanija\" src=\"https:\/\/kastela.hr\/en\/wp-content\/uploads\/2024\/08\/zupanija.jpg\" width=\"113\" height=\"90\" \/><\/a>\u0160esta sjednica \u017dupanijske skup\u0161tine odr\u017eat \u0107e se 23. prosinca (ponedjeljak) 2013. s po\u010detkom u 10,30 sati u dvorani \u017dupanije, a na dnevnom su redu, izme\u0111u ostaloga, prijedlozi izmjena i dopuna Prora\u010duna \u017dupanije, kao i gotovo svih programa javnih potreba, koji se financiraju prora\u010dunskim novcem.<\/p>\n<p><a href=\"http:\/\/www.dalmacija.hr\/tabid\/304\/clanak\/2340\/ZAKAZANA-6-SJEDNICA-ZUPANIJSKE-SKUPSTINE.aspx\">Dnevni red<\/a><\/p>\n<p>\u00a0<\/p>\n","protected":false},"featured_media":7809,"parent":0,"template":"","meta":{"_acf_changed":false},"obavijesti_tax":[],"class_list":["post-7808","obavijest","type-obavijest","status-publish","has-post-thumbnail","hentry"],"acf":[],"_links":{"self":[{"href":"https:\/\/kastela.hr\/en\/wp-json\/wp\/v2\/obavijest\/7808","targetHints":{"allow":["GET"]}}],"collection":[{"href":"https:\/\/kastela.hr\/en\/wp-json\/wp\/v2\/obavijest"}],"about":[{"href":"https:\/\/kastela.hr\/en\/wp-json\/wp\/v2\/types\/obavijest"}],"wp:featuredmedia":[{"embeddable":true,"href":"https:\/\/kastela.hr\/en\/wp-json\/wp\/v2\/media\/7809"}],"wp:attachment":[{"href":"https:\/\/kastela.hr\/en\/wp-json\/wp\/v2\/media?parent=7808"}],"wp:term":[{"taxonomy":"obavijesti_tax","embeddable":true,"href":"https:\/\/kastela.hr\/en\/wp-json\/wp\/v2\/obavijesti_tax?post=7808"}],"curies":[{"name":"wp","href":"https:\/\/api.w.org\/{rel}","templated":true}]}}

Zakazana 6. sjednica Županijske skupštine

<p><a href="https://kastela.hr/en/wp-content/uploads/2024/08/zupanija.jpg"><img loading="lazy" decoding="async" class="alignleft size-thumbnail wp-image-16608" alt="zupanija" src="https://kastela.hr/en/wp-content/uploads/2024/08/zupanija.jpg" width="113" height="90" /></a>Šesta sjednica Županijske skupštine održat će se 23. prosinca (ponedjeljak) 2013. s početkom u 10,30 sati u dvorani Županije, a na dnevnom su redu, između ostaloga, prijedlozi izmjena i dopuna Proračuna Županije, kao i gotovo svih programa javnih potreba, koji se financiraju proračunskim novcem.</p>
<p><a href="http://www.dalmacija.hr/tabid/304/clanak/2340/ZAKAZANA-6-SJEDNICA-ZUPANIJSKE-SKUPSTINE.aspx">Dnevni red</a></p>
<p> </p>
