{"id":7807,"date":"2013-12-19T09:39:44","date_gmt":"2013-12-19T08:39:44","guid":{"rendered":"https:\/\/kastela.hr\/en\/obavijest\/u-petak-gradsko-vijece-odlucuje-o-proracunu\/"},"modified":"2013-12-19T09:39:44","modified_gmt":"2013-12-19T08:39:44","slug":"u-petak-gradsko-vijece-odlucuje-o-proracunu","status":"publish","type":"obavijest","link":"https:\/\/kastela.hr\/en\/obavijest\/u-petak-gradsko-vijece-odlucuje-o-proracunu\/","title":{"rendered":"U petak Gradsko vije\u0107e odlu\u010duje o prora\u010dunu"},"content":{"rendered":"<p><a href=\"https:\/\/kastela.hr\/en\/wp-content\/uploads\/2024\/08\/vijece-1013.jpg\"><img loading=\"lazy\" decoding=\"async\" class=\"alignleft size-thumbnail wp-image-15237\" alt=\"vijece 1013\" src=\"https:\/\/kastela.hr\/en\/wp-content\/uploads\/2024\/08\/vijece-1013.jpg\" width=\"150\" height=\"112\" \/><\/a>Gradski vije\u0107nici zasjedat \u0107e u petak, 20. prosinca od 12 i 30 sati, za kada je zakazana 6. sjednica, na \u010dijem se dnevnom redu nalazi 19 to\u010daka.<\/p>\n<p>Prijedlog prora\u010duna Grada Ka\u0161tela za 2014.g. i programi javnih potreba najva\u017enije su to\u010dke dnevnog reda o kojima vije\u0107nici obi\u010dno najvi\u0161e i raspravljaju, \u0161to je i razumljivo obzirom da se tim dokumentima definiraju aktivnosti Grada tijekom slijede\u0107e kalendarske godine.<\/p>\n<p><a href=\"http:\/\/www.kastela.hr\/poziv-za-6-sjednicu\">\u00a0Poziv<\/a><\/p>\n","protected":false},"featured_media":6412,"parent":0,"template":"","meta":{"_acf_changed":false},"obavijesti_tax":[],"class_list":["post-7807","obavijest","type-obavijest","status-publish","has-post-thumbnail","hentry"],"acf":[],"_links":{"self":[{"href":"https:\/\/kastela.hr\/en\/wp-json\/wp\/v2\/obavijest\/7807","targetHints":{"allow":["GET"]}}],"collection":[{"href":"https:\/\/kastela.hr\/en\/wp-json\/wp\/v2\/obavijest"}],"about":[{"href":"https:\/\/kastela.hr\/en\/wp-json\/wp\/v2\/types\/obavijest"}],"wp:featuredmedia":[{"embeddable":true,"href":"https:\/\/kastela.hr\/en\/wp-json\/wp\/v2\/media\/6412"}],"wp:attachment":[{"href":"https:\/\/kastela.hr\/en\/wp-json\/wp\/v2\/media?parent=7807"}],"wp:term":[{"taxonomy":"obavijesti_tax","embeddable":true,"href":"https:\/\/kastela.hr\/en\/wp-json\/wp\/v2\/obavijesti_tax?post=7807"}],"curies":[{"name":"wp","href":"https:\/\/api.w.org\/{rel}","templated":true}]}}

U petak Gradsko vijeće odlučuje o proračunu

<p><a href="https://kastela.hr/en/wp-content/uploads/2024/08/vijece-1013.jpg"><img loading="lazy" decoding="async" class="alignleft size-thumbnail wp-image-15237" alt="vijece 1013" src="https://kastela.hr/en/wp-content/uploads/2024/08/vijece-1013.jpg" width="150" height="112" /></a>Gradski vijećnici zasjedat će u petak, 20. prosinca od 12 i 30 sati, za kada je zakazana 6. sjednica, na čijem se dnevnom redu nalazi 19 točaka.</p>
<p>Prijedlog proračuna Grada Kaštela za 2014.g. i programi javnih potreba najvažnije su točke dnevnog reda o kojima vijećnici obično najviše i raspravljaju, što je i razumljivo obzirom da se tim dokumentima definiraju aktivnosti Grada tijekom slijedeće kalendarske godine.</p>
<p><a href="http://www.kastela.hr/poziv-za-6-sjednicu"> Poziv</a></p>
