{"id":7805,"date":"2014-03-17T12:10:09","date_gmt":"2014-03-17T11:10:09","guid":{"rendered":"https:\/\/kastela.hr\/en\/obavijest\/natjecaj-za-zakup-poslovnog-prostora\/"},"modified":"2014-03-17T12:10:09","modified_gmt":"2014-03-17T11:10:09","slug":"natjecaj-za-zakup-poslovnog-prostora","status":"publish","type":"obavijest","link":"https:\/\/kastela.hr\/en\/obavijest\/natjecaj-za-zakup-poslovnog-prostora\/","title":{"rendered":"Natje\u010daj za zakup poslovnog prostora"},"content":{"rendered":"<p><a href=\"http:\/\/www.kastela.hr\/wp-content\/uploads\/2013\/08\/GRB_KASTELA.jpg\"><img loading=\"lazy\" decoding=\"async\" class=\"alignleft  wp-image-13700\" alt=\"GRB_KASTELA\" src=\"http:\/\/www.kastela.hr\/wp-content\/uploads\/2013\/08\/GRB_KASTELA-150x160.jpg\" width=\"76\" height=\"81\" \/><\/a>Upravno vije\u0107e Javne ustanove\u00a0 \u0160portski objekti Ka\u0161tela objavilo je Javni natje\u010daj za zakup poslovnog prostora u \u0161portskoj dvorani u K. Starom, Slavonska 7.<\/p>\n<p>Obavijest o natje\u010daju objavljena je u Slobodnoj Dalmaciji 12. o\u017eujka 2013.g. Tekst natje\u010daja postavljen je i na oglasnim plo\u010dama Grada Ka\u0161tela, Bra\u0107e Radi\u0107 1, K. Su\u0107urac i \u0161portske dvorana, Slavonska 7, K. Stari<\/p>\n<p>Zadnji dan za podno\u0161enje prijava na natje\u010daj je 02. travnja 2014.g.<\/p>\n<p><a href=\"http:\/\/www.kastela.hr\/wp-content\/uploads\/2014\/03\/Natjecaj-za-poslovni-prostor.pdf\">Natje\u010daj za poslovni prostor<\/a><\/p>\n<p>\u00a0<\/p>\n","protected":false},"featured_media":0,"parent":0,"template":"","meta":{"_acf_changed":false},"obavijesti_tax":[],"class_list":["post-7805","obavijest","type-obavijest","status-publish","hentry"],"acf":[],"_links":{"self":[{"href":"https:\/\/kastela.hr\/en\/wp-json\/wp\/v2\/obavijest\/7805","targetHints":{"allow":["GET"]}}],"collection":[{"href":"https:\/\/kastela.hr\/en\/wp-json\/wp\/v2\/obavijest"}],"about":[{"href":"https:\/\/kastela.hr\/en\/wp-json\/wp\/v2\/types\/obavijest"}],"wp:attachment":[{"href":"https:\/\/kastela.hr\/en\/wp-json\/wp\/v2\/media?parent=7805"}],"wp:term":[{"taxonomy":"obavijesti_tax","embeddable":true,"href":"https:\/\/kastela.hr\/en\/wp-json\/wp\/v2\/obavijesti_tax?post=7805"}],"curies":[{"name":"wp","href":"https:\/\/api.w.org\/{rel}","templated":true}]}}

Natječaj za zakup poslovnog prostora

<p><a href="http://www.kastela.hr/wp-content/uploads/2013/08/GRB_KASTELA.jpg"><img loading="lazy" decoding="async" class="alignleft  wp-image-13700" alt="GRB_KASTELA" src="http://www.kastela.hr/wp-content/uploads/2013/08/GRB_KASTELA-150x160.jpg" width="76" height="81" /></a>Upravno vijeće Javne ustanove  Športski objekti Kaštela objavilo je Javni natječaj za zakup poslovnog prostora u športskoj dvorani u K. Starom, Slavonska 7.</p>
<p>Obavijest o natječaju objavljena je u Slobodnoj Dalmaciji 12. ožujka 2013.g. Tekst natječaja postavljen je i na oglasnim pločama Grada Kaštela, Braće Radić 1, K. Sućurac i športske dvorana, Slavonska 7, K. Stari</p>
<p>Zadnji dan za podnošenje prijava na natječaj je 02. travnja 2014.g.</p>
<p><a href="http://www.kastela.hr/wp-content/uploads/2014/03/Natjecaj-za-poslovni-prostor.pdf">Natječaj za poslovni prostor</a></p>
<p> </p>
