{"id":7802,"date":"2014-08-26T08:01:25","date_gmt":"2014-08-26T06:01:25","guid":{"rendered":"https:\/\/kastela.hr\/en\/obavijest\/izbori-za-clanove-vijeca-mjesnih-odbora\/"},"modified":"2014-08-26T08:01:25","modified_gmt":"2014-08-26T06:01:25","slug":"izbori-za-clanove-vijeca-mjesnih-odbora","status":"publish","type":"obavijest","link":"https:\/\/kastela.hr\/en\/obavijest\/izbori-za-clanove-vijeca-mjesnih-odbora\/","title":{"rendered":"Izbori za \u010dlanove vije\u0107a Mjesnih odbora"},"content":{"rendered":"<p><a href=\"https:\/\/kastela.hr\/en\/wp-content\/uploads\/2024\/08\/GRB-GRADA-KASTELA.jpg\"><img loading=\"lazy\" decoding=\"async\" class=\"alignleft size-full wp-image-20464\" alt=\"GRB GRADA KASTELA\" src=\"https:\/\/kastela.hr\/en\/wp-content\/uploads\/2024\/08\/GRB-GRADA-KASTELA.jpg\" width=\"93\" height=\"100\" \/><\/a>Izbori za \u010dlanice\/\u010dlanove vije\u0107a mjesnih odbora Ka\u0161tel Su\u0107urac, Ka\u0161tel Gomilica, Ka\u0161tel Kambelovac, Ka\u0161tel Luk\u0161i\u0107, Ka\u0161tel Stari, Ka\u0161tel Novi, Ka\u0161tel \u0160tafili\u0107, Radun i Rudine odr\u017eati \u0107e se u <strong>nedjelju 21. rujna 2014.<\/strong><\/p>\n<p>Detaljne informacije o postupku kandidiranja i provedbi izbora mo\u017eete prona\u0107i <a href=\"http:\/\/www.kastela.hr\/izbori-za-clanove-vijeca-m-o\">OVDJE<\/a> ili pod rubrikom <em>Aktualno\/ Izbori\/ Izbori za \u010dlanove vije\u0107a Mjesnih odbora.<\/em><\/p>\n","protected":false},"featured_media":7803,"parent":0,"template":"","meta":{"_acf_changed":false},"obavijesti_tax":[],"class_list":["post-7802","obavijest","type-obavijest","status-publish","has-post-thumbnail","hentry"],"acf":[],"_links":{"self":[{"href":"https:\/\/kastela.hr\/en\/wp-json\/wp\/v2\/obavijest\/7802","targetHints":{"allow":["GET"]}}],"collection":[{"href":"https:\/\/kastela.hr\/en\/wp-json\/wp\/v2\/obavijest"}],"about":[{"href":"https:\/\/kastela.hr\/en\/wp-json\/wp\/v2\/types\/obavijest"}],"wp:featuredmedia":[{"embeddable":true,"href":"https:\/\/kastela.hr\/en\/wp-json\/wp\/v2\/media\/7803"}],"wp:attachment":[{"href":"https:\/\/kastela.hr\/en\/wp-json\/wp\/v2\/media?parent=7802"}],"wp:term":[{"taxonomy":"obavijesti_tax","embeddable":true,"href":"https:\/\/kastela.hr\/en\/wp-json\/wp\/v2\/obavijesti_tax?post=7802"}],"curies":[{"name":"wp","href":"https:\/\/api.w.org\/{rel}","templated":true}]}}

Izbori za članove vijeća Mjesnih odbora

<p><a href="https://kastela.hr/en/wp-content/uploads/2024/08/GRB-GRADA-KASTELA.jpg"><img loading="lazy" decoding="async" class="alignleft size-full wp-image-20464" alt="GRB GRADA KASTELA" src="https://kastela.hr/en/wp-content/uploads/2024/08/GRB-GRADA-KASTELA.jpg" width="93" height="100" /></a>Izbori za članice/članove vijeća mjesnih odbora Kaštel Sućurac, Kaštel Gomilica, Kaštel Kambelovac, Kaštel Lukšić, Kaštel Stari, Kaštel Novi, Kaštel Štafilić, Radun i Rudine održati će se u <strong>nedjelju 21. rujna 2014.</strong></p>
<p>Detaljne informacije o postupku kandidiranja i provedbi izbora možete pronaći <a href="http://www.kastela.hr/izbori-za-clanove-vijeca-m-o">OVDJE</a> ili pod rubrikom <em>Aktualno/ Izbori/ Izbori za članove vijeća Mjesnih odbora.</em></p>
