{"id":7798,"date":"2014-12-23T09:37:31","date_gmt":"2014-12-23T08:37:31","guid":{"rendered":"https:\/\/kastela.hr\/en\/obavijest\/konstituiran-savjet-mladih-2\/"},"modified":"2014-12-23T09:37:31","modified_gmt":"2014-12-23T08:37:31","slug":"konstituiran-savjet-mladih-2","status":"publish","type":"obavijest","link":"https:\/\/kastela.hr\/en\/obavijest\/konstituiran-savjet-mladih-2\/","title":{"rendered":"Konstituiran Savjet mladih"},"content":{"rendered":"<p><a href=\"https:\/\/kastela.hr\/en\/wp-content\/uploads\/2024\/08\/GRB-GRADA-KASTELA1-6.jpg\"><img loading=\"lazy\" decoding=\"async\" class=\"alignleft size-full wp-image-20606\" alt=\"GRB GRADA KASTELA\" src=\"https:\/\/kastela.hr\/en\/wp-content\/uploads\/2024\/08\/GRB-GRADA-KASTELA1-6.jpg\" width=\"93\" height=\"100\" \/><\/a>Na temelju \u010dlanka 10. stavka 4. Odluke o osnivanju Savjeta mladih Grada Ka\u0161tela predsjednik Gradskog vije\u0107a Denis Ivanovi\u0107 daje obavijest da je Savjet mladih Grada Ka\u0161tela konstituiran 22. prosinca 2014.g. izborom Tomislave Bogi\u0107 za predsjednicu.<\/p>\n<p><a href=\"http:\/\/www.kastela.hr\/wp-content\/uploads\/2014\/12\/Obavijest-o-konstituiranju-Savjeta-mladih-Grada-Kastela.pdf\">Obavijest o konstituiranju Savjeta mladih Grada Ka\u0161tela<\/a><\/p>\n<p>\u00a0<\/p>\n<p>\u00a0<\/p>\n","protected":false},"featured_media":6243,"parent":0,"template":"","meta":{"_acf_changed":false},"obavijesti_tax":[],"class_list":["post-7798","obavijest","type-obavijest","status-publish","has-post-thumbnail","hentry"],"acf":[],"_links":{"self":[{"href":"https:\/\/kastela.hr\/en\/wp-json\/wp\/v2\/obavijest\/7798","targetHints":{"allow":["GET"]}}],"collection":[{"href":"https:\/\/kastela.hr\/en\/wp-json\/wp\/v2\/obavijest"}],"about":[{"href":"https:\/\/kastela.hr\/en\/wp-json\/wp\/v2\/types\/obavijest"}],"wp:featuredmedia":[{"embeddable":true,"href":"https:\/\/kastela.hr\/en\/wp-json\/wp\/v2\/media\/6243"}],"wp:attachment":[{"href":"https:\/\/kastela.hr\/en\/wp-json\/wp\/v2\/media?parent=7798"}],"wp:term":[{"taxonomy":"obavijesti_tax","embeddable":true,"href":"https:\/\/kastela.hr\/en\/wp-json\/wp\/v2\/obavijesti_tax?post=7798"}],"curies":[{"name":"wp","href":"https:\/\/api.w.org\/{rel}","templated":true}]}}

<p><a href="https://kastela.hr/en/wp-content/uploads/2024/08/GRB-GRADA-KASTELA1-6.jpg"><img loading="lazy" decoding="async" class="alignleft size-full wp-image-20606" alt="GRB GRADA KASTELA" src="https://kastela.hr/en/wp-content/uploads/2024/08/GRB-GRADA-KASTELA1-6.jpg" width="93" height="100" /></a>Na temelju članka 10. stavka 4. Odluke o osnivanju Savjeta mladih Grada Kaštela predsjednik Gradskog vijeća Denis Ivanović daje obavijest da je Savjet mladih Grada Kaštela konstituiran 22. prosinca 2014.g. izborom Tomislave Bogić za predsjednicu.</p>
<p><a href="http://www.kastela.hr/wp-content/uploads/2014/12/Obavijest-o-konstituiranju-Savjeta-mladih-Grada-Kastela.pdf">Obavijest o konstituiranju Savjeta mladih Grada Kaštela</a></p>
<p> </p>
<p> </p>
