{"id":7792,"date":"2018-01-29T08:58:00","date_gmt":"2018-01-29T07:58:00","guid":{"rendered":"https:\/\/kastela.hr\/en\/obavijest\/sazvana-5-sjednica-gradskog-vijeca-grada-kastela\/"},"modified":"2018-01-29T08:58:00","modified_gmt":"2018-01-29T07:58:00","slug":"sazvana-5-sjednica-gradskog-vijeca-grada-kastela","status":"publish","type":"obavijest","link":"https:\/\/kastela.hr\/en\/obavijest\/sazvana-5-sjednica-gradskog-vijeca-grada-kastela\/","title":{"rendered":"SAZVANA 5. SJEDNICA GRADSKOG VIJE\u0106A GRADA KA\u0160TELA"},"content":{"rendered":"<p>Sazvana je 5. sjednica Gradskog vije\u0107a Grada Ka\u0161tela&nbsp;za dan 31. sije\u010dnja (srijeda) 2018. g. u 12,00 sati u Gradskoj vije\u0107nici sa sljede\u0107im Dnevim redom:<\/p>\n","protected":false},"featured_media":0,"parent":0,"template":"","meta":{"_acf_changed":false},"obavijesti_tax":[],"class_list":["post-7792","obavijest","type-obavijest","status-publish","hentry"],"acf":[],"_links":{"self":[{"href":"https:\/\/kastela.hr\/en\/wp-json\/wp\/v2\/obavijest\/7792","targetHints":{"allow":["GET"]}}],"collection":[{"href":"https:\/\/kastela.hr\/en\/wp-json\/wp\/v2\/obavijest"}],"about":[{"href":"https:\/\/kastela.hr\/en\/wp-json\/wp\/v2\/types\/obavijest"}],"wp:attachment":[{"href":"https:\/\/kastela.hr\/en\/wp-json\/wp\/v2\/media?parent=7792"}],"wp:term":[{"taxonomy":"obavijesti_tax","embeddable":true,"href":"https:\/\/kastela.hr\/en\/wp-json\/wp\/v2\/obavijesti_tax?post=7792"}],"curies":[{"name":"wp","href":"https:\/\/api.w.org\/{rel}","templated":true}]}}

SAZVANA 5. SJEDNICA GRADSKOG VIJEĆA GRADA KAŠTELA

<p>Sazvana je 5. sjednica Gradskog vijeća Grada Kaštela&nbsp;za dan 31. siječnja (srijeda) 2018. g. u 12,00 sati u Gradskoj vijećnici sa sljedećim Dnevim redom:</p>
