{"id":7789,"date":"2018-02-19T09:19:00","date_gmt":"2018-02-19T08:19:00","guid":{"rendered":"https:\/\/kastela.hr\/en\/obavijest\/sazvana-6-sjednica-gradskog-vijeca\/"},"modified":"2018-02-19T09:19:00","modified_gmt":"2018-02-19T08:19:00","slug":"sazvana-6-sjednica-gradskog-vijeca","status":"publish","type":"obavijest","link":"https:\/\/kastela.hr\/en\/obavijest\/sazvana-6-sjednica-gradskog-vijeca\/","title":{"rendered":"SAZVANA 6. SJEDNICA GRADSKOG VIJE\u0106A"},"content":{"rendered":"<p>Predsjednik Gradskog vije\u0107a Ivan Udovi\u010di\u0107 sazvao je 6. sjednicu Gradskog vije\u0107a Grada Ka\u0161tela za dan 21. velja\u010de (srijeda) 2018. g. u 11:30 sati u Gradskoj vije\u0107nici. Dnevni red se sastoji od 12 to\u010dak<\/p>\n","protected":false},"featured_media":7790,"parent":0,"template":"","meta":{"_acf_changed":false},"obavijesti_tax":[],"class_list":["post-7789","obavijest","type-obavijest","status-publish","has-post-thumbnail","hentry"],"acf":[],"_links":{"self":[{"href":"https:\/\/kastela.hr\/en\/wp-json\/wp\/v2\/obavijest\/7789","targetHints":{"allow":["GET"]}}],"collection":[{"href":"https:\/\/kastela.hr\/en\/wp-json\/wp\/v2\/obavijest"}],"about":[{"href":"https:\/\/kastela.hr\/en\/wp-json\/wp\/v2\/types\/obavijest"}],"wp:featuredmedia":[{"embeddable":true,"href":"https:\/\/kastela.hr\/en\/wp-json\/wp\/v2\/media\/7790"}],"wp:attachment":[{"href":"https:\/\/kastela.hr\/en\/wp-json\/wp\/v2\/media?parent=7789"}],"wp:term":[{"taxonomy":"obavijesti_tax","embeddable":true,"href":"https:\/\/kastela.hr\/en\/wp-json\/wp\/v2\/obavijesti_tax?post=7789"}],"curies":[{"name":"wp","href":"https:\/\/api.w.org\/{rel}","templated":true}]}}

SAZVANA 6. SJEDNICA GRADSKOG VIJEĆA

<p>Predsjednik Gradskog vijeća Ivan Udovičić sazvao je 6. sjednicu Gradskog vijeća Grada Kaštela za dan 21. veljače (srijeda) 2018. g. u 11:30 sati u Gradskoj vijećnici. Dnevni red se sastoji od 12 točak</p>
