{"id":7786,"date":"2018-02-28T09:48:00","date_gmt":"2018-02-28T08:48:00","guid":{"rendered":"https:\/\/kastela.hr\/en\/obavijest\/javna-rasprava-o-nacrtu-prijedloga-plana-gospodarenja-otpadom-grada-kastela-za-razdoblje-od-2018-2023\/"},"modified":"2018-02-28T09:48:00","modified_gmt":"2018-02-28T08:48:00","slug":"javna-rasprava-o-nacrtu-prijedloga-plana-gospodarenja-otpadom-grada-kastela-za-razdoblje-od-2018-2023","status":"publish","type":"obavijest","link":"https:\/\/kastela.hr\/en\/obavijest\/javna-rasprava-o-nacrtu-prijedloga-plana-gospodarenja-otpadom-grada-kastela-za-razdoblje-od-2018-2023\/","title":{"rendered":"JAVNA RASPRAVA O NACRTU PRIJEDLOGA PLANA GOSPODARENJA OTPADOM GRADA KA\u0160TELA ZA RAZDOBLJE OD 2018. \u2013 2023."},"content":{"rendered":"<p>Grad Ka\u0161tela dana 27. velja\u010de 2018. donosi Odluku o provedbi Javne rasprave o Nacrtu prijedloga Plana gospodarenja otpadom Grada Ka\u0161tela za razdoblje od 2018. do 2023.godine.&nbsp;Javna rasprava o Nacrtu prijedloga Plana gospodarenja otpadom Grada Ka\u0161tela odr\u017eat \u0107e se u vremenu od 27. velja\u010de do 29. o\u017eujka 2018. godine radi pribavljanja mi\u0161ljenja, primjedbi i prijedloga. Svoje komentare na Nacrt Prijedloga Plana mo\u017eete do 29. o\u017eujka dostaviti na adresu: Grad Ka\u0161tela, Bra\u0107e Radi\u0107 1, 21212 Ka\u0161tel Su\u0107urac &ndash; UO za komunalno gospodarstvo i imovinsko pravne poslove ili na e mail adresu:&nbsp;<a href=\"mailto:marijana.miserda-bajic@kastela.hr\">marijana.miserda-bajic@kastela.hr<\/a><\/p>\n<p>Vi\u0161e informacija pro\u010ditajte u prilo\u017eenim dokumentima<\/p>\n","protected":false},"featured_media":7787,"parent":0,"template":"","meta":{"_acf_changed":false},"obavijesti_tax":[],"class_list":["post-7786","obavijest","type-obavijest","status-publish","has-post-thumbnail","hentry"],"acf":[],"_links":{"self":[{"href":"https:\/\/kastela.hr\/en\/wp-json\/wp\/v2\/obavijest\/7786","targetHints":{"allow":["GET"]}}],"collection":[{"href":"https:\/\/kastela.hr\/en\/wp-json\/wp\/v2\/obavijest"}],"about":[{"href":"https:\/\/kastela.hr\/en\/wp-json\/wp\/v2\/types\/obavijest"}],"wp:featuredmedia":[{"embeddable":true,"href":"https:\/\/kastela.hr\/en\/wp-json\/wp\/v2\/media\/7787"}],"wp:attachment":[{"href":"https:\/\/kastela.hr\/en\/wp-json\/wp\/v2\/media?parent=7786"}],"wp:term":[{"taxonomy":"obavijesti_tax","embeddable":true,"href":"https:\/\/kastela.hr\/en\/wp-json\/wp\/v2\/obavijesti_tax?post=7786"}],"curies":[{"name":"wp","href":"https:\/\/api.w.org\/{rel}","templated":true}]}}

JAVNA RASPRAVA O NACRTU PRIJEDLOGA PLANA GOSPODARENJA OTPADOM GRADA KAŠTELA ZA RAZDOBLJE OD 2018. – 2023.

<p>Grad Kaštela dana 27. veljače 2018. donosi Odluku o provedbi Javne rasprave o Nacrtu prijedloga Plana gospodarenja otpadom Grada Kaštela za razdoblje od 2018. do 2023.godine.&nbsp;Javna rasprava o Nacrtu prijedloga Plana gospodarenja otpadom Grada Kaštela održat će se u vremenu od 27. veljače do 29. ožujka 2018. godine radi pribavljanja mišljenja, primjedbi i prijedloga. Svoje komentare na Nacrt Prijedloga Plana možete do 29. ožujka dostaviti na adresu: Grad Kaštela, Braće Radić 1, 21212 Kaštel Sućurac &ndash; UO za komunalno gospodarstvo i imovinsko pravne poslove ili na e mail adresu:&nbsp;<a href="mailto:marijana.miserda-bajic@kastela.hr">marijana.miserda-bajic@kastela.hr</a></p>
<p>Više informacija pročitajte u priloženim dokumentima</p>
