{"id":7783,"date":"2014-12-23T13:12:00","date_gmt":"2014-12-23T12:12:00","guid":{"rendered":"https:\/\/kastela.hr\/en\/obavijest\/konstituiran-savjet-mladih\/"},"modified":"2014-12-23T13:12:00","modified_gmt":"2014-12-23T12:12:00","slug":"konstituiran-savjet-mladih","status":"publish","type":"obavijest","link":"https:\/\/kastela.hr\/en\/obavijest\/konstituiran-savjet-mladih\/","title":{"rendered":"KONSTITUIRAN SAVJET MLADIH"},"content":{"rendered":"<p>Na temelju \u010dlanka 10. stavka 4. Odluke o osnivanju Savjeta mladih Grada Ka\u0161tela predsjednik Gradskog vije\u0107a Denis Ivanovi\u0107 daje obavijest da je Savjet mladih Grada Ka\u0161tela konstituiran 22. prosinca 2014.g. izborom Tomislave Bogi\u0107 za predsjednicu.<\/p>\n","protected":false},"featured_media":7784,"parent":0,"template":"","meta":{"_acf_changed":false},"obavijesti_tax":[],"class_list":["post-7783","obavijest","type-obavijest","status-publish","has-post-thumbnail","hentry"],"acf":[],"_links":{"self":[{"href":"https:\/\/kastela.hr\/en\/wp-json\/wp\/v2\/obavijest\/7783","targetHints":{"allow":["GET"]}}],"collection":[{"href":"https:\/\/kastela.hr\/en\/wp-json\/wp\/v2\/obavijest"}],"about":[{"href":"https:\/\/kastela.hr\/en\/wp-json\/wp\/v2\/types\/obavijest"}],"wp:featuredmedia":[{"embeddable":true,"href":"https:\/\/kastela.hr\/en\/wp-json\/wp\/v2\/media\/7784"}],"wp:attachment":[{"href":"https:\/\/kastela.hr\/en\/wp-json\/wp\/v2\/media?parent=7783"}],"wp:term":[{"taxonomy":"obavijesti_tax","embeddable":true,"href":"https:\/\/kastela.hr\/en\/wp-json\/wp\/v2\/obavijesti_tax?post=7783"}],"curies":[{"name":"wp","href":"https:\/\/api.w.org\/{rel}","templated":true}]}}

<p>Na temelju članka 10. stavka 4. Odluke o osnivanju Savjeta mladih Grada Kaštela predsjednik Gradskog vijeća Denis Ivanović daje obavijest da je Savjet mladih Grada Kaštela konstituiran 22. prosinca 2014.g. izborom Tomislave Bogić za predsjednicu.</p>
