{"id":7782,"date":"2014-10-27T13:27:00","date_gmt":"2014-10-27T12:27:00","guid":{"rendered":"https:\/\/kastela.hr\/en\/obavijest\/izbor-clanova-savjeta-mladih\/"},"modified":"2014-10-27T13:27:00","modified_gmt":"2014-10-27T12:27:00","slug":"izbor-clanova-savjeta-mladih","status":"publish","type":"obavijest","link":"https:\/\/kastela.hr\/en\/obavijest\/izbor-clanova-savjeta-mladih\/","title":{"rendered":"IZBOR \u010cLANOVA SAVJETA MLADIH"},"content":{"rendered":"<p>Podsje\u0107amo da je Gradsko vije\u0107e Grada Ka\u0161tela objavilo Javni poziv za isticanje kandidature za izbor \u010dlanova Savjeta mladih Grada Ka\u0161tela i njihovih zamjenika.<br \/>\nSavjet mladih osniva se u cilju sudjelovanja mladih u odlu\u010divanju o upravljanju javnim poslovima od interesa i zna\u010daja za mlade, aktivnog uklju\u010divanja mladih u javni \u017eivot te informiranje i savjetovanje mladih u gradu Ka\u0161tela.<\/p>\n<p>Danas je zadnji dan za podno\u0161enje prijave.<\/p>\n<p>Prijedlozi kandidata i njihovih zamjenika za Savjet mladih Grada Ka\u0161tela s obrazlo\u017eenjima i odgovaraju\u0107om dokumentacijom mogu se predati u pisarnici Grada Ka\u0161tela ili putem po\u0161te na adresu:<\/p>\n<p>GRAD KA\u0160TELA<br \/>\nGRADSKO VIJE\u0106E<br \/>\nODBOR ZA IZBOR I IMENOVANJA<br \/>\nKa\u0161tel Su\u0107urac, Bra\u0107e Radi\u0107 1,<br \/>\ns naznakom: &ldquo;Prijedlog kandidature za izbor \u010dlanova savjeta mladih Grada Ka\u0161tela i njihovih zamjenika&rdquo; NE OTVARATI.<\/p>\n<p>Nepravovremeni i nepotpuni prijedlozi ne\u0107e se uzeti u razmatranje.<\/p>\n<p>&nbsp;<\/p>\n<p><a href=\"\/dokumenti?EntryId=1908#file-list\">OBRASCI ZA UDRUGE<\/a><\/p>\n<p><a href=\"\/dokumenti?EntryId=1909#file-list\">OBRASCI ZA NEFORMALNE SKUPINE<\/a><\/p>\n","protected":false},"featured_media":6196,"parent":0,"template":"","meta":{"_acf_changed":false},"obavijesti_tax":[],"class_list":["post-7782","obavijest","type-obavijest","status-publish","has-post-thumbnail","hentry"],"acf":[],"_links":{"self":[{"href":"https:\/\/kastela.hr\/en\/wp-json\/wp\/v2\/obavijest\/7782","targetHints":{"allow":["GET"]}}],"collection":[{"href":"https:\/\/kastela.hr\/en\/wp-json\/wp\/v2\/obavijest"}],"about":[{"href":"https:\/\/kastela.hr\/en\/wp-json\/wp\/v2\/types\/obavijest"}],"wp:featuredmedia":[{"embeddable":true,"href":"https:\/\/kastela.hr\/en\/wp-json\/wp\/v2\/media\/6196"}],"wp:attachment":[{"href":"https:\/\/kastela.hr\/en\/wp-json\/wp\/v2\/media?parent=7782"}],"wp:term":[{"taxonomy":"obavijesti_tax","embeddable":true,"href":"https:\/\/kastela.hr\/en\/wp-json\/wp\/v2\/obavijesti_tax?post=7782"}],"curies":[{"name":"wp","href":"https:\/\/api.w.org\/{rel}","templated":true}]}}

IZBOR ČLANOVA SAVJETA MLADIH

<p>Podsjećamo da je Gradsko vijeće Grada Kaštela objavilo Javni poziv za isticanje kandidature za izbor članova Savjeta mladih Grada Kaštela i njihovih zamjenika.<br />
Savjet mladih osniva se u cilju sudjelovanja mladih u odlučivanju o upravljanju javnim poslovima od interesa i značaja za mlade, aktivnog uključivanja mladih u javni život te informiranje i savjetovanje mladih u gradu Kaštela.</p>
<p>Danas je zadnji dan za podnošenje prijave.</p>
<p>Prijedlozi kandidata i njihovih zamjenika za Savjet mladih Grada Kaštela s obrazloženjima i odgovarajućom dokumentacijom mogu se predati u pisarnici Grada Kaštela ili putem pošte na adresu:</p>
<p>GRAD KAŠTELA<br />
GRADSKO VIJEĆE<br />
ODBOR ZA IZBOR I IMENOVANJA<br />
Kaštel Sućurac, Braće Radić 1,<br />
s naznakom: &ldquo;Prijedlog kandidature za izbor članova savjeta mladih Grada Kaštela i njihovih zamjenika&rdquo; NE OTVARATI.</p>
<p>Nepravovremeni i nepotpuni prijedlozi neće se uzeti u razmatranje.</p>
<p>&nbsp;</p>
<p><a href="/dokumenti?EntryId=1908#file-list">OBRASCI ZA UDRUGE</a></p>
<p><a href="/dokumenti?EntryId=1909#file-list">OBRASCI ZA NEFORMALNE SKUPINE</a></p>
