{"id":7773,"date":"2018-05-30T06:51:00","date_gmt":"2018-05-30T04:51:00","guid":{"rendered":"https:\/\/kastela.hr\/en\/obavijest\/sazvana-8-sjednica-gradskog-vijeca\/"},"modified":"2018-05-30T06:51:00","modified_gmt":"2018-05-30T04:51:00","slug":"sazvana-8-sjednica-gradskog-vijeca","status":"publish","type":"obavijest","link":"https:\/\/kastela.hr\/en\/obavijest\/sazvana-8-sjednica-gradskog-vijeca\/","title":{"rendered":"Sazvana 8. Sjednica Gradskog vije\u0107a"},"content":{"rendered":"<p>Predsjednik Gradskog vije\u0107a Ivan Udovi\u010di\u0107 sazvao je 8.&nbsp;sjednicu Gradskog vije\u0107a Grada Ka\u0161tela za dan&nbsp;7. lipnja 2018. g. (\u010detvrtak) g. u 12,00 sati.&nbsp;Dnevni red se sastoji od 15 to\u010daka:<\/p>\n<p>1. Usvajanje Zapisnika sa 7. sjednice Gradskog vije\u0107a<\/p>\n<p>2. Vije\u0107ni\u010dka pitanja i prijedlozi<\/p>\n<p>3. Informacija o sanaciji odlagali\u0161ta otpada Karepovac<\/p>\n<p>&ndash; Izvjestitelji: Arsen Zoran Ton\u0161i\u0107, predstavnik izvo\u0111a\u010da G.T. Trade d.o.o.Split i predstavnik Grada Splita<\/p>\n<p>4. Informacija o Planu razvoja sustava gospodarenja otpadom Komunalnog dru\u0161tva Zeleno i modro d.o.o.<\/p>\n<p>&ndash; Izvjestitelj Alen Lu\u010di\u0107, direktor<\/p>\n<p>5. Prijedlog odluke o uvjetima i na\u010dinu dr\u017eanja doma\u0107ih \u017eivotinja na podru\u010dju Grada Ka\u0161tela<\/p>\n<p>6. Prijedlog zaklju\u010dka o davanju mi\u0161ljenja o stjecanju prava vlasni\u0161tva nekretnine u Republici Hrvatskoj za norve\u0161kog dr\u017eavljanina<\/p>\n<p>7. a) Prigovori na Prijedlog programa raspolaganja poljoprivrednim zemlji\u0161tem u vlasni\u0161tvu Republike Hrvatske za Grad Ka\u0161tela<\/p>\n<p>b) Prijedlog programa raspolaganja poljoprivrednim zemlji\u0161tem u vlasni\u0161tvu Republike Hrvatske za Grad Ka\u0161tela<\/p>\n<p>&ndash; Izvjestiteljica t. 5 do t. 7 Marija Pelivan, pro\u010delnica Upravnog odjela za komunalno gospodarstvo i imovinsko &ndash; pravne poslove<\/p>\n<p>8.&nbsp;Prijedlog odluke&nbsp;o izmjenama Odluke o organizaciji parkiranja<\/p>\n<p>&ndash; Izvjestitelj: Izvjestitelj Alen Lu\u010di\u0107, direktor Komunalnog dru\u0161tva Zeleno i modro d.o.o.<\/p>\n<p>9. Prijedlog odluke o izmjeni i dopuni Odluke o na\u010dinu i uvjetima sufinanciranja programa pred\u0161kolskog odgoja privatnih i vjerskih dje\u010djih vrti\u0107a na podru\u010dju Grada Ka\u0161tela<\/p>\n<p>&ndash; Izvjestiteljica Sandra Zoki\u0107, pro\u010delnica Upravnog odjela za dru\u0161tvene djelatnosti i op\u0107e poslove<\/p>\n<p>10.&nbsp;Prijedlog I. Izmjena i dopuna Prora\u010duna Grada Ka\u0161tela za 2018. godinu<\/p>\n<p>&ndash; Izvjestiteljica: Matija Marija \u0110iki\u0107, pro\u010delnica Upravnog odjela za financije, prora\u010dun i javnu nabavu<\/p>\n<p>11. Prijedlog I. izmjena Programa javnih potreba u socijalnoj skrbi i zdravstvenoj za\u0161titi Grada Ka\u0161tela za 2018. godinu<\/p>\n<p>12. Prijedlog izmjena Programa javnih potreba pred\u0161kolskom odgoju Grada Ka\u0161tela za 2018. godinu<\/p>\n<p>13.&nbsp;Prijedlog I. izmjena Program javnih potreba u kulturi Grada Ka\u0161tela za 2018. godinu<\/p>\n<p>14. Prijedlog I. izmjena Programa financiranja javnih potreba udruga gra\u0111ana Grada, institucija, ustanova i vjerskih zajednica Grada Ka\u0161tela za 2018.g.<\/p>\n<p>15. Prijedlog I. izmjena Programa javnih potreba u protupo\u017earnoj i civilnoj za\u0161titi Grada Ka\u0161tela za 2018. godinu<\/p>\n<p>&ndash; Izvjestiteljica t. 11. do t. 15. : Sandra Zoki\u0107, pro\u010delnica Upravnog odjela za dru\u0161tvene djelatnosti i op\u0107e poslove<\/p>\n<p><strong>Materijale i poziv na 8. sjednicu Gradskog vije\u0107a mo\u017eete preuzeti&nbsp;<a href=\"\/grad-kastela\/gradsko-vijece\/sjednice-gradskog-vijeca?EntryId=2142#file-list\">OVDJE<\/a><\/strong><\/p>\n","protected":false},"featured_media":7774,"parent":0,"template":"","meta":{"_acf_changed":false},"obavijesti_tax":[],"class_list":["post-7773","obavijest","type-obavijest","status-publish","has-post-thumbnail","hentry"],"acf":[],"_links":{"self":[{"href":"https:\/\/kastela.hr\/en\/wp-json\/wp\/v2\/obavijest\/7773","targetHints":{"allow":["GET"]}}],"collection":[{"href":"https:\/\/kastela.hr\/en\/wp-json\/wp\/v2\/obavijest"}],"about":[{"href":"https:\/\/kastela.hr\/en\/wp-json\/wp\/v2\/types\/obavijest"}],"wp:featuredmedia":[{"embeddable":true,"href":"https:\/\/kastela.hr\/en\/wp-json\/wp\/v2\/media\/7774"}],"wp:attachment":[{"href":"https:\/\/kastela.hr\/en\/wp-json\/wp\/v2\/media?parent=7773"}],"wp:term":[{"taxonomy":"obavijesti_tax","embeddable":true,"href":"https:\/\/kastela.hr\/en\/wp-json\/wp\/v2\/obavijesti_tax?post=7773"}],"curies":[{"name":"wp","href":"https:\/\/api.w.org\/{rel}","templated":true}]}}

Sazvana 8. Sjednica Gradskog vijeća

<p>Predsjednik Gradskog vijeća Ivan Udovičić sazvao je 8.&nbsp;sjednicu Gradskog vijeća Grada Kaštela za dan&nbsp;7. lipnja 2018. g. (četvrtak) g. u 12,00 sati.&nbsp;Dnevni red se sastoji od 15 točaka:</p>
<p>1. Usvajanje Zapisnika sa 7. sjednice Gradskog vijeća</p>
<p>2. Vijećnička pitanja i prijedlozi</p>
<p>3. Informacija o sanaciji odlagališta otpada Karepovac</p>
<p>&ndash; Izvjestitelji: Arsen Zoran Tonšić, predstavnik izvođača G.T. Trade d.o.o.Split i predstavnik Grada Splita</p>
<p>4. Informacija o Planu razvoja sustava gospodarenja otpadom Komunalnog društva Zeleno i modro d.o.o.</p>
<p>&ndash; Izvjestitelj Alen Lučić, direktor</p>
<p>5. Prijedlog odluke o uvjetima i načinu držanja domaćih životinja na području Grada Kaštela</p>
<p>6. Prijedlog zaključka o davanju mišljenja o stjecanju prava vlasništva nekretnine u Republici Hrvatskoj za norveškog državljanina</p>
<p>7. a) Prigovori na Prijedlog programa raspolaganja poljoprivrednim zemljištem u vlasništvu Republike Hrvatske za Grad Kaštela</p>
<p>b) Prijedlog programa raspolaganja poljoprivrednim zemljištem u vlasništvu Republike Hrvatske za Grad Kaštela</p>
<p>&ndash; Izvjestiteljica t. 5 do t. 7 Marija Pelivan, pročelnica Upravnog odjela za komunalno gospodarstvo i imovinsko &ndash; pravne poslove</p>
<p>8.&nbsp;Prijedlog odluke&nbsp;o izmjenama Odluke o organizaciji parkiranja</p>
<p>&ndash; Izvjestitelj: Izvjestitelj Alen Lučić, direktor Komunalnog društva Zeleno i modro d.o.o.</p>
<p>9. Prijedlog odluke o izmjeni i dopuni Odluke o načinu i uvjetima sufinanciranja programa predškolskog odgoja privatnih i vjerskih dječjih vrtića na području Grada Kaštela</p>
<p>&ndash; Izvjestiteljica Sandra Zokić, pročelnica Upravnog odjela za društvene djelatnosti i opće poslove</p>
<p>10.&nbsp;Prijedlog I. Izmjena i dopuna Proračuna Grada Kaštela za 2018. godinu</p>
<p>&ndash; Izvjestiteljica: Matija Marija Đikić, pročelnica Upravnog odjela za financije, proračun i javnu nabavu</p>
<p>11. Prijedlog I. izmjena Programa javnih potreba u socijalnoj skrbi i zdravstvenoj zaštiti Grada Kaštela za 2018. godinu</p>
<p>12. Prijedlog izmjena Programa javnih potreba predškolskom odgoju Grada Kaštela za 2018. godinu</p>
<p>13.&nbsp;Prijedlog I. izmjena Program javnih potreba u kulturi Grada Kaštela za 2018. godinu</p>
<p>14. Prijedlog I. izmjena Programa financiranja javnih potreba udruga građana Grada, institucija, ustanova i vjerskih zajednica Grada Kaštela za 2018.g.</p>
<p>15. Prijedlog I. izmjena Programa javnih potreba u protupožarnoj i civilnoj zaštiti Grada Kaštela za 2018. godinu</p>
<p>&ndash; Izvjestiteljica t. 11. do t. 15. : Sandra Zokić, pročelnica Upravnog odjela za društvene djelatnosti i opće poslove</p>
<p><strong>Materijale i poziv na 8. sjednicu Gradskog vijeća možete preuzeti&nbsp;<a href="/grad-kastela/gradsko-vijece/sjednice-gradskog-vijeca?EntryId=2142#file-list">OVDJE</a></strong></p>
