{"id":7769,"date":"2018-09-24T11:44:00","date_gmt":"2018-09-24T09:44:00","guid":{"rendered":"https:\/\/kastela.hr\/en\/obavijest\/objavljene-kandidacijske-i-zbirne-liste-za-izbore-vijeca-mjesnih-odbora-2018\/"},"modified":"2018-09-24T11:44:00","modified_gmt":"2018-09-24T09:44:00","slug":"objavljene-kandidacijske-i-zbirne-liste-za-izbore-vijeca-mjesnih-odbora-2018","status":"publish","type":"obavijest","link":"https:\/\/kastela.hr\/en\/obavijest\/objavljene-kandidacijske-i-zbirne-liste-za-izbore-vijeca-mjesnih-odbora-2018\/","title":{"rendered":"Objavljene kandidacijske i zbirne liste za izbore vije\u0107a mjesnih odbora 2018."},"content":{"rendered":"<p>Izborno povjerenstvo za provedbu izbora za \u010dlanove vije\u0107a mjesnih odbora objavilo je pravovaljane kandidacijske i zbirne liste za izbor \u010dlanova vije\u0107a mjesnih odbora na podru\u010dju Grada Ka\u0161tela koje mo\u017eete pogledati&nbsp;<a href=\"http:\/\/www.kastela.hr\/izbori-za-vmo-2018\/kandidacijske-i-zbirne-liste\" target=\"_blank\" rel=\"noopener\">ovdje.<\/a><\/p>\n","protected":false},"featured_media":0,"parent":0,"template":"","meta":{"_acf_changed":false},"obavijesti_tax":[],"class_list":["post-7769","obavijest","type-obavijest","status-publish","hentry"],"acf":[],"_links":{"self":[{"href":"https:\/\/kastela.hr\/en\/wp-json\/wp\/v2\/obavijest\/7769","targetHints":{"allow":["GET"]}}],"collection":[{"href":"https:\/\/kastela.hr\/en\/wp-json\/wp\/v2\/obavijest"}],"about":[{"href":"https:\/\/kastela.hr\/en\/wp-json\/wp\/v2\/types\/obavijest"}],"wp:attachment":[{"href":"https:\/\/kastela.hr\/en\/wp-json\/wp\/v2\/media?parent=7769"}],"wp:term":[{"taxonomy":"obavijesti_tax","embeddable":true,"href":"https:\/\/kastela.hr\/en\/wp-json\/wp\/v2\/obavijesti_tax?post=7769"}],"curies":[{"name":"wp","href":"https:\/\/api.w.org\/{rel}","templated":true}]}}

Objavljene kandidacijske i zbirne liste za izbore vijeća mjesnih odbora 2018.

<p>Izborno povjerenstvo za provedbu izbora za članove vijeća mjesnih odbora objavilo je pravovaljane kandidacijske i zbirne liste za izbor članova vijeća mjesnih odbora na području Grada Kaštela koje možete pogledati&nbsp;<a href="http://www.kastela.hr/izbori-za-vmo-2018/kandidacijske-i-zbirne-liste" target="_blank" rel="noopener">ovdje.</a></p>
