{"id":7766,"date":"2018-09-24T11:46:00","date_gmt":"2018-09-24T09:46:00","guid":{"rendered":"https:\/\/kastela.hr\/en\/obavijest\/objavljena-biracka-mjesta-za-izbore-vijeca-mjesnih-odbora-2018-grada-kastela\/"},"modified":"2018-09-24T11:46:00","modified_gmt":"2018-09-24T09:46:00","slug":"objavljena-biracka-mjesta-za-izbore-vijeca-mjesnih-odbora-2018-grada-kastela","status":"publish","type":"obavijest","link":"https:\/\/kastela.hr\/en\/obavijest\/objavljena-biracka-mjesta-za-izbore-vijeca-mjesnih-odbora-2018-grada-kastela\/","title":{"rendered":"Objavljena bira\u010dka mjesta za izbore vije\u0107a mjesnih odbora 2018. Grada Ka\u0161tela"},"content":{"rendered":"<p>Izborno povjerenstvo za provedbu izbora za \u010dlanove vije\u0107a mjesnih odbora objavilo je rje\u0161enje o odre\u0111ivanju bira\u010dkih mjesta za izbore \u010dlanova vije\u0107a mjesnih odbora na podru\u010dju Grada Ka\u0161tela koje se mo\u017ee pogledati ovdje:<\/p>\n","protected":false},"featured_media":7767,"parent":0,"template":"","meta":{"_acf_changed":false},"obavijesti_tax":[],"class_list":["post-7766","obavijest","type-obavijest","status-publish","has-post-thumbnail","hentry"],"acf":[],"_links":{"self":[{"href":"https:\/\/kastela.hr\/en\/wp-json\/wp\/v2\/obavijest\/7766","targetHints":{"allow":["GET"]}}],"collection":[{"href":"https:\/\/kastela.hr\/en\/wp-json\/wp\/v2\/obavijest"}],"about":[{"href":"https:\/\/kastela.hr\/en\/wp-json\/wp\/v2\/types\/obavijest"}],"wp:featuredmedia":[{"embeddable":true,"href":"https:\/\/kastela.hr\/en\/wp-json\/wp\/v2\/media\/7767"}],"wp:attachment":[{"href":"https:\/\/kastela.hr\/en\/wp-json\/wp\/v2\/media?parent=7766"}],"wp:term":[{"taxonomy":"obavijesti_tax","embeddable":true,"href":"https:\/\/kastela.hr\/en\/wp-json\/wp\/v2\/obavijesti_tax?post=7766"}],"curies":[{"name":"wp","href":"https:\/\/api.w.org\/{rel}","templated":true}]}}

Objavljena biračka mjesta za izbore vijeća mjesnih odbora 2018. Grada Kaštela

<p>Izborno povjerenstvo za provedbu izbora za članove vijeća mjesnih odbora objavilo je rješenje o određivanju biračkih mjesta za izbore članova vijeća mjesnih odbora na području Grada Kaštela koje se može pogledati ovdje:</p>
