{"id":7763,"date":"2018-09-27T12:43:00","date_gmt":"2018-09-27T10:43:00","guid":{"rendered":"https:\/\/kastela.hr\/en\/obavijest\/konacni-rezultati-izbora-za-clanove-vijeca-mjesnih-odbora-grada-kastela-2018\/"},"modified":"2018-09-27T12:43:00","modified_gmt":"2018-09-27T10:43:00","slug":"konacni-rezultati-izbora-za-clanove-vijeca-mjesnih-odbora-grada-kastela-2018","status":"publish","type":"obavijest","link":"https:\/\/kastela.hr\/en\/obavijest\/konacni-rezultati-izbora-za-clanove-vijeca-mjesnih-odbora-grada-kastela-2018\/","title":{"rendered":"Kona\u010dni rezultati izbora za \u010dlanove vije\u0107a mjesnih odbora Grada Ka\u0161tela 2018."},"content":{"rendered":"<p>Na temelju \u010dlanka 49. i 50. Odluke o izboru \u010dlanova vije\u0107a mjesnih odbora na podru\u010dju Grada Ka\u0161tela (Slu\u017ebeni glasnik Grada Ka\u0161tela, broj 2\/14 i 10\/18) Izborno povjerenstvo Grada Ka\u0161tela objavljuje kona\u010dne rezultate izbora za \u010dlanove vije\u0107a mjesnih odbora koji su odr\u017eani 23. rujna 2018. godine.<\/p>\n","protected":false},"featured_media":7764,"parent":0,"template":"","meta":{"_acf_changed":false},"obavijesti_tax":[],"class_list":["post-7763","obavijest","type-obavijest","status-publish","has-post-thumbnail","hentry"],"acf":[],"_links":{"self":[{"href":"https:\/\/kastela.hr\/en\/wp-json\/wp\/v2\/obavijest\/7763","targetHints":{"allow":["GET"]}}],"collection":[{"href":"https:\/\/kastela.hr\/en\/wp-json\/wp\/v2\/obavijest"}],"about":[{"href":"https:\/\/kastela.hr\/en\/wp-json\/wp\/v2\/types\/obavijest"}],"wp:featuredmedia":[{"embeddable":true,"href":"https:\/\/kastela.hr\/en\/wp-json\/wp\/v2\/media\/7764"}],"wp:attachment":[{"href":"https:\/\/kastela.hr\/en\/wp-json\/wp\/v2\/media?parent=7763"}],"wp:term":[{"taxonomy":"obavijesti_tax","embeddable":true,"href":"https:\/\/kastela.hr\/en\/wp-json\/wp\/v2\/obavijesti_tax?post=7763"}],"curies":[{"name":"wp","href":"https:\/\/api.w.org\/{rel}","templated":true}]}}

Konačni rezultati izbora za članove vijeća mjesnih odbora Grada Kaštela 2018.

<p>Na temelju članka 49. i 50. Odluke o izboru članova vijeća mjesnih odbora na području Grada Kaštela (Službeni glasnik Grada Kaštela, broj 2/14 i 10/18) Izborno povjerenstvo Grada Kaštela objavljuje konačne rezultate izbora za članove vijeća mjesnih odbora koji su održani 23. rujna 2018. godine.</p>
