{"id":7760,"date":"2019-06-10T03:00:00","date_gmt":"2019-06-10T01:00:00","guid":{"rendered":"https:\/\/kastela.hr\/en\/obavijest\/konacni-rezultati-izbora-za-clanove-vijeca-nacionalnih-manjina-i-predstavnika-nacionalnih-manjina-u-gradu-kastela\/"},"modified":"2019-06-10T03:00:00","modified_gmt":"2019-06-10T01:00:00","slug":"konacni-rezultati-izbora-za-clanove-vijeca-nacionalnih-manjina-i-predstavnika-nacionalnih-manjina-u-gradu-kastela","status":"publish","type":"obavijest","link":"https:\/\/kastela.hr\/en\/obavijest\/konacni-rezultati-izbora-za-clanove-vijeca-nacionalnih-manjina-i-predstavnika-nacionalnih-manjina-u-gradu-kastela\/","title":{"rendered":"Kona\u010dni rezultati izbora za \u010dlanove vije\u0107a nacionalnih manjina i predstavnika nacionalnih manjina u Gradu Ka\u0161tela"},"content":{"rendered":"<p>Vlada RH je 28. o\u017eujka 2019. donijela Odluku o raspisivanju izbora za \u010dlanove vije\u0107a nacionalnih manjina i Odluku o raspisivanju izbora za predstavnike nacionalnih manjina u jedinicama lokalne i podru\u010dne samouprave.<\/p>\n<p>Za dan provedbe izbora odre\u0111ena je nedjelja 5. svibnja 2019.<\/p>\n<p>Gradsko izborno povjerenstvo Grada Ka\u0161tela zaprima i utvr\u0111uje liste kandidata i kandidatura, odre\u0111uje bira\u010dka mjesta, imenuje i raspu\u0161ta bira\u010dke odbore te prikuplja i objavljuje rezultate glasovanja od bira\u010dkih odbora.<\/p>\n<p>Sjedi\u0161te Gradskog izbornog povjerenstva Grada Ka\u0161tela:<\/p>\n<p>Grad Ka\u0161tela<\/p>\n<p>Bra\u0107e Radi\u0107 1, 21212 Ka\u0161tel Su\u0107urac<\/p>\n<p>Gradska vije\u0107nica<\/p>\n<p>&nbsp;<\/p>\n","protected":false},"featured_media":7761,"parent":0,"template":"","meta":{"_acf_changed":false},"obavijesti_tax":[],"class_list":["post-7760","obavijest","type-obavijest","status-publish","has-post-thumbnail","hentry"],"acf":[],"_links":{"self":[{"href":"https:\/\/kastela.hr\/en\/wp-json\/wp\/v2\/obavijest\/7760","targetHints":{"allow":["GET"]}}],"collection":[{"href":"https:\/\/kastela.hr\/en\/wp-json\/wp\/v2\/obavijest"}],"about":[{"href":"https:\/\/kastela.hr\/en\/wp-json\/wp\/v2\/types\/obavijest"}],"wp:featuredmedia":[{"embeddable":true,"href":"https:\/\/kastela.hr\/en\/wp-json\/wp\/v2\/media\/7761"}],"wp:attachment":[{"href":"https:\/\/kastela.hr\/en\/wp-json\/wp\/v2\/media?parent=7760"}],"wp:term":[{"taxonomy":"obavijesti_tax","embeddable":true,"href":"https:\/\/kastela.hr\/en\/wp-json\/wp\/v2\/obavijesti_tax?post=7760"}],"curies":[{"name":"wp","href":"https:\/\/api.w.org\/{rel}","templated":true}]}}

Konačni rezultati izbora za članove vijeća nacionalnih manjina i predstavnika nacionalnih manjina u Gradu Kaštela

<p>Vlada RH je 28. ožujka 2019. donijela Odluku o raspisivanju izbora za članove vijeća nacionalnih manjina i Odluku o raspisivanju izbora za predstavnike nacionalnih manjina u jedinicama lokalne i područne samouprave.</p>
<p>Za dan provedbe izbora određena je nedjelja 5. svibnja 2019.</p>
<p>Gradsko izborno povjerenstvo Grada Kaštela zaprima i utvrđuje liste kandidata i kandidatura, određuje biračka mjesta, imenuje i raspušta biračke odbore te prikuplja i objavljuje rezultate glasovanja od biračkih odbora.</p>
<p>Sjedište Gradskog izbornog povjerenstva Grada Kaštela:</p>
<p>Grad Kaštela</p>
<p>Braće Radić 1, 21212 Kaštel Sućurac</p>
<p>Gradska vijećnica</p>
<p>&nbsp;</p>
