{"id":7748,"date":"2019-07-29T08:06:00","date_gmt":"2019-07-29T06:06:00","guid":{"rendered":"https:\/\/kastela.hr\/en\/obavijest\/poziv-korisnicima-naknade-za-ogrjev\/"},"modified":"2019-07-29T08:06:00","modified_gmt":"2019-07-29T06:06:00","slug":"poziv-korisnicima-naknade-za-ogrjev","status":"publish","type":"obavijest","link":"https:\/\/kastela.hr\/en\/obavijest\/poziv-korisnicima-naknade-za-ogrjev\/","title":{"rendered":"Poziv korisnicima naknade za ogrjev"},"content":{"rendered":"<p><meta http-equiv=\"CONTENT-TYPE\" content=\"text\/html; charset=utf-8\" \/><meta name=\"GENERATOR\" content=\"OpenOffice.org 3.2  (Win32)\" \/><\/p>\n<style type=\"text\/css\"><!--\n\t\t@page { margin: 2cm }\n\t\tP { margin-bottom: 0.21cm }\n\t-->\n<\/style>\n<\/p>\n<p>Pozivaju se korisnici zajam\u010dene minimalne naknade s podru\u010dja Grada Ka\u0161tela da&nbsp; dostave Upravnom odjelu za dru\u0161tvene djelatnosti ( IV kat soba 8.)&nbsp; do 25. rujna 2019. godine vlastoru\u010dno potpisanu izjavu da se griju na drva radi priznavanja prava na tro\u0161kove ogrjeva.<\/p>\n<p>Potpisana izjava o grijanju na drva je preduvjet ostvarenja ovog prava i bez prilo\u017eene izjave Splitsko-dalmatinska \u017eupanija ne\u0107e dozna\u010diti sredstva za isplatu tro\u0161kova ogrjeva.<\/p>\n<p>Od korisnika zajam\u010dene minimalne naknade tra\u017ei se \u017eurno dostavljanje potpisane izjave radi dostavljanja iste Splitsko-dalmatinskoj \u017eupaniji.<\/p>\n<p>Obrazac Izjave mo\u017ee se preuzeti sa slu\u017ebene stranice Grada Ka\u0161tela u informati\u010dkom obliku ili u ovom Upravnom odjelu ( IV kat soba 8.) u zgradi Gradske uprave u Ka\u0161tel Su\u0107urcu, Bra\u0107e Radi\u0107 1.<\/p>\n<p>Sve potrebne informacije korisnici prava na isplatu sredstava za ogrjev mogu dobiti u sobi 8. na IV katu ili na tel. 021\/ 205 219.<\/p>\n<p>\n&nbsp;<\/p>\n<p>&nbsp;<\/p>\n","protected":false},"featured_media":7749,"parent":0,"template":"","meta":{"_acf_changed":false},"obavijesti_tax":[],"class_list":["post-7748","obavijest","type-obavijest","status-publish","has-post-thumbnail","hentry"],"acf":[],"_links":{"self":[{"href":"https:\/\/kastela.hr\/en\/wp-json\/wp\/v2\/obavijest\/7748","targetHints":{"allow":["GET"]}}],"collection":[{"href":"https:\/\/kastela.hr\/en\/wp-json\/wp\/v2\/obavijest"}],"about":[{"href":"https:\/\/kastela.hr\/en\/wp-json\/wp\/v2\/types\/obavijest"}],"wp:featuredmedia":[{"embeddable":true,"href":"https:\/\/kastela.hr\/en\/wp-json\/wp\/v2\/media\/7749"}],"wp:attachment":[{"href":"https:\/\/kastela.hr\/en\/wp-json\/wp\/v2\/media?parent=7748"}],"wp:term":[{"taxonomy":"obavijesti_tax","embeddable":true,"href":"https:\/\/kastela.hr\/en\/wp-json\/wp\/v2\/obavijesti_tax?post=7748"}],"curies":[{"name":"wp","href":"https:\/\/api.w.org\/{rel}","templated":true}]}}

<p><meta http-equiv="CONTENT-TYPE" content="text/html; charset=utf-8" /><meta name="GENERATOR" content="OpenOffice.org 3.2  (Win32)" /></p>
<style type="text/css"><!--
		@page { margin: 2cm }
		P { margin-bottom: 0.21cm }
	-->
</style>
</p>
<p>Pozivaju se korisnici zajamčene minimalne naknade s područja Grada Kaštela da&nbsp; dostave Upravnom odjelu za društvene djelatnosti ( IV kat soba 8.)&nbsp; do 25. rujna 2019. godine vlastoručno potpisanu izjavu da se griju na drva radi priznavanja prava na troškove ogrjeva.</p>
<p>Potpisana izjava o grijanju na drva je preduvjet ostvarenja ovog prava i bez priložene izjave Splitsko-dalmatinska županija neće doznačiti sredstva za isplatu troškova ogrjeva.</p>
<p>Od korisnika zajamčene minimalne naknade traži se žurno dostavljanje potpisane izjave radi dostavljanja iste Splitsko-dalmatinskoj županiji.</p>
<p>Obrazac Izjave može se preuzeti sa službene stranice Grada Kaštela u informatičkom obliku ili u ovom Upravnom odjelu ( IV kat soba 8.) u zgradi Gradske uprave u Kaštel Sućurcu, Braće Radić 1.</p>
<p>Sve potrebne informacije korisnici prava na isplatu sredstava za ogrjev mogu dobiti u sobi 8. na IV katu ili na tel. 021/ 205 219.</p>
<p>
&nbsp;</p>
<p>&nbsp;</p>
