{"id":7742,"date":"2019-08-28T03:46:00","date_gmt":"2019-08-28T01:46:00","guid":{"rendered":"https:\/\/kastela.hr\/en\/obavijest\/obavijest-o-placanju-racuna-tvrtke-zeleno-i-modro-bez-naknade\/"},"modified":"2019-08-28T03:46:00","modified_gmt":"2019-08-28T01:46:00","slug":"obavijest-o-placanju-racuna-tvrtke-zeleno-i-modro-bez-naknade","status":"publish","type":"obavijest","link":"https:\/\/kastela.hr\/en\/obavijest\/obavijest-o-placanju-racuna-tvrtke-zeleno-i-modro-bez-naknade\/","title":{"rendered":"Obavijest o pla\u0107anju ra\u010duna tvrtke Zeleno i modro bez naknade"},"content":{"rendered":"<p>Komunalna tvrtka Zeleno i modro postigla je dogovor s Hrvatskim po\u0161tama o pla\u0107anju ra\u010duna bez po\u0161tanske naknade u po\u0161tanskim uredima na podru\u010dju grada Ka\u0161tela.<\/p>\n<p>Tako \u0107e, prema dogovoru, gra\u0111ani svoje mjese\u010dne ra\u010dune za odvoz komunalnog otpada tvrtki Zeleno i modro mo\u0107i pla\u0107ati bez naknade u po\u0161tanskim uredima<\/p>\n<p>&#8211; 21212 Ka\u0161tel Su\u0107urac, Branitelja od Turaka 2&nbsp;&nbsp;&nbsp;&nbsp;&nbsp;<br \/>\n&#8211; 21213 Ka\u0161tel Gomilica, Cesta dr. Tu\u0111mana 434&nbsp;&nbsp;&nbsp;&nbsp;&nbsp;&nbsp;&nbsp;&nbsp;<br \/>\n&#8211; 21214 Ka\u0161tel Kambelovac, Cesta dr. Tu\u0111mana 560&nbsp;&nbsp;&nbsp;&nbsp;&nbsp;&nbsp;&nbsp;&nbsp;&nbsp;&nbsp;<br \/>\n&#8211; 21215 Ka\u0161tel Luk\u0161i\u0107, Hrvatskih branitelja 4&nbsp;&nbsp;&nbsp;&nbsp;&nbsp;&nbsp;&nbsp;&nbsp;&nbsp;&nbsp;<br \/>\n&#8211; 21216 Ka\u0161tel Stari, Grgura Ninskog 6&nbsp;&nbsp;&nbsp;&nbsp;&nbsp;&nbsp;<br \/>\n&#8211; 21217 Ka\u0161tel \u0160tafili\u0107, Put svete Lucije 34&nbsp;&nbsp;&nbsp;&nbsp;&nbsp;&nbsp;&nbsp;&nbsp;&nbsp;&nbsp;&nbsp;&nbsp;&nbsp;<\/p>\n<p>&nbsp;<\/p>\n","protected":false},"featured_media":7743,"parent":0,"template":"","meta":{"_acf_changed":false},"obavijesti_tax":[],"class_list":["post-7742","obavijest","type-obavijest","status-publish","has-post-thumbnail","hentry"],"acf":[],"_links":{"self":[{"href":"https:\/\/kastela.hr\/en\/wp-json\/wp\/v2\/obavijest\/7742","targetHints":{"allow":["GET"]}}],"collection":[{"href":"https:\/\/kastela.hr\/en\/wp-json\/wp\/v2\/obavijest"}],"about":[{"href":"https:\/\/kastela.hr\/en\/wp-json\/wp\/v2\/types\/obavijest"}],"wp:featuredmedia":[{"embeddable":true,"href":"https:\/\/kastela.hr\/en\/wp-json\/wp\/v2\/media\/7743"}],"wp:attachment":[{"href":"https:\/\/kastela.hr\/en\/wp-json\/wp\/v2\/media?parent=7742"}],"wp:term":[{"taxonomy":"obavijesti_tax","embeddable":true,"href":"https:\/\/kastela.hr\/en\/wp-json\/wp\/v2\/obavijesti_tax?post=7742"}],"curies":[{"name":"wp","href":"https:\/\/api.w.org\/{rel}","templated":true}]}}

Obavijest o plaćanju računa tvrtke Zeleno i modro bez naknade

<p>Komunalna tvrtka Zeleno i modro postigla je dogovor s Hrvatskim poštama o plaćanju računa bez poštanske naknade u poštanskim uredima na području grada Kaštela.</p>
<p>Tako će, prema dogovoru, građani svoje mjesečne račune za odvoz komunalnog otpada tvrtki Zeleno i modro moći plaćati bez naknade u poštanskim uredima</p>
<p>&#8211; 21212 Kaštel Sućurac, Branitelja od Turaka 2&nbsp;&nbsp;&nbsp;&nbsp;&nbsp;<br />
&#8211; 21213 Kaštel Gomilica, Cesta dr. Tuđmana 434&nbsp;&nbsp;&nbsp;&nbsp;&nbsp;&nbsp;&nbsp;&nbsp;<br />
&#8211; 21214 Kaštel Kambelovac, Cesta dr. Tuđmana 560&nbsp;&nbsp;&nbsp;&nbsp;&nbsp;&nbsp;&nbsp;&nbsp;&nbsp;&nbsp;<br />
&#8211; 21215 Kaštel Lukšić, Hrvatskih branitelja 4&nbsp;&nbsp;&nbsp;&nbsp;&nbsp;&nbsp;&nbsp;&nbsp;&nbsp;&nbsp;<br />
&#8211; 21216 Kaštel Stari, Grgura Ninskog 6&nbsp;&nbsp;&nbsp;&nbsp;&nbsp;&nbsp;<br />
&#8211; 21217 Kaštel Štafilić, Put svete Lucije 34&nbsp;&nbsp;&nbsp;&nbsp;&nbsp;&nbsp;&nbsp;&nbsp;&nbsp;&nbsp;&nbsp;&nbsp;&nbsp;</p>
<p>&nbsp;</p>
