{"id":7741,"date":"2019-09-30T06:15:00","date_gmt":"2019-09-30T04:15:00","guid":{"rendered":"https:\/\/kastela.hr\/en\/obavijest\/raspisan-natjecaj-za-dodjelu-stipendija-grada-kastela\/"},"modified":"2019-09-30T06:15:00","modified_gmt":"2019-09-30T04:15:00","slug":"raspisan-natjecaj-za-dodjelu-stipendija-grada-kastela","status":"publish","type":"obavijest","link":"https:\/\/kastela.hr\/en\/obavijest\/raspisan-natjecaj-za-dodjelu-stipendija-grada-kastela\/","title":{"rendered":"Raspisan natje\u010daj za dodjelu stipendija Grada Ka\u0161tela"},"content":{"rendered":"<p>Gradona\u010delnik Denis Ivanovi\u0107 raspisuje natje\u010daj za dodjelu stipendija Grada Ka\u0161tela za \u0161kolsku\/akademsku godinu 2019.\/2020.<\/p>\n<p>Grad Ka\u0161tela \u0107e dodijeliti ukupno&nbsp;120 stipendija<\/p>\n<p>a)&nbsp;60&nbsp;stipendija za uspjeh u \u0161koli\/fakultetu &ndash; 20 u\u010deni\u010dkih i 40 studentskih,<br \/>\nb)&nbsp;60&nbsp;stipendija prema socijalnom statusu &ndash; 20 u\u010deni\u010dkih i 40 studentskih<\/p>\n<p>Iznos stipendije je:<br \/>\n&bull; za u\u010denike&nbsp;400,00&nbsp;kuna mjese\u010dno,<br \/>\n&bull; za studente&nbsp;800,00&nbsp;kuna mjese\u010dno<\/p>\n<p>Prijave za dodjelu stipendija dostavljaju se na obrascu koji se mo\u017ee dobiti u Upravnom odjelu za dru\u0161tvene djelatnosti i op\u0107e poslove ili na internet stranici www.kastela.hr<\/p>\n<p>Prijave za dodjelu stipendija, sa potrebnim prilozima, kandidati mogu dostaviti od dana objave natje\u010daja, 1. listopada 2019. do zaklju\u010dno 20. listopada 2019. godine, na adresu:<\/p>\n<p align=\"center\"><strong>Grad Ka\u0161tela<br \/>\nUpravni odjel za dru\u0161tvene djelatnosti i op\u0107e poslove<br \/>\nBra\u0107e Radi\u0107 1<br \/>\nPovjerenstvo za dodjelu stipendija Grada Ka\u0161tela<\/strong><\/p>\n<p>&nbsp;<\/p>\n","protected":false},"featured_media":5760,"parent":0,"template":"","meta":{"_acf_changed":false},"obavijesti_tax":[],"class_list":["post-7741","obavijest","type-obavijest","status-publish","has-post-thumbnail","hentry"],"acf":[],"_links":{"self":[{"href":"https:\/\/kastela.hr\/en\/wp-json\/wp\/v2\/obavijest\/7741","targetHints":{"allow":["GET"]}}],"collection":[{"href":"https:\/\/kastela.hr\/en\/wp-json\/wp\/v2\/obavijest"}],"about":[{"href":"https:\/\/kastela.hr\/en\/wp-json\/wp\/v2\/types\/obavijest"}],"wp:featuredmedia":[{"embeddable":true,"href":"https:\/\/kastela.hr\/en\/wp-json\/wp\/v2\/media\/5760"}],"wp:attachment":[{"href":"https:\/\/kastela.hr\/en\/wp-json\/wp\/v2\/media?parent=7741"}],"wp:term":[{"taxonomy":"obavijesti_tax","embeddable":true,"href":"https:\/\/kastela.hr\/en\/wp-json\/wp\/v2\/obavijesti_tax?post=7741"}],"curies":[{"name":"wp","href":"https:\/\/api.w.org\/{rel}","templated":true}]}}

Raspisan natječaj za dodjelu stipendija Grada Kaštela

<p>Gradonačelnik Denis Ivanović raspisuje natječaj za dodjelu stipendija Grada Kaštela za školsku/akademsku godinu 2019./2020.</p>
<p>Grad Kaštela će dodijeliti ukupno&nbsp;120 stipendija</p>
<p>a)&nbsp;60&nbsp;stipendija za uspjeh u školi/fakultetu &ndash; 20 učeničkih i 40 studentskih,<br />
b)&nbsp;60&nbsp;stipendija prema socijalnom statusu &ndash; 20 učeničkih i 40 studentskih</p>
<p>Iznos stipendije je:<br />
&bull; za učenike&nbsp;400,00&nbsp;kuna mjesečno,<br />
&bull; za studente&nbsp;800,00&nbsp;kuna mjesečno</p>
<p>Prijave za dodjelu stipendija dostavljaju se na obrascu koji se može dobiti u Upravnom odjelu za društvene djelatnosti i opće poslove ili na internet stranici www.kastela.hr</p>
<p>Prijave za dodjelu stipendija, sa potrebnim prilozima, kandidati mogu dostaviti od dana objave natječaja, 1. listopada 2019. do zaključno 20. listopada 2019. godine, na adresu:</p>
<p align="center"><strong>Grad Kaštela<br />
Upravni odjel za društvene djelatnosti i opće poslove<br />
Braće Radić 1<br />
Povjerenstvo za dodjelu stipendija Grada Kaštela</strong></p>
<p>&nbsp;</p>
