{"id":7738,"date":"2019-11-22T09:57:00","date_gmt":"2019-11-22T08:57:00","guid":{"rendered":"https:\/\/kastela.hr\/en\/obavijest\/objava-biracima-izbori-za-predsjednika-republike-hrvatske\/"},"modified":"2019-11-22T09:57:00","modified_gmt":"2019-11-22T08:57:00","slug":"objava-biracima-izbori-za-predsjednika-republike-hrvatske","status":"publish","type":"obavijest","link":"https:\/\/kastela.hr\/en\/obavijest\/objava-biracima-izbori-za-predsjednika-republike-hrvatske\/","title":{"rendered":"Objava bira\u010dima: Izbori za Predsjednika Republike Hrvatske"},"content":{"rendered":"<p>Vlada Republike Hrvatske donijela je Odluku o raspisivanju izbora za Predsjednika Republike Hrvatske. Za dan odr\u017eavanja&nbsp;izbora&nbsp; odre\u0111ena je nedjelja, 22. prosinca 2019. godine. To zna\u010di da od dana stupanja na snagu Odluke o raspisivanju izbora, odnosno 21. studenoga, po\u010dinju te\u0107i rokovi za obavljanje izbornih radnji koje su du\u017eni po\u0161tovati svi sudionici u postupku izbora. U slu\u010daju da bude potreban drugi krug izbora, on \u0107e se odr\u017eati u nedjelju 5. sije\u010dnja 2020. godine.<\/p>\n<p>Bira\u010di mogu pregledati te zatra\u017eiti dopunu ili ispravak podataka upisanih u registar bira\u010da u slu\u017ebi za op\u0107u upravu ureda dr\u017eavne uprave u \u017eupaniji prema mjestu svog prebivali\u0161ta svakim radnim danom u radno vrijeme ureda, a u&nbsp;subotu 7. prosinca 2019. u vremenu od 8:00 do 14:00 sati. Nadle\u017eni ured za Ka\u0161tela nalazi se u zgradi Gradske uprave u Ka\u0161tel Su\u0107urcu, a detaljnije obavijesti bit \u0107e objavljene na internetskim stranicama nadle\u017enih ureda.<\/p>\n<p>Vi\u0161e informacija o predsjedni\u010dkim izborima mo\u017eete prona\u0107i na&nbsp;stranicama DIP-a.<\/p>\n<p><a href=\"https:\/\/www.izbori.hr\/site\/izbori-referendumi\/izbori-za-predsjednika-republike-hrvatske\/izbori-za-predsjednika-republike-hrvatske-2019-2137\/2137\">https:\/\/www.izbori.hr\/site\/izbori-referendumi\/izbori-za-predsjednika-republike-hrvatske\/izbori-za-predsjednika-republike-hrvatske-2019-2137\/2137<\/a><\/p>\n<p>&nbsp;<\/p>\n","protected":false},"featured_media":7739,"parent":0,"template":"","meta":{"_acf_changed":false},"obavijesti_tax":[],"class_list":["post-7738","obavijest","type-obavijest","status-publish","has-post-thumbnail","hentry"],"acf":[],"_links":{"self":[{"href":"https:\/\/kastela.hr\/en\/wp-json\/wp\/v2\/obavijest\/7738","targetHints":{"allow":["GET"]}}],"collection":[{"href":"https:\/\/kastela.hr\/en\/wp-json\/wp\/v2\/obavijest"}],"about":[{"href":"https:\/\/kastela.hr\/en\/wp-json\/wp\/v2\/types\/obavijest"}],"wp:featuredmedia":[{"embeddable":true,"href":"https:\/\/kastela.hr\/en\/wp-json\/wp\/v2\/media\/7739"}],"wp:attachment":[{"href":"https:\/\/kastela.hr\/en\/wp-json\/wp\/v2\/media?parent=7738"}],"wp:term":[{"taxonomy":"obavijesti_tax","embeddable":true,"href":"https:\/\/kastela.hr\/en\/wp-json\/wp\/v2\/obavijesti_tax?post=7738"}],"curies":[{"name":"wp","href":"https:\/\/api.w.org\/{rel}","templated":true}]}}

Objava biračima: Izbori za Predsjednika Republike Hrvatske

<p>Vlada Republike Hrvatske donijela je Odluku o raspisivanju izbora za Predsjednika Republike Hrvatske. Za dan održavanja&nbsp;izbora&nbsp; određena je nedjelja, 22. prosinca 2019. godine. To znači da od dana stupanja na snagu Odluke o raspisivanju izbora, odnosno 21. studenoga, počinju teći rokovi za obavljanje izbornih radnji koje su dužni poštovati svi sudionici u postupku izbora. U slučaju da bude potreban drugi krug izbora, on će se održati u nedjelju 5. siječnja 2020. godine.</p>
<p>Birači mogu pregledati te zatražiti dopunu ili ispravak podataka upisanih u registar birača u službi za opću upravu ureda državne uprave u županiji prema mjestu svog prebivališta svakim radnim danom u radno vrijeme ureda, a u&nbsp;subotu 7. prosinca 2019. u vremenu od 8:00 do 14:00 sati. Nadležni ured za Kaštela nalazi se u zgradi Gradske uprave u Kaštel Sućurcu, a detaljnije obavijesti bit će objavljene na internetskim stranicama nadležnih ureda.</p>
<p>Više informacija o predsjedničkim izborima možete pronaći na&nbsp;stranicama DIP-a.</p>
<p><a href="https://www.izbori.hr/site/izbori-referendumi/izbori-za-predsjednika-republike-hrvatske/izbori-za-predsjednika-republike-hrvatske-2019-2137/2137">https://www.izbori.hr/site/izbori-referendumi/izbori-za-predsjednika-republike-hrvatske/izbori-za-predsjednika-republike-hrvatske-2019-2137/2137</a></p>
<p>&nbsp;</p>
