{"id":7732,"date":"2019-12-13T06:00:00","date_gmt":"2019-12-13T05:00:00","guid":{"rendered":"https:\/\/kastela.hr\/en\/obavijest\/obavijest-o-izmjenama-u-programu-manifestacije-advent-u-kastelima-2019\/"},"modified":"2019-12-13T06:00:00","modified_gmt":"2019-12-13T05:00:00","slug":"obavijest-o-izmjenama-u-programu-manifestacije-advent-u-kastelima-2019","status":"publish","type":"obavijest","link":"https:\/\/kastela.hr\/en\/obavijest\/obavijest-o-izmjenama-u-programu-manifestacije-advent-u-kastelima-2019\/","title":{"rendered":"Obavijest o izmjenama u programu manifestacije \u201eAdvent u Ka\u0161telima 2019.\u201c"},"content":{"rendered":"<p>Obavje\u0161tavamo gra\u0111ane da je do\u0161lo do izmjena satnice koncerata u programu manifestacije &bdquo;Advent u Ka\u0161telima 2019.&ldquo; Umjesto u 22 sata, koncerti \u0107e od ovoga vikenda zapo\u010dinjati u 21 sat. Izmjene se odnose na sljede\u0107e koncerte:<\/p>\n<p>&middot;&nbsp;&nbsp;&nbsp;&nbsp;&nbsp;&nbsp;&nbsp; 13.12.2019. 21,00 sat BORIS O\u0160TRI\u0106 I RIBARI<\/p>\n<p>&middot;&nbsp;&nbsp;&nbsp;&nbsp;&nbsp;&nbsp;&nbsp; 14.12.2019. 21,00 sat CRVENA JABUKA<\/p>\n<p>&middot;&nbsp;&nbsp;&nbsp;&nbsp;&nbsp;&nbsp;&nbsp; 20.12.2019. 21,00 sat VIGOR<\/p>\n<p>&middot;&nbsp;&nbsp;&nbsp;&nbsp;&nbsp;&nbsp;&nbsp; 21.12. 2019. 21,00 sat DREAMERS<\/p>\n<p>&middot;&nbsp;&nbsp;&nbsp;&nbsp;&nbsp;&nbsp;&nbsp; 25.12.2019. 21,00 sat VOX BOX<\/p>\n<p>&middot;&nbsp;&nbsp;&nbsp;&nbsp;&nbsp;&nbsp;&nbsp; 27.12.2019. 21,00 sat GOST IZNENA\u0110ENJA<\/p>\n<p>&middot;&nbsp;&nbsp;&nbsp;&nbsp;&nbsp;&nbsp;&nbsp; 28.12.2019. 21,00 sat BARBAROSA<\/p>\n<p>&middot;&nbsp;&nbsp;&nbsp;&nbsp;&nbsp;&nbsp;&nbsp; 05.01. 2020. 21,00 sat &nbsp;PSIHOMODO POP<\/p>\n<p>&nbsp;<\/p>\n<p>&nbsp;<\/p>\n","protected":false},"featured_media":5488,"parent":0,"template":"","meta":{"_acf_changed":false},"obavijesti_tax":[],"class_list":["post-7732","obavijest","type-obavijest","status-publish","has-post-thumbnail","hentry"],"acf":[],"_links":{"self":[{"href":"https:\/\/kastela.hr\/en\/wp-json\/wp\/v2\/obavijest\/7732","targetHints":{"allow":["GET"]}}],"collection":[{"href":"https:\/\/kastela.hr\/en\/wp-json\/wp\/v2\/obavijest"}],"about":[{"href":"https:\/\/kastela.hr\/en\/wp-json\/wp\/v2\/types\/obavijest"}],"wp:featuredmedia":[{"embeddable":true,"href":"https:\/\/kastela.hr\/en\/wp-json\/wp\/v2\/media\/5488"}],"wp:attachment":[{"href":"https:\/\/kastela.hr\/en\/wp-json\/wp\/v2\/media?parent=7732"}],"wp:term":[{"taxonomy":"obavijesti_tax","embeddable":true,"href":"https:\/\/kastela.hr\/en\/wp-json\/wp\/v2\/obavijesti_tax?post=7732"}],"curies":[{"name":"wp","href":"https:\/\/api.w.org\/{rel}","templated":true}]}}

Obavijest o izmjenama u programu manifestacije „Advent u Kaštelima 2019.“

<p>Obavještavamo građane da je došlo do izmjena satnice koncerata u programu manifestacije &bdquo;Advent u Kaštelima 2019.&ldquo; Umjesto u 22 sata, koncerti će od ovoga vikenda započinjati u 21 sat. Izmjene se odnose na sljedeće koncerte:</p>
<p>&middot;&nbsp;&nbsp;&nbsp;&nbsp;&nbsp;&nbsp;&nbsp; 13.12.2019. 21,00 sat BORIS OŠTRIĆ I RIBARI</p>
<p>&middot;&nbsp;&nbsp;&nbsp;&nbsp;&nbsp;&nbsp;&nbsp; 14.12.2019. 21,00 sat CRVENA JABUKA</p>
<p>&middot;&nbsp;&nbsp;&nbsp;&nbsp;&nbsp;&nbsp;&nbsp; 20.12.2019. 21,00 sat VIGOR</p>
<p>&middot;&nbsp;&nbsp;&nbsp;&nbsp;&nbsp;&nbsp;&nbsp; 21.12. 2019. 21,00 sat DREAMERS</p>
<p>&middot;&nbsp;&nbsp;&nbsp;&nbsp;&nbsp;&nbsp;&nbsp; 25.12.2019. 21,00 sat VOX BOX</p>
<p>&middot;&nbsp;&nbsp;&nbsp;&nbsp;&nbsp;&nbsp;&nbsp; 27.12.2019. 21,00 sat GOST IZNENAĐENJA</p>
<p>&middot;&nbsp;&nbsp;&nbsp;&nbsp;&nbsp;&nbsp;&nbsp; 28.12.2019. 21,00 sat BARBAROSA</p>
<p>&middot;&nbsp;&nbsp;&nbsp;&nbsp;&nbsp;&nbsp;&nbsp; 05.01. 2020. 21,00 sat &nbsp;PSIHOMODO POP</p>
<p>&nbsp;</p>
<p>&nbsp;</p>
