{"id":7726,"date":"2020-01-09T05:50:00","date_gmt":"2020-01-09T04:50:00","guid":{"rendered":"https:\/\/kastela.hr\/en\/obavijest\/javni-natjecaj-za-zakup-poljoprivrednog-zemljista-u-vlasnistvu-republike-hrvatske-na-podrucju-grada-kastela\/"},"modified":"2020-01-09T05:50:00","modified_gmt":"2020-01-09T04:50:00","slug":"javni-natjecaj-za-zakup-poljoprivrednog-zemljista-u-vlasnistvu-republike-hrvatske-na-podrucju-grada-kastela","status":"publish","type":"obavijest","link":"https:\/\/kastela.hr\/en\/obavijest\/javni-natjecaj-za-zakup-poljoprivrednog-zemljista-u-vlasnistvu-republike-hrvatske-na-podrucju-grada-kastela\/","title":{"rendered":"Javni natje\u010daj za zakup poljoprivrednog zemlji\u0161ta u vlasni\u0161tvu Republike Hrvatske na podru\u010dju Grada Ka\u0161tela"},"content":{"rendered":"<p><meta http-equiv=\"CONTENT-TYPE\" content=\"text\/html; charset=utf-8\" \/><meta name=\"GENERATOR\" content=\"OpenOffice.org 3.2  (Win32)\" \/><\/p>\n<style type=\"text\/css\"><!--\n\t\t@page { margin: 2cm }\n\t\tP { margin-bottom: 0.21cm }\n\t-->\n<\/style>\n<\/p>\n<p>Grad Ka\u0161tela raspisuje javni natje\u010daj za zakup poljoprivrednog zemlji\u0161ta u vlasni\u0161tvu Republike Hrvatske. Predmet natje\u010daja je zakup poljoprivrednog zemlji\u0161ta na podru\u010dju katastarskih op\u0107ina Ka\u0161tel Su\u0107urac, Ka\u0161tel Kambelovac, Ka\u0161tel Luk\u0161i\u0107, Ka\u0161tel Stari, Ka\u0161tel Novi i Ka\u0161tel \u0160tafili\u0107 koje je Programom raspolaganja poljoprivrednim zemlji\u0161tem u vlasni\u0161tvu Republike Hrvatske za Grad Ka\u0161tela predvi\u0111eno za zakup. Povr\u0161ine zemlji\u0161ta daju se u zakup na rok od 25 godina s mogu\u0107no\u0161\u0107u produljenja za isto razdoblje.<\/p>\n<p>Pisane ponude \u0161alju se po\u0161tom, preporu\u010deno u zatvorenim omotnicama s naznakom &quot;Ponuda za zakup poljoprivrednog zemlji\u0161ta u vlasni\u0161tvu <font color=\"#000000\">dr\u017eave &ndash; ne otvaraj&quot; na adresu Grad Ka\u0161tela, Bra\u0107e Radi\u0107 1, 21212 Ka\u0161tel Su\u0107urac u roku od 30 dana od dana objave natje\u010daja na oglasnog plo\u010di i slu\u017ebenoj stranici Grada Ka\u0161tela. <\/font><\/p>\n<p>Vi\u0161e o uvjetima, na\u010dinu prijave i dokumentaciji, pro\u010ditajte u prilo\u017eenim dokumentima.<\/p>\n<p>&nbsp;<\/p>\n","protected":false},"featured_media":7727,"parent":0,"template":"","meta":{"_acf_changed":false},"obavijesti_tax":[],"class_list":["post-7726","obavijest","type-obavijest","status-publish","has-post-thumbnail","hentry"],"acf":[],"_links":{"self":[{"href":"https:\/\/kastela.hr\/en\/wp-json\/wp\/v2\/obavijest\/7726","targetHints":{"allow":["GET"]}}],"collection":[{"href":"https:\/\/kastela.hr\/en\/wp-json\/wp\/v2\/obavijest"}],"about":[{"href":"https:\/\/kastela.hr\/en\/wp-json\/wp\/v2\/types\/obavijest"}],"wp:featuredmedia":[{"embeddable":true,"href":"https:\/\/kastela.hr\/en\/wp-json\/wp\/v2\/media\/7727"}],"wp:attachment":[{"href":"https:\/\/kastela.hr\/en\/wp-json\/wp\/v2\/media?parent=7726"}],"wp:term":[{"taxonomy":"obavijesti_tax","embeddable":true,"href":"https:\/\/kastela.hr\/en\/wp-json\/wp\/v2\/obavijesti_tax?post=7726"}],"curies":[{"name":"wp","href":"https:\/\/api.w.org\/{rel}","templated":true}]}}

Javni natječaj za zakup poljoprivrednog zemljišta u vlasništvu Republike Hrvatske na području Grada Kaštela

<p><meta http-equiv="CONTENT-TYPE" content="text/html; charset=utf-8" /><meta name="GENERATOR" content="OpenOffice.org 3.2  (Win32)" /></p>
<style type="text/css"><!--
		@page { margin: 2cm }
		P { margin-bottom: 0.21cm }
	-->
</style>
</p>
<p>Grad Kaštela raspisuje javni natječaj za zakup poljoprivrednog zemljišta u vlasništvu Republike Hrvatske. Predmet natječaja je zakup poljoprivrednog zemljišta na području katastarskih općina Kaštel Sućurac, Kaštel Kambelovac, Kaštel Lukšić, Kaštel Stari, Kaštel Novi i Kaštel Štafilić koje je Programom raspolaganja poljoprivrednim zemljištem u vlasništvu Republike Hrvatske za Grad Kaštela predviđeno za zakup. Površine zemljišta daju se u zakup na rok od 25 godina s mogućnošću produljenja za isto razdoblje.</p>
<p>Pisane ponude šalju se poštom, preporučeno u zatvorenim omotnicama s naznakom &quot;Ponuda za zakup poljoprivrednog zemljišta u vlasništvu <font color="#000000">države &ndash; ne otvaraj&quot; na adresu Grad Kaštela, Braće Radić 1, 21212 Kaštel Sućurac u roku od 30 dana od dana objave natječaja na oglasnog ploči i službenoj stranici Grada Kaštela. </font></p>
<p>Više o uvjetima, načinu prijave i dokumentaciji, pročitajte u priloženim dokumentima.</p>
<p>&nbsp;</p>
