{"id":7717,"date":"2020-03-16T08:28:00","date_gmt":"2020-03-16T07:28:00","guid":{"rendered":"https:\/\/kastela.hr\/en\/obavijest\/javna-rasprava-o-studiji-utjecaja-na-okolis-cvora-na-drzavnoj-cesti-dc8-i-spojne-ceste-cvor-vucevica-na-autocesti-a1-cvor-na-drzavnoj-cesti-dc8\/"},"modified":"2020-03-16T08:28:00","modified_gmt":"2020-03-16T07:28:00","slug":"javna-rasprava-o-studiji-utjecaja-na-okolis-cvora-na-drzavnoj-cesti-dc8-i-spojne-ceste-cvor-vucevica-na-autocesti-a1-cvor-na-drzavnoj-cesti-dc8","status":"publish","type":"obavijest","link":"https:\/\/kastela.hr\/en\/obavijest\/javna-rasprava-o-studiji-utjecaja-na-okolis-cvora-na-drzavnoj-cesti-dc8-i-spojne-ceste-cvor-vucevica-na-autocesti-a1-cvor-na-drzavnoj-cesti-dc8\/","title":{"rendered":"Javna rasprava o studiji utjecaja na okoli\u0161 \u010dvora na dr\u017eavnoj cesti DC8 i spojne ceste \u010dvor Vu\u010devica na autocesti A1 \u2013 \u010dvor na dr\u017eavnoj cesti DC8"},"content":{"rendered":"<p>Splitsko &ndash; dalmatinska \u017eupanija ogla\u0161ava javnu raspravu o studiji utjecaja na okoli\u0161 \u010dvora na dr\u017eavnoj cesti DC8 i spojne ceste \u010dvor Vu\u010devica na autocesti A1 &ndash; \u010dvor na dr\u017eavnoj cesti DC8.<\/p>\n<ol>\n<li>Javna rasprava trajat \u0107e 30 dana u vremenu od 23. o\u017eujka do 23. travnja 2020. godine.<\/li>\n<li>Javni uvid u Studiju mo\u017ee se izvr\u0161iti radnim danom u vremenu od 8 &ndash; 12 sati u prostorijama Grada Ka\u0161tela, Bra\u0107e Radi\u0107a 1, Ka\u0161tel Su\u0107urac&nbsp; i Op\u0107ine Klis, Iza Grada 12.<\/li>\n<li>Javno izlaganje odr\u017eat \u0107e se dana 03.04.2020. godine s po\u010detkom u 12 sati u prostorijama&nbsp;&nbsp; vije\u0107nice Grada Ka\u0161tela, Bra\u0107e Radi\u0107a 1, Ka\u0161tel Su\u0107urac.<\/li>\n<li>Cjelovita Studija i ne-tehni\u010dki sa\u017eetak Studije bit \u0107e danom po\u010detka javne rasprave objavljen zainteresiranoj javnosti na internetskim stranicama Ministarstva za\u0161tite okoli\u0161a&nbsp; i energetike.<\/li>\n<li>Mi\u0161ljenja, prijedlozi i primjedbe javnosti i zainteresirane javnosti mogu se upisati u knjige primjedbi na mjestu javnog uvida ili se u pisanom obliku mogu dostaviti do 23. travnja 2020. godine Upravnom odjelu za za\u0161titu okoli\u0161a, komunalne poslove, infrastrukturu i investicije, Splitsko-dalmatinske \u017eupanije, Domovinskog rata 2, Split. Pisane primjedbe koje ne budu dostavljene u roku i nisu \u010ditko napisane, ne\u0107e se uzeti u obzir u pripremi izvije\u0161\u0107a s javne rasprave.<\/li>\n<li>Ovaj oglas objavit \u0107e se u dnevnom listu &ldquo;Slobodna Dalmacija&rdquo;, oglasnoj plo\u010di i internetskoj stranici Splitsko &ndash; dalmatinske \u017eupanije, te na oglasnim plo\u010dama i internetskim stranicama Grada Ka\u0161tela i Op\u0107ine Klis.<\/li>\n<\/ol>\n<p>&nbsp;<\/p>\n<p>Tekst javne rasprave pogledajte u nastavku<\/p>\n","protected":false},"featured_media":5206,"parent":0,"template":"","meta":{"_acf_changed":false},"obavijesti_tax":[],"class_list":["post-7717","obavijest","type-obavijest","status-publish","has-post-thumbnail","hentry"],"acf":[],"_links":{"self":[{"href":"https:\/\/kastela.hr\/en\/wp-json\/wp\/v2\/obavijest\/7717","targetHints":{"allow":["GET"]}}],"collection":[{"href":"https:\/\/kastela.hr\/en\/wp-json\/wp\/v2\/obavijest"}],"about":[{"href":"https:\/\/kastela.hr\/en\/wp-json\/wp\/v2\/types\/obavijest"}],"wp:featuredmedia":[{"embeddable":true,"href":"https:\/\/kastela.hr\/en\/wp-json\/wp\/v2\/media\/5206"}],"wp:attachment":[{"href":"https:\/\/kastela.hr\/en\/wp-json\/wp\/v2\/media?parent=7717"}],"wp:term":[{"taxonomy":"obavijesti_tax","embeddable":true,"href":"https:\/\/kastela.hr\/en\/wp-json\/wp\/v2\/obavijesti_tax?post=7717"}],"curies":[{"name":"wp","href":"https:\/\/api.w.org\/{rel}","templated":true}]}}

Javna rasprava o studiji utjecaja na okoliš čvora na državnoj cesti DC8 i spojne ceste čvor Vučevica na autocesti A1 – čvor na državnoj cesti DC8

<p>Splitsko &ndash; dalmatinska županija oglašava javnu raspravu o studiji utjecaja na okoliš čvora na državnoj cesti DC8 i spojne ceste čvor Vučevica na autocesti A1 &ndash; čvor na državnoj cesti DC8.</p>
<ol>
<li>Javna rasprava trajat će 30 dana u vremenu od 23. ožujka do 23. travnja 2020. godine.</li>
<li>Javni uvid u Studiju može se izvršiti radnim danom u vremenu od 8 &ndash; 12 sati u prostorijama Grada Kaštela, Braće Radića 1, Kaštel Sućurac&nbsp; i Općine Klis, Iza Grada 12.</li>
<li>Javno izlaganje održat će se dana 03.04.2020. godine s početkom u 12 sati u prostorijama&nbsp;&nbsp; vijećnice Grada Kaštela, Braće Radića 1, Kaštel Sućurac.</li>
<li>Cjelovita Studija i ne-tehnički sažetak Studije bit će danom početka javne rasprave objavljen zainteresiranoj javnosti na internetskim stranicama Ministarstva zaštite okoliša&nbsp; i energetike.</li>
<li>Mišljenja, prijedlozi i primjedbe javnosti i zainteresirane javnosti mogu se upisati u knjige primjedbi na mjestu javnog uvida ili se u pisanom obliku mogu dostaviti do 23. travnja 2020. godine Upravnom odjelu za zaštitu okoliša, komunalne poslove, infrastrukturu i investicije, Splitsko-dalmatinske županije, Domovinskog rata 2, Split. Pisane primjedbe koje ne budu dostavljene u roku i nisu čitko napisane, neće se uzeti u obzir u pripremi izviješća s javne rasprave.</li>
<li>Ovaj oglas objavit će se u dnevnom listu &ldquo;Slobodna Dalmacija&rdquo;, oglasnoj ploči i internetskoj stranici Splitsko &ndash; dalmatinske županije, te na oglasnim pločama i internetskim stranicama Grada Kaštela i Općine Klis.</li>
</ol>
<p>&nbsp;</p>
<p>Tekst javne rasprave pogledajte u nastavku</p>
