{"id":7716,"date":"2020-03-16T12:41:00","date_gmt":"2020-03-16T11:41:00","guid":{"rendered":"https:\/\/kastela.hr\/en\/obavijest\/obavijest-udrugama-financiranim-iz-proracuna-grada-kastela\/"},"modified":"2020-03-16T12:41:00","modified_gmt":"2020-03-16T11:41:00","slug":"obavijest-udrugama-financiranim-iz-proracuna-grada-kastela","status":"publish","type":"obavijest","link":"https:\/\/kastela.hr\/en\/obavijest\/obavijest-udrugama-financiranim-iz-proracuna-grada-kastela\/","title":{"rendered":"Obavijest udrugama financiranim iz prora\u010duna Grada Ka\u0161tela"},"content":{"rendered":"<p>Grad Ka\u0161tela, Upravni odjel za dru\u0161tvene djelatnosti&nbsp;obavje\u0161tava udruge financirane iz gradskog prora\u010duna:<\/p>\n<p>Imaju\u0107i u vidu cijelu situaciju vezanu uz pojavu koronavirusa CROVID-19 i mjere koje poduzimaju nadle\u017ena tijela za suzbijanje njegova \u0161irenja, svjesni smo da \u0107ete neke svoje aktivnosti morati odgoditi ili otkazati te da su upitni projekti za koje ste potpisali ugovore o financiranju iz prora\u010duna Grada Ka\u0161tela.<\/p>\n<p>Ovim putem \u017eelimo vas izvijestiti kako \u0107e Grad Ka\u0161tela uva\u017eavati ka\u0161njenja, prilagodbu i odgodu planiranih projektnih aktivnosti uzimaju\u0107i u obzir specifi\u010dnost ugovorenih projekata (izravan rad s ranjivim skupinama, organiziranje javnih doga\u0111anja na kojima se okuplja veliki broj ljudi, odlazak na studijske posjete i sl.).<\/p>\n<p>Potrebno je procijeniti situaciju na temelju informacija nadle\u017enih nacionalnih tijela te odgoditi i prilagoditi aktivnosti i doga\u0111anja.<\/p>\n<p>Jam\u010dimo vam da \u0107e Grad Ka\u0161tela pri pregledu izvje\u0161taja primijeniti uvjete ugovora koji se odnose na vi\u0161u silu gdje god je to mogu\u0107e i opravdano prilikom odobravanja va\u0161ih tro\u0161kova.<\/p>\n<p>Za\u0161titite svoje zdravlje i zdravlje svih nas.<\/p>\n<p>&nbsp;<\/p>\n","protected":false},"featured_media":5197,"parent":0,"template":"","meta":{"_acf_changed":false},"obavijesti_tax":[],"class_list":["post-7716","obavijest","type-obavijest","status-publish","has-post-thumbnail","hentry"],"acf":[],"_links":{"self":[{"href":"https:\/\/kastela.hr\/en\/wp-json\/wp\/v2\/obavijest\/7716","targetHints":{"allow":["GET"]}}],"collection":[{"href":"https:\/\/kastela.hr\/en\/wp-json\/wp\/v2\/obavijest"}],"about":[{"href":"https:\/\/kastela.hr\/en\/wp-json\/wp\/v2\/types\/obavijest"}],"wp:featuredmedia":[{"embeddable":true,"href":"https:\/\/kastela.hr\/en\/wp-json\/wp\/v2\/media\/5197"}],"wp:attachment":[{"href":"https:\/\/kastela.hr\/en\/wp-json\/wp\/v2\/media?parent=7716"}],"wp:term":[{"taxonomy":"obavijesti_tax","embeddable":true,"href":"https:\/\/kastela.hr\/en\/wp-json\/wp\/v2\/obavijesti_tax?post=7716"}],"curies":[{"name":"wp","href":"https:\/\/api.w.org\/{rel}","templated":true}]}}

Obavijest udrugama financiranim iz proračuna Grada Kaštela

<p>Grad Kaštela, Upravni odjel za društvene djelatnosti&nbsp;obavještava udruge financirane iz gradskog proračuna:</p>
<p>Imajući u vidu cijelu situaciju vezanu uz pojavu koronavirusa CROVID-19 i mjere koje poduzimaju nadležna tijela za suzbijanje njegova širenja, svjesni smo da ćete neke svoje aktivnosti morati odgoditi ili otkazati te da su upitni projekti za koje ste potpisali ugovore o financiranju iz proračuna Grada Kaštela.</p>
<p>Ovim putem želimo vas izvijestiti kako će Grad Kaštela uvažavati kašnjenja, prilagodbu i odgodu planiranih projektnih aktivnosti uzimajući u obzir specifičnost ugovorenih projekata (izravan rad s ranjivim skupinama, organiziranje javnih događanja na kojima se okuplja veliki broj ljudi, odlazak na studijske posjete i sl.).</p>
<p>Potrebno je procijeniti situaciju na temelju informacija nadležnih nacionalnih tijela te odgoditi i prilagoditi aktivnosti i događanja.</p>
<p>Jamčimo vam da će Grad Kaštela pri pregledu izvještaja primijeniti uvjete ugovora koji se odnose na višu silu gdje god je to moguće i opravdano prilikom odobravanja vaših troškova.</p>
<p>Zaštitite svoje zdravlje i zdravlje svih nas.</p>
<p>&nbsp;</p>
