{"id":7712,"date":"2020-04-22T06:58:00","date_gmt":"2020-04-22T04:58:00","guid":{"rendered":"https:\/\/kastela.hr\/en\/obavijest\/produzenje-javne-rasprave-o-studiji-o-utjecaju-na-okolis-cvora-na-drzavnoj-cesti-dc8-i-spojne-ceste-cvor-vucevica-na-autocesti-a1-cvor-na-drzavnoj-cesti-dc8\/"},"modified":"2020-04-22T06:58:00","modified_gmt":"2020-04-22T04:58:00","slug":"produzenje-javne-rasprave-o-studiji-o-utjecaju-na-okolis-cvora-na-drzavnoj-cesti-dc8-i-spojne-ceste-cvor-vucevica-na-autocesti-a1-cvor-na-drzavnoj-cesti-dc8","status":"publish","type":"obavijest","link":"https:\/\/kastela.hr\/en\/obavijest\/produzenje-javne-rasprave-o-studiji-o-utjecaju-na-okolis-cvora-na-drzavnoj-cesti-dc8-i-spojne-ceste-cvor-vucevica-na-autocesti-a1-cvor-na-drzavnoj-cesti-dc8\/","title":{"rendered":"Produ\u017eenje javne rasprave o Studiji o utjecaju na okoli\u0161 \u010dvora na dr\u017eavnoj cesti DC8 i spojne ceste \u010dvor Vu\u010devica na autocesti A1 \u2013 \u010dvor na dr\u017eavnoj cesti DC8"},"content":{"rendered":"<p>Splitsko &ndash; dalmatinska \u017eupanija ogla\u0161ava produ\u017eenje javne rasprave o Studiji o utjecaju na okoli\u0161 \u010dvora na dr\u017eavnoj cesti DC8 i spojne ceste \u010dvor Vu\u010devica na autocesti A1 &ndash; \u010dvor na dr\u017eavnoj cesti DC8.<\/p>\n<p>Javna rasprava produ\u017euje se do 23. svibnja 2020. godine.<\/p>\n<p>Za sve vrijeme trajanja produ\u017eene javne rasprave javnosti \u0107e na internetskim stranicama Ministarstva biti omogu\u0107en javni uvid u cjelovitu studiju i ne-tehni\u010dki sa\u017eetak Studije, dok \u0107e se uvid u po jednu cjelovitu Studiju i po jedan ne-tehni\u010dki sa\u017eetak Studije mo\u0107i izvr\u0161iti radnim danom u vremenu od 9 &ndash; 12 sati u slu\u017ebenim prostorijama Grada Ka\u0161tela, Bra\u0107e Radi\u0107a 1, Ka\u0161tel Su\u0107urac i Op\u0107ine Klis, Iza Grada 12, kad za to budu stvoreni uvjeti.<\/p>\n<p>Javno izlaganje u slu\u017ebenim prostorijama Grada Ka\u0161tela na kojem \u0107e biti predstavnici nositelja zahvata i ovla\u0161tenika te \u0107e neposredno davati odgovore i raspravljati o pitanjima koja \u0107e tom prilikom postavljati nazo\u010dna javnost i zainteresirana javnost odr\u017eat \u0107e se kad se za to stvore uvjeti.<\/p>\n<p>Mi\u0161ljenja, prijedlozi i primjedbe javnosti i zainteresirane javnosti mogu se upisati u knjige primjedbi na mjestu javnog uvida ili se u pisanom obliku mogu dostaviti do 23. svibnja 2020. godine Upravnom odjelu za za\u0161titu okoli\u0161a, komunalne poslove, infrastrukturu i investicije, Splitsko-dalmatinske \u017eupanije, Domovinskog rata 2, Split. Pisane primjedbe koje ne budu dostavljene u roku i nisu \u010ditko napisane, ne\u0107e se uzeti u obzir u pripremi izvije\u0161\u0107a s javne rasprave.<\/p>\n<p>Sve informacije o Studiji mo\u017eete pro\u010ditati u prilo\u017eenim dokumentima ili na linku Ministarstva za\u0161tite okoli\u0161a i energetike&nbsp;<a href=\"https:\/\/mzoe.gov.hr\/puo-spuo-4012\/puo-4014\/4014\">https:\/\/mzoe.gov.hr\/puo-spuo-4012\/puo-4014\/4014<\/a><\/p>\n<p>&nbsp;<\/p>\n","protected":false},"featured_media":7713,"parent":0,"template":"","meta":{"_acf_changed":false},"obavijesti_tax":[],"class_list":["post-7712","obavijest","type-obavijest","status-publish","has-post-thumbnail","hentry"],"acf":[],"_links":{"self":[{"href":"https:\/\/kastela.hr\/en\/wp-json\/wp\/v2\/obavijest\/7712","targetHints":{"allow":["GET"]}}],"collection":[{"href":"https:\/\/kastela.hr\/en\/wp-json\/wp\/v2\/obavijest"}],"about":[{"href":"https:\/\/kastela.hr\/en\/wp-json\/wp\/v2\/types\/obavijest"}],"wp:featuredmedia":[{"embeddable":true,"href":"https:\/\/kastela.hr\/en\/wp-json\/wp\/v2\/media\/7713"}],"wp:attachment":[{"href":"https:\/\/kastela.hr\/en\/wp-json\/wp\/v2\/media?parent=7712"}],"wp:term":[{"taxonomy":"obavijesti_tax","embeddable":true,"href":"https:\/\/kastela.hr\/en\/wp-json\/wp\/v2\/obavijesti_tax?post=7712"}],"curies":[{"name":"wp","href":"https:\/\/api.w.org\/{rel}","templated":true}]}}

Produženje javne rasprave o Studiji o utjecaju na okoliš čvora na državnoj cesti DC8 i spojne ceste čvor Vučevica na autocesti A1 – čvor na državnoj cesti DC8

<p>Splitsko &ndash; dalmatinska županija oglašava produženje javne rasprave o Studiji o utjecaju na okoliš čvora na državnoj cesti DC8 i spojne ceste čvor Vučevica na autocesti A1 &ndash; čvor na državnoj cesti DC8.</p>
<p>Javna rasprava produžuje se do 23. svibnja 2020. godine.</p>
<p>Za sve vrijeme trajanja produžene javne rasprave javnosti će na internetskim stranicama Ministarstva biti omogućen javni uvid u cjelovitu studiju i ne-tehnički sažetak Studije, dok će se uvid u po jednu cjelovitu Studiju i po jedan ne-tehnički sažetak Studije moći izvršiti radnim danom u vremenu od 9 &ndash; 12 sati u službenim prostorijama Grada Kaštela, Braće Radića 1, Kaštel Sućurac i Općine Klis, Iza Grada 12, kad za to budu stvoreni uvjeti.</p>
<p>Javno izlaganje u službenim prostorijama Grada Kaštela na kojem će biti predstavnici nositelja zahvata i ovlaštenika te će neposredno davati odgovore i raspravljati o pitanjima koja će tom prilikom postavljati nazočna javnost i zainteresirana javnost održat će se kad se za to stvore uvjeti.</p>
<p>Mišljenja, prijedlozi i primjedbe javnosti i zainteresirane javnosti mogu se upisati u knjige primjedbi na mjestu javnog uvida ili se u pisanom obliku mogu dostaviti do 23. svibnja 2020. godine Upravnom odjelu za zaštitu okoliša, komunalne poslove, infrastrukturu i investicije, Splitsko-dalmatinske županije, Domovinskog rata 2, Split. Pisane primjedbe koje ne budu dostavljene u roku i nisu čitko napisane, neće se uzeti u obzir u pripremi izviješća s javne rasprave.</p>
<p>Sve informacije o Studiji možete pročitati u priloženim dokumentima ili na linku Ministarstva zaštite okoliša i energetike&nbsp;<a href="https://mzoe.gov.hr/puo-spuo-4012/puo-4014/4014">https://mzoe.gov.hr/puo-spuo-4012/puo-4014/4014</a></p>
<p>&nbsp;</p>
