{"id":7707,"date":"2020-09-02T07:20:00","date_gmt":"2020-09-02T05:20:00","guid":{"rendered":"https:\/\/kastela.hr\/en\/obavijest\/obavijest-o-radu-gradske-uprave-za-vrijeme-pandemije\/"},"modified":"2020-09-02T07:20:00","modified_gmt":"2020-09-02T05:20:00","slug":"obavijest-o-radu-gradske-uprave-za-vrijeme-pandemije","status":"publish","type":"obavijest","link":"https:\/\/kastela.hr\/en\/obavijest\/obavijest-o-radu-gradske-uprave-za-vrijeme-pandemije\/","title":{"rendered":"Obavijest o radu Gradske uprave za vrijeme pandemije"},"content":{"rendered":"<p>Zbog trenutne epidemiolo\u0161ke situacije i sprje\u010davanja daljnjeg \u0161irenja zaraze koronavirusom COVID &ndash; 19, rad gradske uprave Grada Ka\u0161tela od 2. rujna 2020. godine organizira se na sljede\u0107i na\u010din:<\/p>\n<p>&#8211; rad sa strankama i drugim osobama obavlja se prioritetno telefonskim ili elektroni\u010dkim putem<\/p>\n<p>&#8211; ukoliko zahtjev stranke nije mogu\u0107e rije\u0161iti bez prisutnosti stranke osobno svaki dolazak stranke mora biti unaprijed dogovoren telefonskim ili elektroni\u010dkim putem s nadle\u017enim slu\u017ebenikom, koji dogovor portir provjerava sa slu\u017ebenikom prije dozvole ulaska stranci u prostore gradske uprave<\/p>\n<p>&#8211; stranke su obvezne dezinficirati ruke prilikom ulaska\/izlaska iz zgrade sredstvom za dezinfekciju ruku koje se nalazi na ulazu u zgradu<\/p>\n<p>&#8211; stranke su obvezne cijelo vrijeme dok su u prostorima zgrade nositi za\u0161titnu masku za lice i&nbsp; odr\u017eavati fizi\u010dku udaljenost od najmanje 2 metra<\/p>\n<p>&#8211;&nbsp; strankama se mora izmjeriti temperatura pri ulasku u zgradu, ako je tjelesna temperatura vi\u0161a od 37,2&deg;C istima se ne dopu\u0161ta ulaz u zgradu<\/p>\n<p>&nbsp;<\/p>\n<p>&nbsp;<\/p>\n","protected":false},"featured_media":7708,"parent":0,"template":"","meta":{"_acf_changed":false},"obavijesti_tax":[],"class_list":["post-7707","obavijest","type-obavijest","status-publish","has-post-thumbnail","hentry"],"acf":[],"_links":{"self":[{"href":"https:\/\/kastela.hr\/en\/wp-json\/wp\/v2\/obavijest\/7707","targetHints":{"allow":["GET"]}}],"collection":[{"href":"https:\/\/kastela.hr\/en\/wp-json\/wp\/v2\/obavijest"}],"about":[{"href":"https:\/\/kastela.hr\/en\/wp-json\/wp\/v2\/types\/obavijest"}],"wp:featuredmedia":[{"embeddable":true,"href":"https:\/\/kastela.hr\/en\/wp-json\/wp\/v2\/media\/7708"}],"wp:attachment":[{"href":"https:\/\/kastela.hr\/en\/wp-json\/wp\/v2\/media?parent=7707"}],"wp:term":[{"taxonomy":"obavijesti_tax","embeddable":true,"href":"https:\/\/kastela.hr\/en\/wp-json\/wp\/v2\/obavijesti_tax?post=7707"}],"curies":[{"name":"wp","href":"https:\/\/api.w.org\/{rel}","templated":true}]}}

<p>Zbog trenutne epidemiološke situacije i sprječavanja daljnjeg širenja zaraze koronavirusom COVID &ndash; 19, rad gradske uprave Grada Kaštela od 2. rujna 2020. godine organizira se na sljedeći način:</p>
<p>&#8211; rad sa strankama i drugim osobama obavlja se prioritetno telefonskim ili elektroničkim putem</p>
<p>&#8211; ukoliko zahtjev stranke nije moguće riješiti bez prisutnosti stranke osobno svaki dolazak stranke mora biti unaprijed dogovoren telefonskim ili elektroničkim putem s nadležnim službenikom, koji dogovor portir provjerava sa službenikom prije dozvole ulaska stranci u prostore gradske uprave</p>
<p>&#8211; stranke su obvezne dezinficirati ruke prilikom ulaska/izlaska iz zgrade sredstvom za dezinfekciju ruku koje se nalazi na ulazu u zgradu</p>
<p>&#8211; stranke su obvezne cijelo vrijeme dok su u prostorima zgrade nositi zaštitnu masku za lice i&nbsp; održavati fizičku udaljenost od najmanje 2 metra</p>
<p>&#8211;&nbsp; strankama se mora izmjeriti temperatura pri ulasku u zgradu, ako je tjelesna temperatura viša od 37,2&deg;C istima se ne dopušta ulaz u zgradu</p>
<p>&nbsp;</p>
<p>&nbsp;</p>
