{"id":7702,"date":"2020-11-27T07:10:00","date_gmt":"2020-11-27T06:10:00","guid":{"rendered":"https:\/\/kastela.hr\/en\/obavijest\/privremena-lista-kandidata-za-dodjelu-stipendija-grada-kastela-za-2020-2021\/"},"modified":"2020-11-27T07:10:00","modified_gmt":"2020-11-27T06:10:00","slug":"privremena-lista-kandidata-za-dodjelu-stipendija-grada-kastela-za-2020-2021","status":"publish","type":"obavijest","link":"https:\/\/kastela.hr\/en\/obavijest\/privremena-lista-kandidata-za-dodjelu-stipendija-grada-kastela-za-2020-2021\/","title":{"rendered":"Privremena lista kandidata za dodjelu stipendija Grada Ka\u0161tela za 2020.\/2021."},"content":{"rendered":"<p>Nakon razmatranja pristiglih prijava na natje\u010daj za dodjelu u\u010deni\u010dkih i studentskih stipendija za \u0161kolsku\/akademsku godinu 2020.\/2021., Povjerenstvo za dodjelu stipendija Grada Ka\u0161tela utvrdilo je privremenu listu kandidata koja se temelji na uspjehu i socijalnom statusu.<\/p>\n<p>Na temelju \u010dlanka 28. Stavak 3. Pravilnika o dodjeli u\u010deni\u010dkih i studentskih stipendija svaki kandidat mo\u017ee podnijeti pisani prigovor na listu u roku od osam dana od dana objavljivanja liste.<\/p>\n<p>Nakon dono\u0161enja odluke o prigovorima, utvrdit \u0107e se kona\u010dna lista dobitnika stipendija.<\/p>\n<p>&nbsp;<\/p>\n","protected":false},"featured_media":4684,"parent":0,"template":"","meta":{"_acf_changed":false},"obavijesti_tax":[],"class_list":["post-7702","obavijest","type-obavijest","status-publish","has-post-thumbnail","hentry"],"acf":[],"_links":{"self":[{"href":"https:\/\/kastela.hr\/en\/wp-json\/wp\/v2\/obavijest\/7702","targetHints":{"allow":["GET"]}}],"collection":[{"href":"https:\/\/kastela.hr\/en\/wp-json\/wp\/v2\/obavijest"}],"about":[{"href":"https:\/\/kastela.hr\/en\/wp-json\/wp\/v2\/types\/obavijest"}],"wp:featuredmedia":[{"embeddable":true,"href":"https:\/\/kastela.hr\/en\/wp-json\/wp\/v2\/media\/4684"}],"wp:attachment":[{"href":"https:\/\/kastela.hr\/en\/wp-json\/wp\/v2\/media?parent=7702"}],"wp:term":[{"taxonomy":"obavijesti_tax","embeddable":true,"href":"https:\/\/kastela.hr\/en\/wp-json\/wp\/v2\/obavijesti_tax?post=7702"}],"curies":[{"name":"wp","href":"https:\/\/api.w.org\/{rel}","templated":true}]}}

Privremena lista kandidata za dodjelu stipendija Grada Kaštela za 2020./2021.

<p>Nakon razmatranja pristiglih prijava na natječaj za dodjelu učeničkih i studentskih stipendija za školsku/akademsku godinu 2020./2021., Povjerenstvo za dodjelu stipendija Grada Kaštela utvrdilo je privremenu listu kandidata koja se temelji na uspjehu i socijalnom statusu.</p>
<p>Na temelju članka 28. Stavak 3. Pravilnika o dodjeli učeničkih i studentskih stipendija svaki kandidat može podnijeti pisani prigovor na listu u roku od osam dana od dana objavljivanja liste.</p>
<p>Nakon donošenja odluke o prigovorima, utvrdit će se konačna lista dobitnika stipendija.</p>
<p>&nbsp;</p>
