{"id":7701,"date":"2020-12-11T05:00:00","date_gmt":"2020-12-11T04:00:00","guid":{"rendered":"https:\/\/kastela.hr\/en\/obavijest\/objavljen-javni-poziv-za-isticanje-kandidatura-za-savjet-mladih-grada-kastela\/"},"modified":"2020-12-11T05:00:00","modified_gmt":"2020-12-11T04:00:00","slug":"objavljen-javni-poziv-za-isticanje-kandidatura-za-savjet-mladih-grada-kastela","status":"publish","type":"obavijest","link":"https:\/\/kastela.hr\/en\/obavijest\/objavljen-javni-poziv-za-isticanje-kandidatura-za-savjet-mladih-grada-kastela\/","title":{"rendered":"Objavljen Javni poziv za isticanje kandidatura za Savjet mladih Grada Ka\u0161tela"},"content":{"rendered":"<p>Gradsko vije\u0107e Grada Ka\u0161tela objavilo je 11. prosinca 2020.g. Javni poziv za isticanje kandidature za izbor \u010dlanova Savjeta mladih Grada Ka\u0161tela i njihovih zamjenika. Pozivaju se ovla\u0161teni predlagatelji: udruge koje su sukladno statutu ciljano i prema djelatnostima opredijeljene za rad s mladima i za mlade, u\u010deni\u010dka vije\u0107a, studentski zborovi, pomladci politi\u010dkih stranaka, sindikalnih ili strukovnih organizacija u Republici Hrvatskoj i neformalne skupine mladih.<\/p>\n<p>Kada je predlagatelj kandidature neformalna skupina mladih, ona mora biti skupina od najmanje 40 mladih s podru\u010dja Grada Ka\u0161tela. Ovla\u0161teni predlagatelji kandidatura du\u017eni su prilikom isticanja kandidatura za \u010dlanove Savjeta mladih predlo\u017eiti i zamjenika za svakog kandidata za \u010dlana Savjeta mladih. Za \u010dlanove Savjeta mladih i njihove zamjenike mogu biti kandidirane osobe s prebivali\u0161tem ili boravi\u0161tem na podru\u010dju grada Ka\u0161tela koji u trenutku podno\u0161enja kandidatura za \u010dlanstvo u Savjetu mladih imaju od navr\u0161enih 15 do navr\u0161enih 30 godina \u017eivota.<\/p>\n<p>Rok za podno\u0161enje prijedloga kandidature je 15 dana od dana objave Obavijesti u Slobodnoj Dalmaciji da je na slu\u017ebenoj mre\u017enoj stranici Grada Ka\u0161tela ww.kastela.hr objavljen Javni poziv za isticanje kandidature za izbor \u010dlanova Savjeta mladih Grada Ka\u0161tela i njihovih zamjenika.<\/p>\n<p>Javni poziv i obrasci za predlaganje kandidature potra\u017eite u prilo\u017eenim dokumentima ispod ovog teksta.<\/p>\n<p>&nbsp;<\/p>\n","protected":false},"featured_media":4669,"parent":0,"template":"","meta":{"_acf_changed":false},"obavijesti_tax":[],"class_list":["post-7701","obavijest","type-obavijest","status-publish","has-post-thumbnail","hentry"],"acf":[],"_links":{"self":[{"href":"https:\/\/kastela.hr\/en\/wp-json\/wp\/v2\/obavijest\/7701","targetHints":{"allow":["GET"]}}],"collection":[{"href":"https:\/\/kastela.hr\/en\/wp-json\/wp\/v2\/obavijest"}],"about":[{"href":"https:\/\/kastela.hr\/en\/wp-json\/wp\/v2\/types\/obavijest"}],"wp:featuredmedia":[{"embeddable":true,"href":"https:\/\/kastela.hr\/en\/wp-json\/wp\/v2\/media\/4669"}],"wp:attachment":[{"href":"https:\/\/kastela.hr\/en\/wp-json\/wp\/v2\/media?parent=7701"}],"wp:term":[{"taxonomy":"obavijesti_tax","embeddable":true,"href":"https:\/\/kastela.hr\/en\/wp-json\/wp\/v2\/obavijesti_tax?post=7701"}],"curies":[{"name":"wp","href":"https:\/\/api.w.org\/{rel}","templated":true}]}}

Objavljen Javni poziv za isticanje kandidatura za Savjet mladih Grada Kaštela

<p>Gradsko vijeće Grada Kaštela objavilo je 11. prosinca 2020.g. Javni poziv za isticanje kandidature za izbor članova Savjeta mladih Grada Kaštela i njihovih zamjenika. Pozivaju se ovlašteni predlagatelji: udruge koje su sukladno statutu ciljano i prema djelatnostima opredijeljene za rad s mladima i za mlade, učenička vijeća, studentski zborovi, pomladci političkih stranaka, sindikalnih ili strukovnih organizacija u Republici Hrvatskoj i neformalne skupine mladih.</p>
<p>Kada je predlagatelj kandidature neformalna skupina mladih, ona mora biti skupina od najmanje 40 mladih s područja Grada Kaštela. Ovlašteni predlagatelji kandidatura dužni su prilikom isticanja kandidatura za članove Savjeta mladih predložiti i zamjenika za svakog kandidata za člana Savjeta mladih. Za članove Savjeta mladih i njihove zamjenike mogu biti kandidirane osobe s prebivalištem ili boravištem na području grada Kaštela koji u trenutku podnošenja kandidatura za članstvo u Savjetu mladih imaju od navršenih 15 do navršenih 30 godina života.</p>
<p>Rok za podnošenje prijedloga kandidature je 15 dana od dana objave Obavijesti u Slobodnoj Dalmaciji da je na službenoj mrežnoj stranici Grada Kaštela ww.kastela.hr objavljen Javni poziv za isticanje kandidature za izbor članova Savjeta mladih Grada Kaštela i njihovih zamjenika.</p>
<p>Javni poziv i obrasci za predlaganje kandidature potražite u priloženim dokumentima ispod ovog teksta.</p>
<p>&nbsp;</p>
