{"id":7699,"date":"2020-12-29T06:07:00","date_gmt":"2020-12-29T05:07:00","guid":{"rendered":"https:\/\/kastela.hr\/en\/obavijest\/javni-poziv-za-financiranje-programa-i-projekata-iz-podrucja-socijalne-skrbi-zdravstvene-zastite-i-udruga-proisteklih-iz-domovinskog-rata-koji-su-od-javnog-interesa-za-grad-kastela-u-2021-godini\/"},"modified":"2020-12-29T06:07:00","modified_gmt":"2020-12-29T05:07:00","slug":"javni-poziv-za-financiranje-programa-i-projekata-iz-podrucja-socijalne-skrbi-zdravstvene-zastite-i-udruga-proisteklih-iz-domovinskog-rata-koji-su-od-javnog-interesa-za-grad-kastela-u-2021-godini","status":"publish","type":"obavijest","link":"https:\/\/kastela.hr\/en\/obavijest\/javni-poziv-za-financiranje-programa-i-projekata-iz-podrucja-socijalne-skrbi-zdravstvene-zastite-i-udruga-proisteklih-iz-domovinskog-rata-koji-su-od-javnog-interesa-za-grad-kastela-u-2021-godini\/","title":{"rendered":"Javni poziv za financiranje programa i projekata iz podru\u010dja socijalne skrbi, zdravstvene za\u0161tite i udruga proisteklih iz Domovinskog rata koji su od javnog interesa za Grad Ka\u0161tela u 2021. godini"},"content":{"rendered":"<p>Grad Ka\u0161tela objavljuje Javni poziv za financiranje programa i projekata iz podru\u010dja socijalne skrbi, zdravstvene za\u0161tite i udruga proisteklih iz Domovinskog rata koji su od javnog interesa za Grad Ka\u0161tela u 2021. godini.<\/p>\n<p>Predmet ovog Javnog poziva je prikupljanje prijava programa i projekata iz podru\u010dja socijalne skrbi i zdravstvene za\u0161tite te djelatnosti udruga proisteklih iz Domovinskog rata na podru\u010dju grada Ka\u0161tela u 2021. godini koji su od javnog interesa za Grad Ka\u0161tela.<\/p>\n<p>&nbsp;Grad \u0107e u 2021. godini dodatno sufinancirati provedbu programa\/projekata iz sljede\u0107ih podru\u010dja:<\/p>\n<p>1. Socijalna skrb<\/p>\n<p>2. Zdravstvena za\u0161tita i unapre\u0111enje zdravlja<\/p>\n<p>3. Socijalna i pravna za\u0161tita hrvatskih branitelja iz Domovinskog rata i \u010dlanova njihovih obitelji<\/p>\n<p>Javni poziv je otvoren od 29. prosinca 2020. do 29. sije\u010dnja 2021.<\/p>\n<p>Prijave koje nisu napisane ra\u010dunalom na odgovaraju\u0107em obrascu, potpisane od ovla\u0161tene osobe i dostavljene u tiskanom obliku u navedenom roku, kao i one kojima nedostaje neki od tra\u017eenih priloga (obrazaca)ne\u0107e se razmatrati.<\/p>\n<p>&nbsp;<\/p>\n","protected":false},"featured_media":4641,"parent":0,"template":"","meta":{"_acf_changed":false},"obavijesti_tax":[],"class_list":["post-7699","obavijest","type-obavijest","status-publish","has-post-thumbnail","hentry"],"acf":[],"_links":{"self":[{"href":"https:\/\/kastela.hr\/en\/wp-json\/wp\/v2\/obavijest\/7699","targetHints":{"allow":["GET"]}}],"collection":[{"href":"https:\/\/kastela.hr\/en\/wp-json\/wp\/v2\/obavijest"}],"about":[{"href":"https:\/\/kastela.hr\/en\/wp-json\/wp\/v2\/types\/obavijest"}],"wp:featuredmedia":[{"embeddable":true,"href":"https:\/\/kastela.hr\/en\/wp-json\/wp\/v2\/media\/4641"}],"wp:attachment":[{"href":"https:\/\/kastela.hr\/en\/wp-json\/wp\/v2\/media?parent=7699"}],"wp:term":[{"taxonomy":"obavijesti_tax","embeddable":true,"href":"https:\/\/kastela.hr\/en\/wp-json\/wp\/v2\/obavijesti_tax?post=7699"}],"curies":[{"name":"wp","href":"https:\/\/api.w.org\/{rel}","templated":true}]}}

Javni poziv za financiranje programa i projekata iz područja socijalne skrbi, zdravstvene zaštite i udruga proisteklih iz Domovinskog rata koji su od javnog interesa za Grad Kaštela u 2021. godini

<p>Grad Kaštela objavljuje Javni poziv za financiranje programa i projekata iz područja socijalne skrbi, zdravstvene zaštite i udruga proisteklih iz Domovinskog rata koji su od javnog interesa za Grad Kaštela u 2021. godini.</p>
<p>Predmet ovog Javnog poziva je prikupljanje prijava programa i projekata iz područja socijalne skrbi i zdravstvene zaštite te djelatnosti udruga proisteklih iz Domovinskog rata na području grada Kaštela u 2021. godini koji su od javnog interesa za Grad Kaštela.</p>
<p>&nbsp;Grad će u 2021. godini dodatno sufinancirati provedbu programa/projekata iz sljedećih područja:</p>
<p>1. Socijalna skrb</p>
<p>2. Zdravstvena zaštita i unapređenje zdravlja</p>
<p>3. Socijalna i pravna zaštita hrvatskih branitelja iz Domovinskog rata i članova njihovih obitelji</p>
<p>Javni poziv je otvoren od 29. prosinca 2020. do 29. siječnja 2021.</p>
<p>Prijave koje nisu napisane računalom na odgovarajućem obrascu, potpisane od ovlaštene osobe i dostavljene u tiskanom obliku u navedenom roku, kao i one kojima nedostaje neki od traženih priloga (obrazaca)neće se razmatrati.</p>
<p>&nbsp;</p>
