{"id":7696,"date":"2021-03-23T07:34:00","date_gmt":"2021-03-23T06:34:00","guid":{"rendered":"https:\/\/kastela.hr\/en\/obavijest\/predlozite-projekte-za-kastelansko-kulturno-ljeto-2021\/"},"modified":"2021-03-23T07:34:00","modified_gmt":"2021-03-23T06:34:00","slug":"predlozite-projekte-za-kastelansko-kulturno-ljeto-2021","status":"publish","type":"obavijest","link":"https:\/\/kastela.hr\/en\/obavijest\/predlozite-projekte-za-kastelansko-kulturno-ljeto-2021\/","title":{"rendered":"Predlo\u017eite projekte za Ka\u0161telansko kulturno ljeto 2021."},"content":{"rendered":"<p>Ukoliko to bude dozvoljavala epidemiolo\u0161ka situacija, Grad Ka\u0161tela \u0107e u&nbsp;srpnju i kolovozu 2021. godine organizirati Ka\u0161telansko kulturno ljeto. Kako bi osigurao kvalitetne glazbene, dramske, plesne, izlo\u017ebene i druge sadr\u017eaje u okviru kulturnog programa, koji su od javnog interesa za gra\u0111ane Ka\u0161tela te oboga\u0107uju turisti\u010dku ponudu, Grad Ka\u0161tela objavljuje Javni poziv za predlaganje projekata za Ka\u0161telansko kulturno ljeto 2021. i ovim putem poziva zainteresirane da dostave svoje prijedloge.<\/p>\n<p>Pravo podno\u0161enja prijava na ovaj Javni poziv imaju sve registrirane udruge gra\u0111ana, ustanove u kulturi, samostalni umjetnici, fizi\u010dke osobe, kulturno-umjetni\u010dke organizacije ili drugi predlagatelji, koji mogu jam\u010diti da \u0107e osigurati izvo\u0111enje predlo\u017eenog programa prema usvojenom rokovniku i pravilima struke, \u0161to \u0107e se utvrditi pojedina\u010dnim ugovorima.<\/p>\n<p>U cilju \u0161to bolje pripreme i same organizacije potrebno je da se prijedlozi svih doga\u0111anja za program Ka\u0161telanskog kulturnog ljeta dostave najkasnije do 23. travnja 2021. godine.<\/p>\n<p><strong>NAPOMENA: Rok prijave produ\u017een do 18. svibnja 2021.&nbsp;<\/strong><\/p>\n<p>Stru\u010dno vrednovanje podnesenih prijedloga programa provodi Kulturno vije\u0107e Grada Ka\u0161tela, a Upravni odjel za dru\u0161tvene djelatnosti i op\u0107e poslove utvr\u0111uje kona\u010dni prijedlog programa Ka\u0161telanskog kulturnog ljeta. Grad Ka\u0161tela \u0107e odabrati najkvalitetnije programe, kojima \u0107e pru\u017eiti podr\u0161ku u organizaciji i sufinanciranju u skladu s raspolo\u017eivim sredstvima u prora\u010dunu i donesenim programom.<\/p>\n<p>Prijave se podnose na odgovaraju\u0107em obrascu, \u0161to mo\u017eete preuzeti uz ovaj Poziv ili u Upravnom odjelu za dru\u0161tvene djelatnosti i op\u0107e poslove .<\/p>\n<p>Popunjene (putem ra\u010dunala) i potpisane obrasce dostaviti na adresu Grada Ka\u0161tela, Upravni odjel za dru\u0161tvene djelatnosti i op\u0107e poslove, Bra\u0107e Radi\u0107 1 Ka\u0161tel Su\u0107urac 21212.<\/p>\n<p>Ovaj je poziv objavljen na slu\u017ebenim stranicama Grada Ka\u0161tela (www.kastela.hr) i na oglasnoj plo\u010di Grada Ka\u0161tela, u prizemlju zgrade Grada u Ka\u0161tel Su\u0107urcu.<\/p>\n<p>&nbsp;<\/p>\n","protected":false},"featured_media":4475,"parent":0,"template":"","meta":{"_acf_changed":false},"obavijesti_tax":[],"class_list":["post-7696","obavijest","type-obavijest","status-publish","has-post-thumbnail","hentry"],"acf":[],"_links":{"self":[{"href":"https:\/\/kastela.hr\/en\/wp-json\/wp\/v2\/obavijest\/7696","targetHints":{"allow":["GET"]}}],"collection":[{"href":"https:\/\/kastela.hr\/en\/wp-json\/wp\/v2\/obavijest"}],"about":[{"href":"https:\/\/kastela.hr\/en\/wp-json\/wp\/v2\/types\/obavijest"}],"wp:featuredmedia":[{"embeddable":true,"href":"https:\/\/kastela.hr\/en\/wp-json\/wp\/v2\/media\/4475"}],"wp:attachment":[{"href":"https:\/\/kastela.hr\/en\/wp-json\/wp\/v2\/media?parent=7696"}],"wp:term":[{"taxonomy":"obavijesti_tax","embeddable":true,"href":"https:\/\/kastela.hr\/en\/wp-json\/wp\/v2\/obavijesti_tax?post=7696"}],"curies":[{"name":"wp","href":"https:\/\/api.w.org\/{rel}","templated":true}]}}

Predložite projekte za Kaštelansko kulturno ljeto 2021.

<p>Ukoliko to bude dozvoljavala epidemiološka situacija, Grad Kaštela će u&nbsp;srpnju i kolovozu 2021. godine organizirati Kaštelansko kulturno ljeto. Kako bi osigurao kvalitetne glazbene, dramske, plesne, izložbene i druge sadržaje u okviru kulturnog programa, koji su od javnog interesa za građane Kaštela te obogaćuju turističku ponudu, Grad Kaštela objavljuje Javni poziv za predlaganje projekata za Kaštelansko kulturno ljeto 2021. i ovim putem poziva zainteresirane da dostave svoje prijedloge.</p>
<p>Pravo podnošenja prijava na ovaj Javni poziv imaju sve registrirane udruge građana, ustanove u kulturi, samostalni umjetnici, fizičke osobe, kulturno-umjetničke organizacije ili drugi predlagatelji, koji mogu jamčiti da će osigurati izvođenje predloženog programa prema usvojenom rokovniku i pravilima struke, što će se utvrditi pojedinačnim ugovorima.</p>
<p>U cilju što bolje pripreme i same organizacije potrebno je da se prijedlozi svih događanja za program Kaštelanskog kulturnog ljeta dostave najkasnije do 23. travnja 2021. godine.</p>
<p><strong>NAPOMENA: Rok prijave produžen do 18. svibnja 2021.&nbsp;</strong></p>
<p>Stručno vrednovanje podnesenih prijedloga programa provodi Kulturno vijeće Grada Kaštela, a Upravni odjel za društvene djelatnosti i opće poslove utvrđuje konačni prijedlog programa Kaštelanskog kulturnog ljeta. Grad Kaštela će odabrati najkvalitetnije programe, kojima će pružiti podršku u organizaciji i sufinanciranju u skladu s raspoloživim sredstvima u proračunu i donesenim programom.</p>
<p>Prijave se podnose na odgovarajućem obrascu, što možete preuzeti uz ovaj Poziv ili u Upravnom odjelu za društvene djelatnosti i opće poslove .</p>
<p>Popunjene (putem računala) i potpisane obrasce dostaviti na adresu Grada Kaštela, Upravni odjel za društvene djelatnosti i opće poslove, Braće Radić 1 Kaštel Sućurac 21212.</p>
<p>Ovaj je poziv objavljen na službenim stranicama Grada Kaštela (www.kastela.hr) i na oglasnoj ploči Grada Kaštela, u prizemlju zgrade Grada u Kaštel Sućurcu.</p>
<p>&nbsp;</p>
