{"id":7690,"date":"2021-08-30T04:30:00","date_gmt":"2021-08-30T02:30:00","guid":{"rendered":"https:\/\/kastela.hr\/en\/obavijest\/obavijest-zbog-ucestalih-upita-gradana-o-radovima-na-aglomeraciji-kastela-trogir\/"},"modified":"2021-08-30T04:30:00","modified_gmt":"2021-08-30T02:30:00","slug":"obavijest-zbog-ucestalih-upita-gradana-o-radovima-na-aglomeraciji-kastela-trogir","status":"publish","type":"obavijest","link":"https:\/\/kastela.hr\/en\/obavijest\/obavijest-zbog-ucestalih-upita-gradana-o-radovima-na-aglomeraciji-kastela-trogir\/","title":{"rendered":"Obavijest zbog u\u010destalih upita gra\u0111ana o radovima na aglomeraciji Ka\u0161tela &#8211; Trogir"},"content":{"rendered":"<p>Gra\u0111ani Ka\u0161tela koji imaju bilo kakvih pitanja vezanih za projekt aglomeracije Ka\u0161tela &ndash; Trogir, mogu se obratiti Tehni\u010dkom koordinatoru JPP Aglomeracija Ka\u0161tela-Trogir svakog \u010detvrtka od 10 do 12 sati.<\/p>\n<p>U navedenim terminima dostupan je na adresi Ulica Bra\u0107e Radi\u0107 1, Ka\u0161tel Su\u0107urac u uredu koji je predan na kori\u0161tenje Vodovodu i kanalizaciji za potrebe projekta (zgrada gradske uprave, prizemlje &#8211; soba br. 6).<\/p>\n<p>Tehni\u010dkog koordinatora gra\u0111ani tako\u0111er mogu kontaktirati telefonski i putem e-maila:<\/p>\n<p>tel:&nbsp;&nbsp;&nbsp;&nbsp;&nbsp;&nbsp;&nbsp; +385 21 205&nbsp;220<\/p>\n<p>mob:&nbsp;&nbsp;&nbsp;&nbsp; +385 91 493 0070<\/p>\n<p>e-mail: <a href=\"mailto:info@vik-split.hr\">info@vik-split.hr<\/a><\/p>\n<p>&nbsp;<\/p>\n<p>&nbsp;<\/p>\n<p>&nbsp;<\/p>\n","protected":false},"featured_media":7691,"parent":0,"template":"","meta":{"_acf_changed":false},"obavijesti_tax":[],"class_list":["post-7690","obavijest","type-obavijest","status-publish","has-post-thumbnail","hentry"],"acf":[],"_links":{"self":[{"href":"https:\/\/kastela.hr\/en\/wp-json\/wp\/v2\/obavijest\/7690","targetHints":{"allow":["GET"]}}],"collection":[{"href":"https:\/\/kastela.hr\/en\/wp-json\/wp\/v2\/obavijest"}],"about":[{"href":"https:\/\/kastela.hr\/en\/wp-json\/wp\/v2\/types\/obavijest"}],"wp:featuredmedia":[{"embeddable":true,"href":"https:\/\/kastela.hr\/en\/wp-json\/wp\/v2\/media\/7691"}],"wp:attachment":[{"href":"https:\/\/kastela.hr\/en\/wp-json\/wp\/v2\/media?parent=7690"}],"wp:term":[{"taxonomy":"obavijesti_tax","embeddable":true,"href":"https:\/\/kastela.hr\/en\/wp-json\/wp\/v2\/obavijesti_tax?post=7690"}],"curies":[{"name":"wp","href":"https:\/\/api.w.org\/{rel}","templated":true}]}}

Obavijest zbog učestalih upita građana o radovima na aglomeraciji Kaštela &#8211; Trogir

<p>Građani Kaštela koji imaju bilo kakvih pitanja vezanih za projekt aglomeracije Kaštela &ndash; Trogir, mogu se obratiti Tehničkom koordinatoru JPP Aglomeracija Kaštela-Trogir svakog četvrtka od 10 do 12 sati.</p>
<p>U navedenim terminima dostupan je na adresi Ulica Braće Radić 1, Kaštel Sućurac u uredu koji je predan na korištenje Vodovodu i kanalizaciji za potrebe projekta (zgrada gradske uprave, prizemlje &#8211; soba br. 6).</p>
<p>Tehničkog koordinatora građani također mogu kontaktirati telefonski i putem e-maila:</p>
<p>tel:&nbsp;&nbsp;&nbsp;&nbsp;&nbsp;&nbsp;&nbsp; +385 21 205&nbsp;220</p>
<p>mob:&nbsp;&nbsp;&nbsp;&nbsp; +385 91 493 0070</p>
<p>e-mail: <a href="mailto:info@vik-split.hr">info@vik-split.hr</a></p>
<p>&nbsp;</p>
<p>&nbsp;</p>
<p>&nbsp;</p>
