{"id":7687,"date":"2021-07-16T09:07:00","date_gmt":"2021-07-16T07:07:00","guid":{"rendered":"https:\/\/kastela.hr\/en\/obavijest\/drzavni-zavod-za-statistiku-produzio-rok-prijava-za-popisivace\/"},"modified":"2021-07-16T09:07:00","modified_gmt":"2021-07-16T07:07:00","slug":"drzavni-zavod-za-statistiku-produzio-rok-prijava-za-popisivace","status":"publish","type":"obavijest","link":"https:\/\/kastela.hr\/en\/obavijest\/drzavni-zavod-za-statistiku-produzio-rok-prijava-za-popisivace\/","title":{"rendered":"Dr\u017eavni zavod za statistiku produ\u017eio rok prijava za popisiva\u010de"},"content":{"rendered":"<p>&nbsp;Dr\u017eavni zavod za statistiku produ\u017eio je rok za prijave za popisiva\u010de i kontrolore koji \u0107e sudjelovati u prvom digitalnom Popisu stanovni\u0161tva, ku\u0107anstava i stanova u Republici Hrvatskoj 2021. godine.<\/p>\n<p>Pozivaju sve zainteresirane kandidate za popisiva\u010de da na stranici Popisa www.popis2021.hr popune prijavu za popisiva\u010de <strong>do 18. srpnja 2021., <\/strong>odgovore na postavljena pitanja i sudjeluju u prvom digitalnom Popisu stanovni\u0161tva.<\/p>\n<p>Uvjeti za prijavu su: dr\u017eavljanstvo Republike Hrvatske s prebivali\u0161tem ili reguliranim boravi\u0161tem u Republici Hrvatskoj, navr\u0161enih 18 godina u trenutku popunjavanja prijave, zavr\u0161eno najmanje srednjo\u0161kolsko obrazovanje, poznavanje rada na ra\u010dunalu te valjana adresa elektroni\u010dke po\u0161te. Terenski Popis u kojem \u0107e sudjelovati popisiva\u010di provodit \u0107e se najesen od 27. rujna do 17. listopada ove godine.<\/p>\n<p>U prosjeku popisiva\u010d \u0107e mo\u0107i zaraditi oko 5.000,00 do 6.000,00 kuna, ovisno o broju zadu\u017eenih popisnih jedinica i broju samostalno popisanih ku\u0107anstava u prvoj fazi Popisa.<\/p>\n<p>Preporuka Sto\u017eera civilne za\u0161tite i epidemiologa za sve popisiva\u010de jest da se cijepe, \u0161to \u0107e uz pridr\u017eavanje epidemiolo\u0161kih mjera, cijeli proces u\u010diniti sigurnijim.<\/p>\n","protected":false},"featured_media":7688,"parent":0,"template":"","meta":{"_acf_changed":false},"obavijesti_tax":[],"class_list":["post-7687","obavijest","type-obavijest","status-publish","has-post-thumbnail","hentry"],"acf":[],"_links":{"self":[{"href":"https:\/\/kastela.hr\/en\/wp-json\/wp\/v2\/obavijest\/7687","targetHints":{"allow":["GET"]}}],"collection":[{"href":"https:\/\/kastela.hr\/en\/wp-json\/wp\/v2\/obavijest"}],"about":[{"href":"https:\/\/kastela.hr\/en\/wp-json\/wp\/v2\/types\/obavijest"}],"wp:featuredmedia":[{"embeddable":true,"href":"https:\/\/kastela.hr\/en\/wp-json\/wp\/v2\/media\/7688"}],"wp:attachment":[{"href":"https:\/\/kastela.hr\/en\/wp-json\/wp\/v2\/media?parent=7687"}],"wp:term":[{"taxonomy":"obavijesti_tax","embeddable":true,"href":"https:\/\/kastela.hr\/en\/wp-json\/wp\/v2\/obavijesti_tax?post=7687"}],"curies":[{"name":"wp","href":"https:\/\/api.w.org\/{rel}","templated":true}]}}

Državni zavod za statistiku produžio rok prijava za popisivače

<p>&nbsp;Državni zavod za statistiku produžio je rok za prijave za popisivače i kontrolore koji će sudjelovati u prvom digitalnom Popisu stanovništva, kućanstava i stanova u Republici Hrvatskoj 2021. godine.</p>
<p>Pozivaju sve zainteresirane kandidate za popisivače da na stranici Popisa www.popis2021.hr popune prijavu za popisivače <strong>do 18. srpnja 2021., </strong>odgovore na postavljena pitanja i sudjeluju u prvom digitalnom Popisu stanovništva.</p>
<p>Uvjeti za prijavu su: državljanstvo Republike Hrvatske s prebivalištem ili reguliranim boravištem u Republici Hrvatskoj, navršenih 18 godina u trenutku popunjavanja prijave, završeno najmanje srednjoškolsko obrazovanje, poznavanje rada na računalu te valjana adresa elektroničke pošte. Terenski Popis u kojem će sudjelovati popisivači provodit će se najesen od 27. rujna do 17. listopada ove godine.</p>
<p>U prosjeku popisivač će moći zaraditi oko 5.000,00 do 6.000,00 kuna, ovisno o broju zaduženih popisnih jedinica i broju samostalno popisanih kućanstava u prvoj fazi Popisa.</p>
<p>Preporuka Stožera civilne zaštite i epidemiologa za sve popisivače jest da se cijepe, što će uz pridržavanje epidemioloških mjera, cijeli proces učiniti sigurnijim.</p>
